{"id":3793,"date":"2024-04-08T07:59:30","date_gmt":"2024-04-08T07:59:30","guid":{"rendered":"https:\/\/cultura.aupex.org\/operarural\/?page_id=3793"},"modified":"2024-04-08T08:02:47","modified_gmt":"2024-04-08T08:02:47","slug":"mario-osorio_","status":"publish","type":"page","link":"https:\/\/cultura.aupex.org\/operarural\/la-traviata-de-giuseppe-verdi\/mario-osorio_\/","title":{"rendered":"Mario Osorio"},"content":{"rendered":"<style>.elementor-3793 .elementor-element.elementor-element-33752811 > .elementor-container{max-width:1190px;}.elementor-3793 .elementor-element.elementor-element-33752811:not(.elementor-motion-effects-element-type-background), .elementor-3793 .elementor-element.elementor-element-33752811 > .elementor-motion-effects-container > .elementor-motion-effects-layer{background-image:url(\"https:\/\/cultura.aupex.org\/operarural\/wp-content\/uploads\/2023\/03\/img-opera-03.jpg\");background-position:0px -581px;background-repeat:no-repeat;background-size:cover;}.elementor-3793 .elementor-element.elementor-element-33752811 > .elementor-background-overlay{background-color:transparent;background-image:linear-gradient(180deg, #6EC1E400 0%, #000000 100%);opacity:1;transition:background 0.3s, border-radius 0.3s, opacity 0.3s;}.elementor-3793 .elementor-element.elementor-element-33752811{transition:background 0.3s, border 0.3s, border-radius 0.3s, box-shadow 0.3s;margin-top:5%;margin-bottom:0%;padding:2% 0% 0% 0%;}.elementor-3793 .elementor-element.elementor-element-40f9befe{--spacer-size:151px;}.elementor-3793 .elementor-element.elementor-element-37e10214 > .elementor-container{max-width:1190px;}.elementor-3793 .elementor-element.elementor-element-37e10214:not(.elementor-motion-effects-element-type-background), .elementor-3793 .elementor-element.elementor-element-37e10214 > .elementor-motion-effects-container > .elementor-motion-effects-layer{background-color:transparent;background-image:linear-gradient(180deg, #1B1A17 0%, #1D0306 100%);}.elementor-3793 .elementor-element.elementor-element-37e10214{transition:background 0.3s, border 0.3s, border-radius 0.3s, box-shadow 0.3s;padding:0% 0% 0% 0%;}.elementor-3793 .elementor-element.elementor-element-37e10214 > .elementor-background-overlay{transition:background 0.3s, border-radius 0.3s, opacity 0.3s;}.elementor-3793 .elementor-element.elementor-element-707c529b > .elementor-container{max-width:1190px;}.elementor-3793 .elementor-element.elementor-element-707c529b{overflow:hidden;transition:background 0.3s, border 0.3s, border-radius 0.3s, box-shadow 0.3s;margin-top:-47px;margin-bottom:0px;padding:3% 0% 0% 0%;}.elementor-3793 .elementor-element.elementor-element-707c529b:not(.elementor-motion-effects-element-type-background), .elementor-3793 .elementor-element.elementor-element-707c529b > .elementor-motion-effects-container > .elementor-motion-effects-layer{background-color:#2B281C4D;}.elementor-3793 .elementor-element.elementor-element-707c529b > .elementor-background-overlay{transition:background 0.3s, border-radius 0.3s, opacity 0.3s;}.elementor-3793 .elementor-element.elementor-element-707c529b.elementor-section::before{content:\"\";width:100%;height:100%;position:absolute;left:0;top:0;-webkit-backdrop-filter:blur(7px);backdrop-filter:blur(7px);border-radius:inherit;background-color:inherit;}.elementor-bc-flex-widget .elementor-3793 .elementor-element.elementor-element-708e2660.elementor-column .elementor-widget-wrap{align-items:center;}.elementor-3793 .elementor-element.elementor-element-708e2660.elementor-column.elementor-element[data-element_type=\"column\"] > .elementor-widget-wrap.elementor-element-populated{align-content:center;align-items:center;}.elementor-3793 .elementor-element.elementor-element-62ca9fbe > .elementor-container > .elementor-column > .elementor-widget-wrap{align-content:flex-start;align-items:flex-start;}.elementor-3793 .elementor-element.elementor-element-62ca9fbe:not(.elementor-motion-effects-element-type-background), .elementor-3793 .elementor-element.elementor-element-62ca9fbe > .elementor-motion-effects-container > .elementor-motion-effects-layer{background-color:#232119;}.elementor-3793 .elementor-element.elementor-element-62ca9fbe{transition:background 0.3s, border 0.3s, border-radius 0.3s, box-shadow 0.3s;padding:0% 3% 3% 3%;}.elementor-3793 .elementor-element.elementor-element-62ca9fbe > .elementor-background-overlay{transition:background 0.3s, border-radius 0.3s, opacity 0.3s;}.elementor-3793 .elementor-element.elementor-element-194e28c6 > .elementor-element-populated{transition:background 0.3s, border 0.3s, border-radius 0.3s, box-shadow 0.3s;}.elementor-3793 .elementor-element.elementor-element-194e28c6 > .elementor-element-populated > .elementor-background-overlay{transition:background 0.3s, border-radius 0.3s, opacity 0.3s;}.elementor-3793 .elementor-element.elementor-element-d90f15d{--spacer-size:80px;}.elementor-widget-image .widget-image-caption{color:var( --e-global-color-text );font-family:var( --e-global-typography-text-font-family ), Sans-serif;font-weight:var( --e-global-typography-text-font-weight );}.elementor-3793 .elementor-element.elementor-element-4c7f5cbe{text-align:end;}.elementor-widget-heading .elementor-heading-title{font-family:var( --e-global-typography-primary-font-family ), Sans-serif;font-weight:var( --e-global-typography-primary-font-weight );color:var( --e-global-color-primary );}.elementor-3793 .elementor-element.elementor-element-5f7d19f8{text-align:start;}.elementor-3793 .elementor-element.elementor-element-5f7d19f8 .elementor-heading-title{color:#FFFFFF;}.elementor-3793 .elementor-element.elementor-element-5f7d19f8 > .elementor-widget-container{margin:0px 0px 0px 0px;}.elementor-widget-button .elementor-button{font-family:var( --e-global-typography-accent-font-family ), Sans-serif;font-weight:var( --e-global-typography-accent-font-weight );background-color:var( --e-global-color-accent );}.elementor-3793 .elementor-element.elementor-element-5d99daa0 .elementor-button{font-size:18px;font-weight:500;fill:#FFFFFF;color:#FFFFFF;background-color:#FFFFFF21;border-style:solid;border-width:0px 0px 0px 0px;padding:4px 10px 4px 10px;}.elementor-3793 .elementor-element.elementor-element-5d99daa0 > .elementor-widget-container{margin:0% 0% 0% 0%;padding:0% 0% 0% 0%;}.elementor-widget-text-editor{font-family:var( --e-global-typography-text-font-family ), Sans-serif;font-weight:var( --e-global-typography-text-font-weight );color:var( --e-global-color-text );}.elementor-widget-text-editor.elementor-drop-cap-view-stacked .elementor-drop-cap{background-color:var( --e-global-color-primary );}.elementor-widget-text-editor.elementor-drop-cap-view-framed .elementor-drop-cap, .elementor-widget-text-editor.elementor-drop-cap-view-default .elementor-drop-cap{color:var( --e-global-color-primary );border-color:var( --e-global-color-primary );}.elementor-3793 .elementor-element.elementor-element-bca8502{font-size:18px;font-weight:400;color:#C6C6C6;}.elementor-3793 .elementor-element.elementor-element-48dab177{font-size:18px;font-weight:400;color:#C6C6C6;}.elementor-3793 .elementor-element.elementor-element-527e9c3b{font-size:18px;font-weight:400;color:#C6C6C6;}.elementor-3793 .elementor-element.elementor-element-dadbcef{font-size:18px;font-weight:400;color:#C6C6C6;}.elementor-3793 .elementor-element.elementor-element-5377803{font-size:18px;font-weight:400;color:#C6C6C6;}.elementor-3793 .elementor-element.elementor-element-dba46e4{font-size:18px;font-weight:400;color:#C6C6C6;}:root{--page-title-display:none;}body.elementor-page-3793:not(.elementor-motion-effects-element-type-background), body.elementor-page-3793 > .elementor-motion-effects-container > .elementor-motion-effects-layer{background-color:transparent;background-image:linear-gradient(186deg, #020000 69%, #270408 100%);}@media(min-width:768px){.elementor-3793 .elementor-element.elementor-element-194e28c6{width:36.684%;}.elementor-3793 .elementor-element.elementor-element-25fea9d9{width:4.112%;}.elementor-3793 .elementor-element.elementor-element-522a4db6{width:58.838%;}}@media(max-width:1024px){.elementor-3793 .elementor-element.elementor-element-33752811:not(.elementor-motion-effects-element-type-background), .elementor-3793 .elementor-element.elementor-element-33752811 > .elementor-motion-effects-container > .elementor-motion-effects-layer{background-position:0px 0px;}.elementor-3793 .elementor-element.elementor-element-33752811{padding:350px 0px 60px 0px;}.elementor-3793 .elementor-element.elementor-element-37e10214{padding:0px 20px 80px 20px;}.elementor-3793 .elementor-element.elementor-element-707c529b{padding:40px 40px 40px 40px;}.elementor-3793 .elementor-element.elementor-element-708e2660 > .elementor-element-populated{margin:0px 0px 40px 0px;--e-column-margin-right:0px;--e-column-margin-left:0px;}}@media(max-width:767px){.elementor-3793 .elementor-element.elementor-element-33752811:not(.elementor-motion-effects-element-type-background), .elementor-3793 .elementor-element.elementor-element-33752811 > .elementor-motion-effects-container > .elementor-motion-effects-layer{background-position:0px 0px;}.elementor-3793 .elementor-element.elementor-element-33752811{padding:250px 0px 50px 0px;}.elementor-3793 .elementor-element.elementor-element-707c529b{padding:30px 30px 40px 30px;}.elementor-3793 .elementor-element.elementor-element-5f7d19f8 > .elementor-widget-container{margin:0px 0px 0px 0px;}}@media(max-width:1024px) and (min-width:768px){.elementor-3793 .elementor-element.elementor-element-708e2660{width:100%;}}@media(min-width:1025px){.elementor-3793 .elementor-element.elementor-element-33752811:not(.elementor-motion-effects-element-type-background), .elementor-3793 .elementor-element.elementor-element-33752811 > .elementor-motion-effects-container > .elementor-motion-effects-layer{background-attachment:fixed;}}<\/style>\t\t<div data-elementor-type=\"wp-page\" data-elementor-id=\"3793\" class=\"elementor elementor-3793\">\n\t\t\t\t\t\t<section class=\"elementor-section elementor-top-section elementor-element elementor-element-33752811 elementor-section-boxed elementor-section-height-default elementor-section-height-default\" data-id=\"33752811\" data-element_type=\"section\" data-e-type=\"section\" data-settings=\"{&quot;background_background&quot;:&quot;classic&quot;}\">\n\t\t\t\t\t\t\t<div class=\"elementor-background-overlay\"><\/div>\n\t\t\t\t\t\t\t<div class=\"elementor-container elementor-column-gap-no\">\n\t\t\t\t\t<div class=\"elementor-column elementor-col-100 elementor-top-column elementor-element elementor-element-e877a19\" data-id=\"e877a19\" data-element_type=\"column\" data-e-type=\"column\">\n\t\t\t<div class=\"elementor-widget-wrap elementor-element-populated\">\n\t\t\t\t\t\t<div class=\"elementor-element elementor-element-40f9befe elementor-widget elementor-widget-spacer\" data-id=\"40f9befe\" data-element_type=\"widget\" data-e-type=\"widget\" data-widget_type=\"spacer.default\">\n\t\t\t\t<div class=\"elementor-widget-container\">\n\t\t\t\t\t\t\t<div class=\"elementor-spacer\">\n\t\t\t<div class=\"elementor-spacer-inner\"><\/div>\n\t\t<\/div>\n\t\t\t\t\t\t<\/div>\n\t\t\t\t<\/div>\n\t\t\t\t\t<\/div>\n\t\t<\/div>\n\t\t\t\t\t<\/div>\n\t\t<\/section>\n\t\t\t\t<section class=\"elementor-section elementor-top-section elementor-element elementor-element-37e10214 elementor-section-boxed elementor-section-height-default elementor-section-height-default\" data-id=\"37e10214\" data-element_type=\"section\" data-e-type=\"section\" data-settings=\"{&quot;background_background&quot;:&quot;gradient&quot;}\">\n\t\t\t\t\t\t<div class=\"elementor-container elementor-column-gap-no\">\n\t\t\t\t\t<div class=\"elementor-column elementor-col-100 elementor-top-column elementor-element elementor-element-13d210c6\" data-id=\"13d210c6\" data-element_type=\"column\" data-e-type=\"column\">\n\t\t\t<div class=\"elementor-widget-wrap elementor-element-populated\">\n\t\t\t\t\t\t<section class=\"elementor-section elementor-inner-section elementor-element elementor-element-707c529b elementor-section-boxed elementor-section-height-default elementor-section-height-default\" data-id=\"707c529b\" data-element_type=\"section\" data-e-type=\"section\" data-settings=\"{&quot;background_background&quot;:&quot;classic&quot;}\">\n\t\t\t\t\t\t<div class=\"elementor-container elementor-column-gap-no\">\n\t\t\t\t\t<div class=\"elementor-column elementor-col-100 elementor-inner-column elementor-element elementor-element-708e2660\" data-id=\"708e2660\" data-element_type=\"column\" data-e-type=\"column\">\n\t\t\t<div class=\"elementor-widget-wrap\">\n\t\t\t\t\t\t\t<\/div>\n\t\t<\/div>\n\t\t\t\t\t<\/div>\n\t\t<\/section>\n\t\t\t\t<section class=\"elementor-section elementor-inner-section elementor-element elementor-element-62ca9fbe elementor-section-content-top elementor-section-boxed elementor-section-height-default elementor-section-height-default\" data-id=\"62ca9fbe\" data-element_type=\"section\" data-e-type=\"section\" data-settings=\"{&quot;background_background&quot;:&quot;classic&quot;}\">\n\t\t\t\t\t\t<div class=\"elementor-container elementor-column-gap-default\">\n\t\t\t\t\t<div class=\"elementor-column elementor-col-33 elementor-inner-column elementor-element elementor-element-194e28c6\" data-id=\"194e28c6\" data-element_type=\"column\" data-e-type=\"column\" data-settings=\"{&quot;background_background&quot;:&quot;classic&quot;}\">\n\t\t\t<div class=\"elementor-widget-wrap elementor-element-populated\">\n\t\t\t\t\t\t<div class=\"elementor-element elementor-element-d90f15d elementor-widget elementor-widget-spacer\" data-id=\"d90f15d\" data-element_type=\"widget\" data-e-type=\"widget\" data-widget_type=\"spacer.default\">\n\t\t\t\t<div class=\"elementor-widget-container\">\n\t\t\t\t\t\t\t<div class=\"elementor-spacer\">\n\t\t\t<div class=\"elementor-spacer-inner\"><\/div>\n\t\t<\/div>\n\t\t\t\t\t\t<\/div>\n\t\t\t\t<\/div>\n\t\t\t\t<div class=\"elementor-element elementor-element-4c7f5cbe elementor-widget elementor-widget-image\" data-id=\"4c7f5cbe\" data-element_type=\"widget\" data-e-type=\"widget\" data-widget_type=\"image.default\">\n\t\t\t\t<div class=\"elementor-widget-container\">\n\t\t\t\t\t\t\t\t\t\t\t\t\t\t\t<img fetchpriority=\"high\" decoding=\"async\" width=\"600\" height=\"650\" src=\"https:\/\/cultura.aupex.org\/operarural\/wp-content\/uploads\/2024\/04\/Mario-Osorio.jpg\" class=\"attachment-full size-full wp-image-3708\" alt=\"\" srcset=\"https:\/\/cultura.aupex.org\/operarural\/wp-content\/uploads\/2024\/04\/Mario-Osorio.jpg 600w, https:\/\/cultura.aupex.org\/operarural\/wp-content\/uploads\/2024\/04\/Mario-Osorio-277x300.jpg 277w\" sizes=\"(max-width: 600px) 100vw, 600px\" \/>\t\t\t\t\t\t\t\t\t\t\t\t\t\t\t<\/div>\n\t\t\t\t<\/div>\n\t\t\t\t\t<\/div>\n\t\t<\/div>\n\t\t\t\t<div class=\"elementor-column elementor-col-33 elementor-inner-column elementor-element elementor-element-25fea9d9\" data-id=\"25fea9d9\" data-element_type=\"column\" data-e-type=\"column\">\n\t\t\t<div class=\"elementor-widget-wrap\">\n\t\t\t\t\t\t\t<\/div>\n\t\t<\/div>\n\t\t\t\t<div class=\"elementor-column elementor-col-33 elementor-inner-column elementor-element elementor-element-522a4db6\" data-id=\"522a4db6\" data-element_type=\"column\" data-e-type=\"column\">\n\t\t\t<div class=\"elementor-widget-wrap elementor-element-populated\">\n\t\t\t\t\t\t<div class=\"elementor-element elementor-element-5f7d19f8 elementor-widget elementor-widget-heading\" data-id=\"5f7d19f8\" data-element_type=\"widget\" data-e-type=\"widget\" data-widget_type=\"heading.default\">\n\t\t\t\t<div class=\"elementor-widget-container\">\n\t\t\t\t\t<h1 class=\"elementor-heading-title elementor-size-default\">Mario Osorio<\/h1>\t\t\t\t<\/div>\n\t\t\t\t<\/div>\n\t\t\t\t<div class=\"elementor-element elementor-element-5d99daa0 elementor-widget elementor-widget-button\" data-id=\"5d99daa0\" data-element_type=\"widget\" data-e-type=\"widget\" data-widget_type=\"button.default\">\n\t\t\t\t<div class=\"elementor-widget-container\">\n\t\t\t\t\t\t\t\t\t<div class=\"elementor-button-wrapper\">\n\t\t\t\t\t<a class=\"elementor-button elementor-size-md\" role=\"button\">\n\t\t\t\t\t\t<span class=\"elementor-button-content-wrapper\">\n\t\t\t\t\t\t\t\t\t<span class=\"elementor-button-text\">Giuseppe<\/span>\n\t\t\t\t\t<\/span>\n\t\t\t\t\t<\/a>\n\t\t\t\t<\/div>\n\t\t\t\t\t\t\t\t<\/div>\n\t\t\t\t<\/div>\n\t\t\t\t<div class=\"elementor-element elementor-element-bca8502 elementor-widget elementor-widget-text-editor\" data-id=\"bca8502\" data-element_type=\"widget\" data-e-type=\"widget\" data-widget_type=\"text-editor.default\">\n\t\t\t\t<div class=\"elementor-widget-container\">\n\t\t\t\t\t\t\t\t\tComienza con estudios de piano en el conservatorio profesional de m\u00fasica de Badajoz, Juan V\u00e1zquez. \n\t\t\t\t\t\t\t\t<\/div>\n\t\t\t\t<\/div>\n\t\t\t\t<div class=\"elementor-element elementor-element-48dab177 elementor-widget elementor-widget-text-editor\" data-id=\"48dab177\" data-element_type=\"widget\" data-e-type=\"widget\" data-widget_type=\"text-editor.default\">\n\t\t\t\t<div class=\"elementor-widget-container\">\n\t\t\t\t\t\t\t\t\tHa recibido clases de la soprano Sara Garv\u00edn, la soprano Sandra Medeiros y el bar\u00edtono Armando Posante. Finaliza sus estudios en el conservatorio profesional de m\u00fasica en la especialidad de canto en 2020.\n \t\t\t\t\t\t\t\t<\/div>\n\t\t\t\t<\/div>\n\t\t\t\t<div class=\"elementor-element elementor-element-527e9c3b elementor-widget elementor-widget-text-editor\" data-id=\"527e9c3b\" data-element_type=\"widget\" data-e-type=\"widget\" data-widget_type=\"text-editor.default\">\n\t\t\t\t<div class=\"elementor-widget-container\">\n\t\t\t\t\t\t\t\t\tEs componente del coro Amadeus desde 2009. Desde entonces realiza una formaci\u00f3n continuada en t\u00e9cnica vocal, teor\u00eda musical y m\u00fasica coral. \n \t\t\t\t\t\t\t\t<\/div>\n\t\t\t\t<\/div>\n\t\t\t\t<div class=\"elementor-element elementor-element-dadbcef elementor-widget elementor-widget-text-editor\" data-id=\"dadbcef\" data-element_type=\"widget\" data-e-type=\"widget\" data-widget_type=\"text-editor.default\">\n\t\t\t\t<div class=\"elementor-widget-container\">\n\t\t\t\t\t\t\t\t\tAdem\u00e1s, ha participado en varios proyectos como tenor en agrupaciones como C\u00e1mara Antiqva o la Orquesta Barroca de Badajoz. \n\t\t\t\t\t\t\t\t<\/div>\n\t\t\t\t<\/div>\n\t\t\t\t<div class=\"elementor-element elementor-element-5377803 elementor-widget elementor-widget-text-editor\" data-id=\"5377803\" data-element_type=\"widget\" data-e-type=\"widget\" data-widget_type=\"text-editor.default\">\n\t\t\t\t<div class=\"elementor-widget-container\">\n\t\t\t\t\t\t\t\t\tRealiza proyectos musicales como cantante con la orquesta de Extremadura y en proyectos con la agrupaci\u00f3n Lux contempor\u00e1rea.\n\t\t\t\t\t\t\t\t<\/div>\n\t\t\t\t<\/div>\n\t\t\t\t<div class=\"elementor-element elementor-element-dba46e4 elementor-widget elementor-widget-text-editor\" data-id=\"dba46e4\" data-element_type=\"widget\" data-e-type=\"widget\" data-widget_type=\"text-editor.default\">\n\t\t\t\t<div class=\"elementor-widget-container\">\n\t\t\t\t\t\t\t\t\tActualmente es profesor de Biolog\u00eda en un instituto. \n\t\t\t\t\t\t\t\t<\/div>\n\t\t\t\t<\/div>\n\t\t\t\t\t<\/div>\n\t\t<\/div>\n\t\t\t\t\t<\/div>\n\t\t<\/section>\n\t\t\t\t\t<\/div>\n\t\t<\/div>\n\t\t\t\t\t<\/div>\n\t\t<\/section>\n\t\t\t\t<section class=\"elementor-section elementor-top-section elementor-element elementor-element-7966c565 elementor-section-boxed elementor-section-height-default elementor-section-height-default\" data-id=\"7966c565\" data-element_type=\"section\" data-e-type=\"section\">\n\t\t\t\t\t\t<div class=\"elementor-container elementor-column-gap-default\">\n\t\t\t\t\t<div class=\"elementor-column elementor-col-100 elementor-top-column elementor-element elementor-element-33810a00\" data-id=\"33810a00\" data-element_type=\"column\" data-e-type=\"column\">\n\t\t\t<div class=\"elementor-widget-wrap\">\n\t\t\t\t\t\t\t<\/div>\n\t\t<\/div>\n\t\t\t\t\t<\/div>\n\t\t<\/section>\n\t\t\t\t<\/div>\n\t\t","protected":false},"excerpt":{"rendered":"<p>Mario Osorio Giuseppe Comienza con estudios de piano en el conservatorio profesional de m\u00fasica de Badajoz, Juan V\u00e1zquez. Ha recibido clases de la soprano Sara Garv\u00edn, la soprano Sandra Medeiros y el bar\u00edtono Armando Posante. Finaliza sus estudios en el conservatorio profesional de m\u00fasica en la especialidad de canto en 2020. Es componente del coro [&hellip;]<\/p>\n","protected":false},"author":1,"featured_media":0,"parent":652,"menu_order":55,"comment_status":"closed","ping_status":"closed","template":"","meta":{"footnotes":""},"class_list":["post-3793","page","type-page","status-publish","hentry"],"_links":{"self":[{"href":"https:\/\/cultura.aupex.org\/operarural\/wp-json\/wp\/v2\/pages\/3793","targetHints":{"allow":["GET"]}}],"collection":[{"href":"https:\/\/cultura.aupex.org\/operarural\/wp-json\/wp\/v2\/pages"}],"about":[{"href":"https:\/\/cultura.aupex.org\/operarural\/wp-json\/wp\/v2\/types\/page"}],"author":[{"embeddable":true,"href":"https:\/\/cultura.aupex.org\/operarural\/wp-json\/wp\/v2\/users\/1"}],"replies":[{"embeddable":true,"href":"https:\/\/cultura.aupex.org\/operarural\/wp-json\/wp\/v2\/comments?post=3793"}],"version-history":[{"count":10,"href":"https:\/\/cultura.aupex.org\/operarural\/wp-json\/wp\/v2\/pages\/3793\/revisions"}],"predecessor-version":[{"id":3803,"href":"https:\/\/cultura.aupex.org\/operarural\/wp-json\/wp\/v2\/pages\/3793\/revisions\/3803"}],"up":[{"embeddable":true,"href":"https:\/\/cultura.aupex.org\/operarural\/wp-json\/wp\/v2\/pages\/652"}],"wp:attachment":[{"href":"https:\/\/cultura.aupex.org\/operarural\/wp-json\/wp\/v2\/media?parent=3793"}],"curies":[{"name":"wp","href":"https:\/\/api.w.org\/{rel}","templated":true}]}}