{"id":3755,"date":"2024-04-08T07:43:07","date_gmt":"2024-04-08T07:43:07","guid":{"rendered":"https:\/\/cultura.aupex.org\/operarural\/?page_id=3755"},"modified":"2024-04-08T07:45:15","modified_gmt":"2024-04-08T07:45:15","slug":"marcelo-solis","status":"publish","type":"page","link":"https:\/\/cultura.aupex.org\/operarural\/la-traviata-de-giuseppe-verdi\/marcelo-solis\/","title":{"rendered":"Marcelo Sol\u00eds"},"content":{"rendered":"<style>.elementor-3755 .elementor-element.elementor-element-731475b2 > .elementor-container{max-width:1190px;}.elementor-3755 .elementor-element.elementor-element-731475b2:not(.elementor-motion-effects-element-type-background), .elementor-3755 .elementor-element.elementor-element-731475b2 > .elementor-motion-effects-container > .elementor-motion-effects-layer{background-image:url(\"https:\/\/cultura.aupex.org\/operarural\/wp-content\/uploads\/2023\/03\/img-opera-03.jpg\");background-position:0px -581px;background-repeat:no-repeat;background-size:cover;}.elementor-3755 .elementor-element.elementor-element-731475b2 > .elementor-background-overlay{background-color:transparent;background-image:linear-gradient(180deg, #6EC1E400 0%, #000000 100%);opacity:1;transition:background 0.3s, border-radius 0.3s, opacity 0.3s;}.elementor-3755 .elementor-element.elementor-element-731475b2{transition:background 0.3s, border 0.3s, border-radius 0.3s, box-shadow 0.3s;margin-top:5%;margin-bottom:0%;padding:2% 0% 0% 0%;}.elementor-3755 .elementor-element.elementor-element-6a2a0b97{--spacer-size:151px;}.elementor-3755 .elementor-element.elementor-element-23ee911e > .elementor-container{max-width:1190px;}.elementor-3755 .elementor-element.elementor-element-23ee911e:not(.elementor-motion-effects-element-type-background), .elementor-3755 .elementor-element.elementor-element-23ee911e > .elementor-motion-effects-container > .elementor-motion-effects-layer{background-color:transparent;background-image:linear-gradient(180deg, #1B1A17 0%, #1D0306 100%);}.elementor-3755 .elementor-element.elementor-element-23ee911e{transition:background 0.3s, border 0.3s, border-radius 0.3s, box-shadow 0.3s;padding:0% 0% 0% 0%;}.elementor-3755 .elementor-element.elementor-element-23ee911e > .elementor-background-overlay{transition:background 0.3s, border-radius 0.3s, opacity 0.3s;}.elementor-3755 .elementor-element.elementor-element-52d10903 > .elementor-container{max-width:1190px;}.elementor-3755 .elementor-element.elementor-element-52d10903{overflow:hidden;transition:background 0.3s, border 0.3s, border-radius 0.3s, box-shadow 0.3s;margin-top:-47px;margin-bottom:0px;padding:3% 0% 0% 0%;}.elementor-3755 .elementor-element.elementor-element-52d10903:not(.elementor-motion-effects-element-type-background), .elementor-3755 .elementor-element.elementor-element-52d10903 > .elementor-motion-effects-container > .elementor-motion-effects-layer{background-color:#2B281C4D;}.elementor-3755 .elementor-element.elementor-element-52d10903 > .elementor-background-overlay{transition:background 0.3s, border-radius 0.3s, opacity 0.3s;}.elementor-3755 .elementor-element.elementor-element-52d10903.elementor-section::before{content:\"\";width:100%;height:100%;position:absolute;left:0;top:0;-webkit-backdrop-filter:blur(7px);backdrop-filter:blur(7px);border-radius:inherit;background-color:inherit;}.elementor-bc-flex-widget .elementor-3755 .elementor-element.elementor-element-61d1536c.elementor-column .elementor-widget-wrap{align-items:center;}.elementor-3755 .elementor-element.elementor-element-61d1536c.elementor-column.elementor-element[data-element_type=\"column\"] > .elementor-widget-wrap.elementor-element-populated{align-content:center;align-items:center;}.elementor-3755 .elementor-element.elementor-element-132e1ca3 > .elementor-container > .elementor-column > .elementor-widget-wrap{align-content:flex-start;align-items:flex-start;}.elementor-3755 .elementor-element.elementor-element-132e1ca3:not(.elementor-motion-effects-element-type-background), .elementor-3755 .elementor-element.elementor-element-132e1ca3 > .elementor-motion-effects-container > .elementor-motion-effects-layer{background-color:#232119;}.elementor-3755 .elementor-element.elementor-element-132e1ca3{transition:background 0.3s, border 0.3s, border-radius 0.3s, box-shadow 0.3s;padding:0% 3% 3% 3%;}.elementor-3755 .elementor-element.elementor-element-132e1ca3 > .elementor-background-overlay{transition:background 0.3s, border-radius 0.3s, opacity 0.3s;}.elementor-3755 .elementor-element.elementor-element-4429c9e > .elementor-element-populated{transition:background 0.3s, border 0.3s, border-radius 0.3s, box-shadow 0.3s;}.elementor-3755 .elementor-element.elementor-element-4429c9e > .elementor-element-populated > .elementor-background-overlay{transition:background 0.3s, border-radius 0.3s, opacity 0.3s;}.elementor-3755 .elementor-element.elementor-element-23ab9996{--spacer-size:80px;}.elementor-widget-image .widget-image-caption{color:var( --e-global-color-text );font-family:var( --e-global-typography-text-font-family ), Sans-serif;font-weight:var( --e-global-typography-text-font-weight );}.elementor-3755 .elementor-element.elementor-element-3b5de77{text-align:end;}.elementor-widget-heading .elementor-heading-title{font-family:var( --e-global-typography-primary-font-family ), Sans-serif;font-weight:var( --e-global-typography-primary-font-weight );color:var( --e-global-color-primary );}.elementor-3755 .elementor-element.elementor-element-27da784c{text-align:start;}.elementor-3755 .elementor-element.elementor-element-27da784c .elementor-heading-title{color:#FFFFFF;}.elementor-3755 .elementor-element.elementor-element-27da784c > .elementor-widget-container{margin:0px 0px 0px 0px;}.elementor-widget-button .elementor-button{font-family:var( --e-global-typography-accent-font-family ), Sans-serif;font-weight:var( --e-global-typography-accent-font-weight );background-color:var( --e-global-color-accent );}.elementor-3755 .elementor-element.elementor-element-31faad0b .elementor-button{font-size:18px;font-weight:500;fill:#FFFFFF;color:#FFFFFF;background-color:#FFFFFF21;border-style:solid;border-width:0px 0px 0px 0px;padding:4px 10px 4px 10px;}.elementor-3755 .elementor-element.elementor-element-31faad0b > .elementor-widget-container{margin:0% 0% 0% 0%;padding:0% 0% 0% 0%;}.elementor-widget-text-editor{font-family:var( --e-global-typography-text-font-family ), Sans-serif;font-weight:var( --e-global-typography-text-font-weight );color:var( --e-global-color-text );}.elementor-widget-text-editor.elementor-drop-cap-view-stacked .elementor-drop-cap{background-color:var( --e-global-color-primary );}.elementor-widget-text-editor.elementor-drop-cap-view-framed .elementor-drop-cap, .elementor-widget-text-editor.elementor-drop-cap-view-default .elementor-drop-cap{color:var( --e-global-color-primary );border-color:var( --e-global-color-primary );}.elementor-3755 .elementor-element.elementor-element-d06f7d0{font-size:18px;font-weight:400;color:#C6C6C6;}.elementor-3755 .elementor-element.elementor-element-863d7a0{font-size:18px;font-weight:400;color:#C6C6C6;}.elementor-3755 .elementor-element.elementor-element-0347e51{font-size:18px;font-weight:400;color:#C6C6C6;}.elementor-3755 .elementor-element.elementor-element-c7c4115{font-size:18px;font-weight:400;color:#C6C6C6;}.elementor-3755 .elementor-element.elementor-element-b130777{font-size:18px;font-weight:400;color:#C6C6C6;}.elementor-3755 .elementor-element.elementor-element-16e4561{font-size:18px;font-weight:400;color:#C6C6C6;}:root{--page-title-display:none;}body.elementor-page-3755:not(.elementor-motion-effects-element-type-background), body.elementor-page-3755 > .elementor-motion-effects-container > .elementor-motion-effects-layer{background-color:transparent;background-image:linear-gradient(186deg, #020000 69%, #270408 100%);}@media(min-width:768px){.elementor-3755 .elementor-element.elementor-element-4429c9e{width:36.684%;}.elementor-3755 .elementor-element.elementor-element-471ddef4{width:4.112%;}.elementor-3755 .elementor-element.elementor-element-387305c1{width:58.838%;}}@media(max-width:1024px){.elementor-3755 .elementor-element.elementor-element-731475b2:not(.elementor-motion-effects-element-type-background), .elementor-3755 .elementor-element.elementor-element-731475b2 > .elementor-motion-effects-container > .elementor-motion-effects-layer{background-position:0px 0px;}.elementor-3755 .elementor-element.elementor-element-731475b2{padding:350px 0px 60px 0px;}.elementor-3755 .elementor-element.elementor-element-23ee911e{padding:0px 20px 80px 20px;}.elementor-3755 .elementor-element.elementor-element-52d10903{padding:40px 40px 40px 40px;}.elementor-3755 .elementor-element.elementor-element-61d1536c > .elementor-element-populated{margin:0px 0px 40px 0px;--e-column-margin-right:0px;--e-column-margin-left:0px;}}@media(max-width:767px){.elementor-3755 .elementor-element.elementor-element-731475b2:not(.elementor-motion-effects-element-type-background), .elementor-3755 .elementor-element.elementor-element-731475b2 > .elementor-motion-effects-container > .elementor-motion-effects-layer{background-position:0px 0px;}.elementor-3755 .elementor-element.elementor-element-731475b2{padding:250px 0px 50px 0px;}.elementor-3755 .elementor-element.elementor-element-52d10903{padding:30px 30px 40px 30px;}.elementor-3755 .elementor-element.elementor-element-27da784c > .elementor-widget-container{margin:0px 0px 0px 0px;}}@media(max-width:1024px) and (min-width:768px){.elementor-3755 .elementor-element.elementor-element-61d1536c{width:100%;}}@media(min-width:1025px){.elementor-3755 .elementor-element.elementor-element-731475b2:not(.elementor-motion-effects-element-type-background), .elementor-3755 .elementor-element.elementor-element-731475b2 > .elementor-motion-effects-container > .elementor-motion-effects-layer{background-attachment:fixed;}}<\/style>\t\t<div data-elementor-type=\"wp-page\" data-elementor-id=\"3755\" class=\"elementor elementor-3755\">\n\t\t\t\t\t\t<section class=\"elementor-section elementor-top-section elementor-element elementor-element-731475b2 elementor-section-boxed elementor-section-height-default elementor-section-height-default\" data-id=\"731475b2\" data-element_type=\"section\" data-e-type=\"section\" data-settings=\"{&quot;background_background&quot;:&quot;classic&quot;}\">\n\t\t\t\t\t\t\t<div class=\"elementor-background-overlay\"><\/div>\n\t\t\t\t\t\t\t<div class=\"elementor-container elementor-column-gap-no\">\n\t\t\t\t\t<div class=\"elementor-column elementor-col-100 elementor-top-column elementor-element elementor-element-59a91f66\" data-id=\"59a91f66\" data-element_type=\"column\" data-e-type=\"column\">\n\t\t\t<div class=\"elementor-widget-wrap elementor-element-populated\">\n\t\t\t\t\t\t<div class=\"elementor-element elementor-element-6a2a0b97 elementor-widget elementor-widget-spacer\" data-id=\"6a2a0b97\" data-element_type=\"widget\" data-e-type=\"widget\" data-widget_type=\"spacer.default\">\n\t\t\t\t<div class=\"elementor-widget-container\">\n\t\t\t\t\t\t\t<div class=\"elementor-spacer\">\n\t\t\t<div class=\"elementor-spacer-inner\"><\/div>\n\t\t<\/div>\n\t\t\t\t\t\t<\/div>\n\t\t\t\t<\/div>\n\t\t\t\t\t<\/div>\n\t\t<\/div>\n\t\t\t\t\t<\/div>\n\t\t<\/section>\n\t\t\t\t<section class=\"elementor-section elementor-top-section elementor-element elementor-element-23ee911e elementor-section-boxed elementor-section-height-default elementor-section-height-default\" data-id=\"23ee911e\" data-element_type=\"section\" data-e-type=\"section\" data-settings=\"{&quot;background_background&quot;:&quot;gradient&quot;}\">\n\t\t\t\t\t\t<div class=\"elementor-container elementor-column-gap-no\">\n\t\t\t\t\t<div class=\"elementor-column elementor-col-100 elementor-top-column elementor-element elementor-element-37f178bc\" data-id=\"37f178bc\" data-element_type=\"column\" data-e-type=\"column\">\n\t\t\t<div class=\"elementor-widget-wrap elementor-element-populated\">\n\t\t\t\t\t\t<section class=\"elementor-section elementor-inner-section elementor-element elementor-element-52d10903 elementor-section-boxed elementor-section-height-default elementor-section-height-default\" data-id=\"52d10903\" data-element_type=\"section\" data-e-type=\"section\" data-settings=\"{&quot;background_background&quot;:&quot;classic&quot;}\">\n\t\t\t\t\t\t<div class=\"elementor-container elementor-column-gap-no\">\n\t\t\t\t\t<div class=\"elementor-column elementor-col-100 elementor-inner-column elementor-element elementor-element-61d1536c\" data-id=\"61d1536c\" data-element_type=\"column\" data-e-type=\"column\">\n\t\t\t<div class=\"elementor-widget-wrap\">\n\t\t\t\t\t\t\t<\/div>\n\t\t<\/div>\n\t\t\t\t\t<\/div>\n\t\t<\/section>\n\t\t\t\t<section class=\"elementor-section elementor-inner-section elementor-element elementor-element-132e1ca3 elementor-section-content-top elementor-section-boxed elementor-section-height-default elementor-section-height-default\" data-id=\"132e1ca3\" data-element_type=\"section\" data-e-type=\"section\" data-settings=\"{&quot;background_background&quot;:&quot;classic&quot;}\">\n\t\t\t\t\t\t<div class=\"elementor-container elementor-column-gap-default\">\n\t\t\t\t\t<div class=\"elementor-column elementor-col-33 elementor-inner-column elementor-element elementor-element-4429c9e\" data-id=\"4429c9e\" data-element_type=\"column\" data-e-type=\"column\" data-settings=\"{&quot;background_background&quot;:&quot;classic&quot;}\">\n\t\t\t<div class=\"elementor-widget-wrap elementor-element-populated\">\n\t\t\t\t\t\t<div class=\"elementor-element elementor-element-23ab9996 elementor-widget elementor-widget-spacer\" data-id=\"23ab9996\" data-element_type=\"widget\" data-e-type=\"widget\" data-widget_type=\"spacer.default\">\n\t\t\t\t<div class=\"elementor-widget-container\">\n\t\t\t\t\t\t\t<div class=\"elementor-spacer\">\n\t\t\t<div class=\"elementor-spacer-inner\"><\/div>\n\t\t<\/div>\n\t\t\t\t\t\t<\/div>\n\t\t\t\t<\/div>\n\t\t\t\t<div class=\"elementor-element elementor-element-3b5de77 elementor-widget elementor-widget-image\" data-id=\"3b5de77\" data-element_type=\"widget\" data-e-type=\"widget\" data-widget_type=\"image.default\">\n\t\t\t\t<div class=\"elementor-widget-container\">\n\t\t\t\t\t\t\t\t\t\t\t\t\t\t\t<img fetchpriority=\"high\" decoding=\"async\" width=\"600\" height=\"650\" src=\"https:\/\/cultura.aupex.org\/operarural\/wp-content\/uploads\/2024\/04\/img-marcelo-solis.jpg\" class=\"attachment-full size-full wp-image-3686\" alt=\"\" srcset=\"https:\/\/cultura.aupex.org\/operarural\/wp-content\/uploads\/2024\/04\/img-marcelo-solis.jpg 600w, https:\/\/cultura.aupex.org\/operarural\/wp-content\/uploads\/2024\/04\/img-marcelo-solis-277x300.jpg 277w\" sizes=\"(max-width: 600px) 100vw, 600px\" \/>\t\t\t\t\t\t\t\t\t\t\t\t\t\t\t<\/div>\n\t\t\t\t<\/div>\n\t\t\t\t\t<\/div>\n\t\t<\/div>\n\t\t\t\t<div class=\"elementor-column elementor-col-33 elementor-inner-column elementor-element elementor-element-471ddef4\" data-id=\"471ddef4\" data-element_type=\"column\" data-e-type=\"column\">\n\t\t\t<div class=\"elementor-widget-wrap\">\n\t\t\t\t\t\t\t<\/div>\n\t\t<\/div>\n\t\t\t\t<div class=\"elementor-column elementor-col-33 elementor-inner-column elementor-element elementor-element-387305c1\" data-id=\"387305c1\" data-element_type=\"column\" data-e-type=\"column\">\n\t\t\t<div class=\"elementor-widget-wrap elementor-element-populated\">\n\t\t\t\t\t\t<div class=\"elementor-element elementor-element-27da784c elementor-widget elementor-widget-heading\" data-id=\"27da784c\" data-element_type=\"widget\" data-e-type=\"widget\" data-widget_type=\"heading.default\">\n\t\t\t\t<div class=\"elementor-widget-container\">\n\t\t\t\t\t<h1 class=\"elementor-heading-title elementor-size-default\">Marcelo Sol\u00eds<\/h1>\t\t\t\t<\/div>\n\t\t\t\t<\/div>\n\t\t\t\t<div class=\"elementor-element elementor-element-31faad0b elementor-widget elementor-widget-button\" data-id=\"31faad0b\" data-element_type=\"widget\" data-e-type=\"widget\" data-widget_type=\"button.default\">\n\t\t\t\t<div class=\"elementor-widget-container\">\n\t\t\t\t\t\t\t\t\t<div class=\"elementor-button-wrapper\">\n\t\t\t\t\t<a class=\"elementor-button elementor-size-md\" role=\"button\">\n\t\t\t\t\t\t<span class=\"elementor-button-content-wrapper\">\n\t\t\t\t\t\t\t\t\t<span class=\"elementor-button-text\">Dottor Grenvil<\/span>\n\t\t\t\t\t<\/span>\n\t\t\t\t\t<\/a>\n\t\t\t\t<\/div>\n\t\t\t\t\t\t\t\t<\/div>\n\t\t\t\t<\/div>\n\t\t\t\t<div class=\"elementor-element elementor-element-d06f7d0 elementor-widget elementor-widget-text-editor\" data-id=\"d06f7d0\" data-element_type=\"widget\" data-e-type=\"widget\" data-widget_type=\"text-editor.default\">\n\t\t\t\t<div class=\"elementor-widget-container\">\n\t\t\t\t\t\t\t\t\tEl bar\u00edtono natural de Ronda (M\u00e1laga) completa su formaci\u00f3n l\u00edrica con el grado en Musicolog\u00eda y el Grado Profesional de saxof\u00f3n. Comienza su formaci\u00f3n vocal en Granada, posteriormente en Madrid realiza estudios superiores en la Escuela Superior de canto de Madrid y ha formado parte del Centre de Perfeccionament del Palau de les Arts en Valencia. Ha trabajado con cantantes y profesionales de la voz como Carlos Chausson, Carlos \u00c1lvarez, Santos Ari\u00f1o, Hector Eliel, Mariola Cantarero o Carlos Aransay entre otros. \t\t\t\t\t\t\t\t<\/div>\n\t\t\t\t<\/div>\n\t\t\t\t<div class=\"elementor-element elementor-element-863d7a0 elementor-widget elementor-widget-text-editor\" data-id=\"863d7a0\" data-element_type=\"widget\" data-e-type=\"widget\" data-widget_type=\"text-editor.default\">\n\t\t\t\t<div class=\"elementor-widget-container\">\n\t\t\t\t\t\t\t\t\tHa debutado en los papeles de Conte D&#8217;Almaviva (Le nozze di Figaro, Mozart), Belcore (L&#8217;Elisir d&#8217;amore, Donizetti), Lindorff, Coppelius, Dr. Mirakle y Crespel (Les Contes d&#8217;Hoffmann, Offenbach), Don Diego (Don Gil de Alcal\u00e1, Penella), Domestico (Macbeth, Verdi), Momo (Acis y Galatea, Literes), Colas (Bastien und Bastienne, Mozart), Berto (Un avvertimento ai Gelosi, Garc\u00eda), Don Fabrizio (Il tutore burlato, Garc\u00eda), bar\u00edtono solista (Carmina Burana, Orff), Ghiringhello (Il Buontempone, Barbieri) y Gilgamesh (Gilgamesh, Heliel M\u00e1rquez), estos dos \u00faltimos como estrenos mundiales.\t\t\t\t\t\t\t\t<\/div>\n\t\t\t\t<\/div>\n\t\t\t\t<div class=\"elementor-element elementor-element-0347e51 elementor-widget elementor-widget-text-editor\" data-id=\"0347e51\" data-element_type=\"widget\" data-e-type=\"widget\" data-widget_type=\"text-editor.default\">\n\t\t\t\t<div class=\"elementor-widget-container\">\n\t\t\t\t\t\t\t\t\tHa actuado en teatros de \u00f3pera, auditorios y salas de conciertos de toda Espa\u00f1a, destacando entre ellos el Auditorio Nacional de M\u00fasica, el Teatro Monumental de Madrid, el Palau de les Arts de Valencia, el Auditorio Manuel de Falla en Granada, o el teatro de la fundaci\u00f3n Juan March en Madrid. \t\t\t\t\t\t\t\t<\/div>\n\t\t\t\t<\/div>\n\t\t\t\t<div class=\"elementor-element elementor-element-c7c4115 elementor-widget elementor-widget-text-editor\" data-id=\"c7c4115\" data-element_type=\"widget\" data-e-type=\"widget\" data-widget_type=\"text-editor.default\">\n\t\t\t\t<div class=\"elementor-widget-container\">\n\t\t\t\t\t\t\t\t\tHa trabajado con directores como Michele Mariotti, Juanjo Mena, Pablo Heras Casado, Pablo Gonz\u00e1lez, Crist\u00f3bal Soler, Lluis Vilamaj\u00f3 o Rub\u00e9n Fern\u00e1ndez Aguirre entre otros. \n\t\t\t\t\t\t\t\t<\/div>\n\t\t\t\t<\/div>\n\t\t\t\t<div class=\"elementor-element elementor-element-b130777 elementor-widget elementor-widget-text-editor\" data-id=\"b130777\" data-element_type=\"widget\" data-e-type=\"widget\" data-widget_type=\"text-editor.default\">\n\t\t\t\t<div class=\"elementor-widget-container\">\n\t\t\t\t\t\t\t\t\tDurante esta \u00faltima temporada como miembro del Centre de Perfeccionament en Valencia debut\u00f3 Le Baron de Pictordu en la opereta Cendrillon de Pauline Viardot y obtuvo un premio especial en la VI edici\u00f3n del concurso internacional de canto \u201cMart\u00edn i Soler\u201d en Valencia. \n\t\t\t\t\t\t\t\t<\/div>\n\t\t\t\t<\/div>\n\t\t\t\t<div class=\"elementor-element elementor-element-16e4561 elementor-widget elementor-widget-text-editor\" data-id=\"16e4561\" data-element_type=\"widget\" data-e-type=\"widget\" data-widget_type=\"text-editor.default\">\n\t\t\t\t<div class=\"elementor-widget-container\">\n\t\t\t\t\t\t\t\t\tDurante esta temporada adem\u00e1s de ganar premios en los concursos \u201cCiudad de Albacete\u201d y \u201cCompostela L\u00edrica\u201d, vuelve a Les Arts en dos ocasiones: para la gira por la Comunidad Valenciana de Cendrillon y para la zarzuela Pan y Toros, y debutar\u00e1 en el Teatro de la Zarzuela con El a\u00f1o pasado por agua.\n\t\t\t\t\t\t\t\t<\/div>\n\t\t\t\t<\/div>\n\t\t\t\t\t<\/div>\n\t\t<\/div>\n\t\t\t\t\t<\/div>\n\t\t<\/section>\n\t\t\t\t\t<\/div>\n\t\t<\/div>\n\t\t\t\t\t<\/div>\n\t\t<\/section>\n\t\t\t\t<section class=\"elementor-section elementor-top-section elementor-element elementor-element-4d7da389 elementor-section-boxed elementor-section-height-default elementor-section-height-default\" data-id=\"4d7da389\" data-element_type=\"section\" data-e-type=\"section\">\n\t\t\t\t\t\t<div class=\"elementor-container elementor-column-gap-default\">\n\t\t\t\t\t<div class=\"elementor-column elementor-col-100 elementor-top-column elementor-element elementor-element-39d6a0da\" data-id=\"39d6a0da\" data-element_type=\"column\" data-e-type=\"column\">\n\t\t\t<div class=\"elementor-widget-wrap\">\n\t\t\t\t\t\t\t<\/div>\n\t\t<\/div>\n\t\t\t\t\t<\/div>\n\t\t<\/section>\n\t\t\t\t<\/div>\n\t\t","protected":false},"excerpt":{"rendered":"<p>Marcelo Sol\u00eds Dottor Grenvil El bar\u00edtono natural de Ronda (M\u00e1laga) completa su formaci\u00f3n l\u00edrica con el grado en Musicolog\u00eda y el Grado Profesional de saxof\u00f3n. Comienza su formaci\u00f3n vocal en Granada, posteriormente en Madrid realiza estudios superiores en la Escuela Superior de canto de Madrid y ha formado parte del Centre de Perfeccionament del Palau [&hellip;]<\/p>\n","protected":false},"author":1,"featured_media":0,"parent":652,"menu_order":0,"comment_status":"closed","ping_status":"closed","template":"","meta":{"footnotes":""},"class_list":["post-3755","page","type-page","status-publish","hentry"],"_links":{"self":[{"href":"https:\/\/cultura.aupex.org\/operarural\/wp-json\/wp\/v2\/pages\/3755","targetHints":{"allow":["GET"]}}],"collection":[{"href":"https:\/\/cultura.aupex.org\/operarural\/wp-json\/wp\/v2\/pages"}],"about":[{"href":"https:\/\/cultura.aupex.org\/operarural\/wp-json\/wp\/v2\/types\/page"}],"author":[{"embeddable":true,"href":"https:\/\/cultura.aupex.org\/operarural\/wp-json\/wp\/v2\/users\/1"}],"replies":[{"embeddable":true,"href":"https:\/\/cultura.aupex.org\/operarural\/wp-json\/wp\/v2\/comments?post=3755"}],"version-history":[{"count":8,"href":"https:\/\/cultura.aupex.org\/operarural\/wp-json\/wp\/v2\/pages\/3755\/revisions"}],"predecessor-version":[{"id":3763,"href":"https:\/\/cultura.aupex.org\/operarural\/wp-json\/wp\/v2\/pages\/3755\/revisions\/3763"}],"up":[{"embeddable":true,"href":"https:\/\/cultura.aupex.org\/operarural\/wp-json\/wp\/v2\/pages\/652"}],"wp:attachment":[{"href":"https:\/\/cultura.aupex.org\/operarural\/wp-json\/wp\/v2\/media?parent=3755"}],"curies":[{"name":"wp","href":"https:\/\/api.w.org\/{rel}","templated":true}]}}