{"id":3727,"date":"2024-04-08T07:28:21","date_gmt":"2024-04-08T07:28:21","guid":{"rendered":"https:\/\/cultura.aupex.org\/operarural\/?page_id=3727"},"modified":"2024-04-08T07:35:14","modified_gmt":"2024-04-08T07:35:14","slug":"alejandro-sanchez_","status":"publish","type":"page","link":"https:\/\/cultura.aupex.org\/operarural\/la-traviata-de-giuseppe-verdi\/alejandro-sanchez_\/","title":{"rendered":"Alejandro S\u00e1nchez"},"content":{"rendered":"\t\t<div data-elementor-type=\"wp-page\" data-elementor-id=\"3727\" class=\"elementor elementor-3727\">\n\t\t\t\t\t\t<section class=\"elementor-section elementor-top-section elementor-element elementor-element-2e201efd elementor-section-boxed elementor-section-height-default elementor-section-height-default\" data-id=\"2e201efd\" data-element_type=\"section\" data-e-type=\"section\" data-settings=\"{&quot;background_background&quot;:&quot;classic&quot;}\">\n\t\t\t\t\t\t\t<div class=\"elementor-background-overlay\"><\/div>\n\t\t\t\t\t\t\t<div class=\"elementor-container elementor-column-gap-no\">\n\t\t\t\t\t<div class=\"elementor-column elementor-col-100 elementor-top-column elementor-element elementor-element-3534d289\" data-id=\"3534d289\" data-element_type=\"column\" data-e-type=\"column\">\n\t\t\t<div class=\"elementor-widget-wrap elementor-element-populated\">\n\t\t\t\t\t\t<div class=\"elementor-element elementor-element-2acaf553 elementor-widget elementor-widget-spacer\" data-id=\"2acaf553\" data-element_type=\"widget\" data-e-type=\"widget\" data-widget_type=\"spacer.default\">\n\t\t\t\t<div class=\"elementor-widget-container\">\n\t\t\t\t\t\t\t<div class=\"elementor-spacer\">\n\t\t\t<div class=\"elementor-spacer-inner\"><\/div>\n\t\t<\/div>\n\t\t\t\t\t\t<\/div>\n\t\t\t\t<\/div>\n\t\t\t\t\t<\/div>\n\t\t<\/div>\n\t\t\t\t\t<\/div>\n\t\t<\/section>\n\t\t\t\t<section class=\"elementor-section elementor-top-section elementor-element elementor-element-55696de2 elementor-section-boxed elementor-section-height-default elementor-section-height-default\" data-id=\"55696de2\" data-element_type=\"section\" data-e-type=\"section\" data-settings=\"{&quot;background_background&quot;:&quot;gradient&quot;}\">\n\t\t\t\t\t\t<div class=\"elementor-container elementor-column-gap-no\">\n\t\t\t\t\t<div class=\"elementor-column elementor-col-100 elementor-top-column elementor-element elementor-element-569e6a7c\" data-id=\"569e6a7c\" data-element_type=\"column\" data-e-type=\"column\">\n\t\t\t<div class=\"elementor-widget-wrap elementor-element-populated\">\n\t\t\t\t\t\t<section class=\"elementor-section elementor-inner-section elementor-element elementor-element-474e8a5e elementor-section-boxed elementor-section-height-default elementor-section-height-default\" data-id=\"474e8a5e\" data-element_type=\"section\" data-e-type=\"section\" data-settings=\"{&quot;background_background&quot;:&quot;classic&quot;}\">\n\t\t\t\t\t\t<div class=\"elementor-container elementor-column-gap-no\">\n\t\t\t\t\t<div class=\"elementor-column elementor-col-100 elementor-inner-column elementor-element elementor-element-2841aff4\" data-id=\"2841aff4\" data-element_type=\"column\" data-e-type=\"column\">\n\t\t\t<div class=\"elementor-widget-wrap\">\n\t\t\t\t\t\t\t<\/div>\n\t\t<\/div>\n\t\t\t\t\t<\/div>\n\t\t<\/section>\n\t\t\t\t<section class=\"elementor-section elementor-inner-section elementor-element elementor-element-38af78cb elementor-section-content-top elementor-section-boxed elementor-section-height-default elementor-section-height-default\" data-id=\"38af78cb\" data-element_type=\"section\" data-e-type=\"section\" data-settings=\"{&quot;background_background&quot;:&quot;classic&quot;}\">\n\t\t\t\t\t\t<div class=\"elementor-container elementor-column-gap-default\">\n\t\t\t\t\t<div class=\"elementor-column elementor-col-33 elementor-inner-column elementor-element elementor-element-530a0f0e\" data-id=\"530a0f0e\" data-element_type=\"column\" data-e-type=\"column\" data-settings=\"{&quot;background_background&quot;:&quot;classic&quot;}\">\n\t\t\t<div class=\"elementor-widget-wrap elementor-element-populated\">\n\t\t\t\t\t\t<div class=\"elementor-element elementor-element-631bd694 elementor-widget elementor-widget-spacer\" data-id=\"631bd694\" data-element_type=\"widget\" data-e-type=\"widget\" data-widget_type=\"spacer.default\">\n\t\t\t\t<div class=\"elementor-widget-container\">\n\t\t\t\t\t\t\t<div class=\"elementor-spacer\">\n\t\t\t<div class=\"elementor-spacer-inner\"><\/div>\n\t\t<\/div>\n\t\t\t\t\t\t<\/div>\n\t\t\t\t<\/div>\n\t\t\t\t<div class=\"elementor-element elementor-element-3b5de77 elementor-widget elementor-widget-image\" data-id=\"3b5de77\" data-element_type=\"widget\" data-e-type=\"widget\" data-widget_type=\"image.default\">\n\t\t\t\t<div class=\"elementor-widget-container\">\n\t\t\t\t\t\t\t\t\t\t\t\t\t\t\t<img fetchpriority=\"high\" decoding=\"async\" width=\"600\" height=\"650\" src=\"https:\/\/cultura.aupex.org\/operarural\/wp-content\/uploads\/2024\/04\/alejandro-sanchez.jpg\" class=\"attachment-full size-full wp-image-3697\" alt=\"\" srcset=\"https:\/\/cultura.aupex.org\/operarural\/wp-content\/uploads\/2024\/04\/alejandro-sanchez.jpg 600w, https:\/\/cultura.aupex.org\/operarural\/wp-content\/uploads\/2024\/04\/alejandro-sanchez-277x300.jpg 277w\" sizes=\"(max-width: 600px) 100vw, 600px\" \/>\t\t\t\t\t\t\t\t\t\t\t\t\t\t\t<\/div>\n\t\t\t\t<\/div>\n\t\t\t\t\t<\/div>\n\t\t<\/div>\n\t\t\t\t<div class=\"elementor-column elementor-col-33 elementor-inner-column elementor-element elementor-element-4fe9b16b\" data-id=\"4fe9b16b\" data-element_type=\"column\" data-e-type=\"column\">\n\t\t\t<div class=\"elementor-widget-wrap\">\n\t\t\t\t\t\t\t<\/div>\n\t\t<\/div>\n\t\t\t\t<div class=\"elementor-column elementor-col-33 elementor-inner-column elementor-element elementor-element-51cd907e\" data-id=\"51cd907e\" data-element_type=\"column\" data-e-type=\"column\">\n\t\t\t<div class=\"elementor-widget-wrap elementor-element-populated\">\n\t\t\t\t\t\t<div class=\"elementor-element elementor-element-27da784c elementor-widget elementor-widget-heading\" data-id=\"27da784c\" data-element_type=\"widget\" data-e-type=\"widget\" data-widget_type=\"heading.default\">\n\t\t\t\t<div class=\"elementor-widget-container\">\n\t\t\t\t\t<h1 class=\"elementor-heading-title elementor-size-default\">Alejandro S\u00e1nchez<\/h1>\t\t\t\t<\/div>\n\t\t\t\t<\/div>\n\t\t\t\t<div class=\"elementor-element elementor-element-31faad0b elementor-widget elementor-widget-button\" data-id=\"31faad0b\" data-element_type=\"widget\" data-e-type=\"widget\" data-widget_type=\"button.default\">\n\t\t\t\t<div class=\"elementor-widget-container\">\n\t\t\t\t\t\t\t\t\t<div class=\"elementor-button-wrapper\">\n\t\t\t\t\t<a class=\"elementor-button elementor-size-md\" role=\"button\">\n\t\t\t\t\t\t<span class=\"elementor-button-content-wrapper\">\n\t\t\t\t\t\t\t\t\t<span class=\"elementor-button-text\">Giorgio Germont <\/span>\n\t\t\t\t\t<\/span>\n\t\t\t\t\t<\/a>\n\t\t\t\t<\/div>\n\t\t\t\t\t\t\t\t<\/div>\n\t\t\t\t<\/div>\n\t\t\t\t<div class=\"elementor-element elementor-element-d06f7d0 elementor-widget elementor-widget-text-editor\" data-id=\"d06f7d0\" data-element_type=\"widget\" data-e-type=\"widget\" data-widget_type=\"text-editor.default\">\n\t\t\t\t<div class=\"elementor-widget-container\">\n\t\t\t\t\t\t\t\t\tJoven bar\u00edtono peruano. Inicia sus estudios de canto\ningresando a la Universidad Nacional de M\u00fasica del\nPer\u00fa y posteriormente a la Escuela Superior de Canto de\nMadrid.\t\t\t\t\t\t\t\t<\/div>\n\t\t\t\t<\/div>\n\t\t\t\t<div class=\"elementor-element elementor-element-87d87e2 elementor-widget elementor-widget-text-editor\" data-id=\"87d87e2\" data-element_type=\"widget\" data-e-type=\"widget\" data-widget_type=\"text-editor.default\">\n\t\t\t\t<div class=\"elementor-widget-container\">\n\t\t\t\t\t\t\t\t\tGan\u00f3 el 3er Puesto del Concurso de Canto L\u00edrico de\nRadio Filarmon\u00eda 102.7 FM en Sudamerica.\nFue finalista del Concurso Internacional \u201cOttavio\nZiino\u201d en Roma.\t\t\t\t\t\t\t\t<\/div>\n\t\t\t\t<\/div>\n\t\t\t\t<div class=\"elementor-element elementor-element-8e63459 elementor-widget elementor-widget-text-editor\" data-id=\"8e63459\" data-element_type=\"widget\" data-e-type=\"widget\" data-widget_type=\"text-editor.default\">\n\t\t\t\t<div class=\"elementor-widget-container\">\n\t\t\t\t\t\t\t\t\tEn oratorio y lieder ha interpretado la Cantata 21 de\nBach, Magnificat de Bach, Mesias de Haendel,\nRequiem de Faur\u00e9, Neue Liebeslider Walzer de\nJohannes Brahms, The Chichester Psalms de Bernstein\ny Eines fahrenden Gesellen de Mahler.\t\t\t\t\t\t\t\t<\/div>\n\t\t\t\t<\/div>\n\t\t\t\t<div class=\"elementor-element elementor-element-6c5ece1 elementor-widget elementor-widget-text-editor\" data-id=\"6c5ece1\" data-element_type=\"widget\" data-e-type=\"widget\" data-widget_type=\"text-editor.default\">\n\t\t\t\t<div class=\"elementor-widget-container\">\n\t\t\t\t\t\t\t\t\tEn Opera y Zarzuela ha debutado el Papageno de \u00abDie\nZauberfl\u00f6te\u201d de W. A. Mozart, Moral\u00e8s y Escamillo\nde \u201dCarmen\u201d de G. Bizet, de G. Verdi el rol de\nMarquese de \u00abLa Traviata\u201d, Don Diego de la opera\nespa\u00f1ola \u00abDon Gil de Alcal\u00e1\u201d y Vidal de la Zarzuela \u201cLuisa Fernanda\u201d.\nHa cursado L\u2019accademia Rossiniana bajo la gu\u00eda del Maestro Ernesto Palacio debutando el\nrol de Don Alvaro de \u201cIl Viaggio a Reims\u201d en el Rossini Opera Festival de Pesaro en 2018\ndonde posteriormente debuta el Rol de Don Prudenzio de \u201cIl Viaggio a Reims\u201d en 2020.\nHa cursado recientemente el Centre de Perfeccionament del Palau de les Arts bajo la gu\u00eda\nde la Maestra Mar\u00eda Bayo debutando los roles de Il Commissario Imperiale de \u201cMadama\nButterfly\u00bb de G. Puccini en 2021, Sam de \u201cTrouble in Tahiti\u201d de L. Bernstein el 2022 y\nSteuermann de \u201cTristan e Isolda\u201d de R. Wagner en Abril del 2023.\n\t\t\t\t\t\t\t\t<\/div>\n\t\t\t\t<\/div>\n\t\t\t\t<div class=\"elementor-element elementor-element-336d81a elementor-widget elementor-widget-text-editor\" data-id=\"336d81a\" data-element_type=\"widget\" data-e-type=\"widget\" data-widget_type=\"text-editor.default\">\n\t\t\t\t<div class=\"elementor-widget-container\">\n\t\t\t\t\t\t\t\t\tHa debutado en la temporada 2022-2023 del Teatro Real con el rol principal\nde Orph\u00e9e de \u201cOrph\u00e9e\u201d de Phillip Glass. \t\t\t\t\t\t\t\t<\/div>\n\t\t\t\t<\/div>\n\t\t\t\t<div class=\"elementor-element elementor-element-a765cdb elementor-widget elementor-widget-text-editor\" data-id=\"a765cdb\" data-element_type=\"widget\" data-e-type=\"widget\" data-widget_type=\"text-editor.default\">\n\t\t\t\t<div class=\"elementor-widget-container\">\n\t\t\t\t\t\t\t\t\tRecientemente ha ganado el 1er premio de la edici\u00f3n 40 del Concurso Internacional de\nCanto Ciudad de Logro\u00f1o y el premio de contrato con la \u00f3pera de Oviedo.\t\t\t\t\t\t\t\t<\/div>\n\t\t\t\t<\/div>\n\t\t\t\t<div class=\"elementor-element elementor-element-4c5e25a elementor-widget elementor-widget-text-editor\" data-id=\"4c5e25a\" data-element_type=\"widget\" data-e-type=\"widget\" data-widget_type=\"text-editor.default\">\n\t\t\t\t<div class=\"elementor-widget-container\">\n\t\t\t\t\t\t\t\t\tRecientemente ha debutado en el Festival de M\u00fasica Antigua de \u00dabeda y Baeza estrenando\nla \u201cMisa 1\u201d de Manuel Garc\u00eda.\t\t\t\t\t\t\t\t<\/div>\n\t\t\t\t<\/div>\n\t\t\t\t<div class=\"elementor-element elementor-element-1bb16f2 elementor-widget elementor-widget-text-editor\" data-id=\"1bb16f2\" data-element_type=\"widget\" data-e-type=\"widget\" data-widget_type=\"text-editor.default\">\n\t\t\t\t<div class=\"elementor-widget-container\">\n\t\t\t\t\t\t\t\t\tPr\u00f3ximamente debutar\u00e1 la \u201cPetite Messe Solennelle\u201d de Rossini, el rol de Giorgio Germont\nde \u201cLa Traviata\u201d y el rol de Sharpless de \u201cMadama Butterfly\u201d.\t\t\t\t\t\t\t\t<\/div>\n\t\t\t\t<\/div>\n\t\t\t\t\t<\/div>\n\t\t<\/div>\n\t\t\t\t\t<\/div>\n\t\t<\/section>\n\t\t\t\t\t<\/div>\n\t\t<\/div>\n\t\t\t\t\t<\/div>\n\t\t<\/section>\n\t\t\t\t<\/div>\n\t\t","protected":false},"excerpt":{"rendered":"<p>Alejandro S\u00e1nchez Giorgio Germont Joven bar\u00edtono peruano. Inicia sus estudios de canto ingresando a la Universidad Nacional de M\u00fasica del Per\u00fa y posteriormente a la Escuela Superior de Canto de Madrid.Gan\u00f3 el 3er Puesto del Concurso de Canto L\u00edrico de Radio Filarmon\u00eda 102.7 FM en Sudamerica. Fue finalista del Concurso Internacional \u201cOttavio Ziino\u201d en Roma.En [&hellip;]<\/p>\n","protected":false},"author":1,"featured_media":0,"parent":652,"menu_order":20,"comment_status":"closed","ping_status":"closed","template":"","meta":{"footnotes":""},"class_list":["post-3727","page","type-page","status-publish","hentry"],"_links":{"self":[{"href":"https:\/\/cultura.aupex.org\/operarural\/wp-json\/wp\/v2\/pages\/3727","targetHints":{"allow":["GET"]}}],"collection":[{"href":"https:\/\/cultura.aupex.org\/operarural\/wp-json\/wp\/v2\/pages"}],"about":[{"href":"https:\/\/cultura.aupex.org\/operarural\/wp-json\/wp\/v2\/types\/page"}],"author":[{"embeddable":true,"href":"https:\/\/cultura.aupex.org\/operarural\/wp-json\/wp\/v2\/users\/1"}],"replies":[{"embeddable":true,"href":"https:\/\/cultura.aupex.org\/operarural\/wp-json\/wp\/v2\/comments?post=3727"}],"version-history":[{"count":7,"href":"https:\/\/cultura.aupex.org\/operarural\/wp-json\/wp\/v2\/pages\/3727\/revisions"}],"predecessor-version":[{"id":3739,"href":"https:\/\/cultura.aupex.org\/operarural\/wp-json\/wp\/v2\/pages\/3727\/revisions\/3739"}],"up":[{"embeddable":true,"href":"https:\/\/cultura.aupex.org\/operarural\/wp-json\/wp\/v2\/pages\/652"}],"wp:attachment":[{"href":"https:\/\/cultura.aupex.org\/operarural\/wp-json\/wp\/v2\/media?parent=3727"}],"curies":[{"name":"wp","href":"https:\/\/api.w.org\/{rel}","templated":true}]}}

Alejandro Sánchez

<div data-elementor-type="wp-page" data-elementor-id="3727" class="elementor elementor-3727">
						<section class="elementor-section elementor-top-section elementor-element elementor-element-2e201efd elementor-section-boxed elementor-section-height-default elementor-section-height-default" data-id="2e201efd" data-element_type="section" data-e-type="section" data-settings="{&quot;background_background&quot;:&quot;classic&quot;}">
							<div class="elementor-background-overlay"></div>
							<div class="elementor-container elementor-column-gap-no">
					<div class="elementor-column elementor-col-100 elementor-top-column elementor-element elementor-element-3534d289" data-id="3534d289" data-element_type="column" data-e-type="column">
			<div class="elementor-widget-wrap elementor-element-populated">
						<div class="elementor-element elementor-element-2acaf553 elementor-widget elementor-widget-spacer" data-id="2acaf553" data-element_type="widget" data-e-type="widget" data-widget_type="spacer.default">
				<div class="elementor-widget-container">
							<div class="elementor-spacer">
			<div class="elementor-spacer-inner"></div>
		</div>
						</div>
				</div>
					</div>
		</div>
					</div>
		</section>
				<section class="elementor-section elementor-top-section elementor-element elementor-element-55696de2 elementor-section-boxed elementor-section-height-default elementor-section-height-default" data-id="55696de2" data-element_type="section" data-e-type="section" data-settings="{&quot;background_background&quot;:&quot;gradient&quot;}">
						<div class="elementor-container elementor-column-gap-no">
					<div class="elementor-column elementor-col-100 elementor-top-column elementor-element elementor-element-569e6a7c" data-id="569e6a7c" data-element_type="column" data-e-type="column">
			<div class="elementor-widget-wrap elementor-element-populated">
						<section class="elementor-section elementor-inner-section elementor-element elementor-element-474e8a5e elementor-section-boxed elementor-section-height-default elementor-section-height-default" data-id="474e8a5e" data-element_type="section" data-e-type="section" data-settings="{&quot;background_background&quot;:&quot;classic&quot;}">
						<div class="elementor-container elementor-column-gap-no">
					<div class="elementor-column elementor-col-100 elementor-inner-column elementor-element elementor-element-2841aff4" data-id="2841aff4" data-element_type="column" data-e-type="column">
			<div class="elementor-widget-wrap">
							</div>
		</div>
					</div>
		</section>
				<section class="elementor-section elementor-inner-section elementor-element elementor-element-38af78cb elementor-section-content-top elementor-section-boxed elementor-section-height-default elementor-section-height-default" data-id="38af78cb" data-element_type="section" data-e-type="section" data-settings="{&quot;background_background&quot;:&quot;classic&quot;}">
						<div class="elementor-container elementor-column-gap-default">
					<div class="elementor-column elementor-col-33 elementor-inner-column elementor-element elementor-element-530a0f0e" data-id="530a0f0e" data-element_type="column" data-e-type="column" data-settings="{&quot;background_background&quot;:&quot;classic&quot;}">
			<div class="elementor-widget-wrap elementor-element-populated">
						<div class="elementor-element elementor-element-631bd694 elementor-widget elementor-widget-spacer" data-id="631bd694" data-element_type="widget" data-e-type="widget" data-widget_type="spacer.default">
				<div class="elementor-widget-container">
							<div class="elementor-spacer">
			<div class="elementor-spacer-inner"></div>
		</div>
						</div>
				</div>
				<div class="elementor-element elementor-element-3b5de77 elementor-widget elementor-widget-image" data-id="3b5de77" data-element_type="widget" data-e-type="widget" data-widget_type="image.default">
				<div class="elementor-widget-container">
															<img fetchpriority="high" decoding="async" width="600" height="650" src="https://cultura.aupex.org/operarural/wp-content/uploads/2024/04/alejandro-sanchez.jpg" class="attachment-full size-full wp-image-3697" alt="" srcset="https://cultura.aupex.org/operarural/wp-content/uploads/2024/04/alejandro-sanchez.jpg 600w, https://cultura.aupex.org/operarural/wp-content/uploads/2024/04/alejandro-sanchez-277x300.jpg 277w" sizes="(max-width: 600px) 100vw, 600px" />															</div>
				</div>
					</div>
		</div>
				<div class="elementor-column elementor-col-33 elementor-inner-column elementor-element elementor-element-4fe9b16b" data-id="4fe9b16b" data-element_type="column" data-e-type="column">
			<div class="elementor-widget-wrap">
							</div>
		</div>
				<div class="elementor-column elementor-col-33 elementor-inner-column elementor-element elementor-element-51cd907e" data-id="51cd907e" data-element_type="column" data-e-type="column">
			<div class="elementor-widget-wrap elementor-element-populated">
						<div class="elementor-element elementor-element-27da784c elementor-widget elementor-widget-heading" data-id="27da784c" data-element_type="widget" data-e-type="widget" data-widget_type="heading.default">
				<div class="elementor-widget-container">
					<h1 class="elementor-heading-title elementor-size-default">Alejandro Sánchez</h1>				</div>
				</div>
				<div class="elementor-element elementor-element-31faad0b elementor-widget elementor-widget-button" data-id="31faad0b" data-element_type="widget" data-e-type="widget" data-widget_type="button.default">
				<div class="elementor-widget-container">
									<div class="elementor-button-wrapper">
					<a class="elementor-button elementor-size-md" role="button">
						<span class="elementor-button-content-wrapper">
									<span class="elementor-button-text">Giorgio Germont </span>
					</span>
					</a>
				</div>
								</div>
				</div>
				<div class="elementor-element elementor-element-d06f7d0 elementor-widget elementor-widget-text-editor" data-id="d06f7d0" data-element_type="widget" data-e-type="widget" data-widget_type="text-editor.default">
				<div class="elementor-widget-container">
									Joven barítono peruano. Inicia sus estudios de canto
ingresando a la Universidad Nacional de Música del
Perú y posteriormente a la Escuela Superior de Canto de
Madrid.								</div>
				</div>
				<div class="elementor-element elementor-element-87d87e2 elementor-widget elementor-widget-text-editor" data-id="87d87e2" data-element_type="widget" data-e-type="widget" data-widget_type="text-editor.default">
				<div class="elementor-widget-container">
									Ganó el 3er Puesto del Concurso de Canto Lírico de
Radio Filarmonía 102.7 FM en Sudamerica.
Fue finalista del Concurso Internacional “Ottavio
Ziino” en Roma.								</div>
				</div>
				<div class="elementor-element elementor-element-8e63459 elementor-widget elementor-widget-text-editor" data-id="8e63459" data-element_type="widget" data-e-type="widget" data-widget_type="text-editor.default">
				<div class="elementor-widget-container">
									En oratorio y lieder ha interpretado la Cantata 21 de
Bach, Magnificat de Bach, Mesias de Haendel,
Requiem de Fauré, Neue Liebeslider Walzer de
Johannes Brahms, The Chichester Psalms de Bernstein
y Eines fahrenden Gesellen de Mahler.								</div>
				</div>
				<div class="elementor-element elementor-element-6c5ece1 elementor-widget elementor-widget-text-editor" data-id="6c5ece1" data-element_type="widget" data-e-type="widget" data-widget_type="text-editor.default">
				<div class="elementor-widget-container">
									En Opera y Zarzuela ha debutado el Papageno de «Die
Zauberflöte” de W. A. Mozart, Moralès y Escamillo
de ”Carmen” de G. Bizet, de G. Verdi el rol de
Marquese de «La Traviata”, Don Diego de la opera
española «Don Gil de Alcalá” y Vidal de la Zarzuela “Luisa Fernanda”.
Ha cursado L’accademia Rossiniana bajo la guía del Maestro Ernesto Palacio debutando el
rol de Don Alvaro de “Il Viaggio a Reims” en el Rossini Opera Festival de Pesaro en 2018
donde posteriormente debuta el Rol de Don Prudenzio de “Il Viaggio a Reims” en 2020.
Ha cursado recientemente el Centre de Perfeccionament del Palau de les Arts bajo la guía
de la Maestra María Bayo debutando los roles de Il Commissario Imperiale de “Madama
Butterfly» de G. Puccini en 2021, Sam de “Trouble in Tahiti” de L. Bernstein el 2022 y
Steuermann de “Tristan e Isolda” de R. Wagner en Abril del 2023.
								</div>
				</div>
				<div class="elementor-element elementor-element-336d81a elementor-widget elementor-widget-text-editor" data-id="336d81a" data-element_type="widget" data-e-type="widget" data-widget_type="text-editor.default">
				<div class="elementor-widget-container">
									Ha debutado en la temporada 2022-2023 del Teatro Real con el rol principal
de Orphée de “Orphée” de Phillip Glass. 								</div>
				</div>
				<div class="elementor-element elementor-element-a765cdb elementor-widget elementor-widget-text-editor" data-id="a765cdb" data-element_type="widget" data-e-type="widget" data-widget_type="text-editor.default">
				<div class="elementor-widget-container">
									Recientemente ha ganado el 1er premio de la edición 40 del Concurso Internacional de
Canto Ciudad de Logroño y el premio de contrato con la ópera de Oviedo.								</div>
				</div>
				<div class="elementor-element elementor-element-4c5e25a elementor-widget elementor-widget-text-editor" data-id="4c5e25a" data-element_type="widget" data-e-type="widget" data-widget_type="text-editor.default">
				<div class="elementor-widget-container">
									Recientemente ha debutado en el Festival de Música Antigua de Úbeda y Baeza estrenando
la “Misa 1” de Manuel García.								</div>
				</div>
				<div class="elementor-element elementor-element-1bb16f2 elementor-widget elementor-widget-text-editor" data-id="1bb16f2" data-element_type="widget" data-e-type="widget" data-widget_type="text-editor.default">
				<div class="elementor-widget-container">
									Próximamente debutará la “Petite Messe Solennelle” de Rossini, el rol de Giorgio Germont
de “La Traviata” y el rol de Sharpless de “Madama Butterfly”.								</div>
				</div>
					</div>
		</div>
					</div>
		</section>
					</div>
		</div>
					</div>
		</section>
				</div>

<p>Alejandro Sánchez Giorgio Germont Joven barítono peruano. Inicia sus estudios de canto ingresando a la Universidad Nacional de Música del Perú y posteriormente a la Escuela Superior de Canto de Madrid.Ganó el 3er Puesto del Concurso de Canto Lírico de Radio Filarmonía 102.7 FM en Sudamerica. Fue finalista del Concurso Internacional “Ottavio Ziino” en Roma.En [&hellip;]</p>
