{"id":2166,"date":"2023-04-11T09:52:45","date_gmt":"2023-04-11T09:52:45","guid":{"rendered":"https:\/\/cultura.aupex.org\/operarural\/?page_id=2166"},"modified":"2023-04-11T09:55:53","modified_gmt":"2023-04-11T09:55:53","slug":"compania_lirica_ecaba","status":"publish","type":"page","link":"https:\/\/cultura.aupex.org\/operarural\/la-traviata-de-giuseppe-verdi\/compania_lirica_ecaba\/","title":{"rendered":"Compa\u00f1\u00eda L\u00edrica ECABA"},"content":{"rendered":"\t\t<div data-elementor-type=\"wp-page\" data-elementor-id=\"2166\" class=\"elementor elementor-2166\">\n\t\t\t\t\t\t<section class=\"elementor-section elementor-top-section elementor-element elementor-element-731475b2 elementor-section-boxed elementor-section-height-default elementor-section-height-default\" data-id=\"731475b2\" data-element_type=\"section\" data-e-type=\"section\" data-settings=\"{&quot;background_background&quot;:&quot;classic&quot;}\">\n\t\t\t\t\t\t\t<div class=\"elementor-background-overlay\"><\/div>\n\t\t\t\t\t\t\t<div class=\"elementor-container elementor-column-gap-no\">\n\t\t\t\t\t<div class=\"elementor-column elementor-col-100 elementor-top-column elementor-element elementor-element-59a91f66\" data-id=\"59a91f66\" data-element_type=\"column\" data-e-type=\"column\">\n\t\t\t<div class=\"elementor-widget-wrap elementor-element-populated\">\n\t\t\t\t\t\t<div class=\"elementor-element elementor-element-6a2a0b97 elementor-widget elementor-widget-spacer\" data-id=\"6a2a0b97\" data-element_type=\"widget\" data-e-type=\"widget\" data-widget_type=\"spacer.default\">\n\t\t\t\t<div class=\"elementor-widget-container\">\n\t\t\t\t\t\t\t<div class=\"elementor-spacer\">\n\t\t\t<div class=\"elementor-spacer-inner\"><\/div>\n\t\t<\/div>\n\t\t\t\t\t\t<\/div>\n\t\t\t\t<\/div>\n\t\t\t\t\t<\/div>\n\t\t<\/div>\n\t\t\t\t\t<\/div>\n\t\t<\/section>\n\t\t\t\t<section class=\"elementor-section elementor-top-section elementor-element elementor-element-23ee911e elementor-section-boxed elementor-section-height-default elementor-section-height-default\" data-id=\"23ee911e\" data-element_type=\"section\" data-e-type=\"section\" data-settings=\"{&quot;background_background&quot;:&quot;gradient&quot;}\">\n\t\t\t\t\t\t<div class=\"elementor-container elementor-column-gap-no\">\n\t\t\t\t\t<div class=\"elementor-column elementor-col-100 elementor-top-column elementor-element elementor-element-37f178bc\" data-id=\"37f178bc\" data-element_type=\"column\" data-e-type=\"column\">\n\t\t\t<div class=\"elementor-widget-wrap elementor-element-populated\">\n\t\t\t\t\t\t<section class=\"elementor-section elementor-inner-section elementor-element elementor-element-52d10903 elementor-section-boxed elementor-section-height-default elementor-section-height-default\" data-id=\"52d10903\" data-element_type=\"section\" data-e-type=\"section\" data-settings=\"{&quot;background_background&quot;:&quot;classic&quot;}\">\n\t\t\t\t\t\t<div class=\"elementor-container elementor-column-gap-no\">\n\t\t\t\t\t<div class=\"elementor-column elementor-col-100 elementor-inner-column elementor-element elementor-element-61d1536c\" data-id=\"61d1536c\" data-element_type=\"column\" data-e-type=\"column\">\n\t\t\t<div class=\"elementor-widget-wrap\">\n\t\t\t\t\t\t\t<\/div>\n\t\t<\/div>\n\t\t\t\t\t<\/div>\n\t\t<\/section>\n\t\t\t\t<section class=\"elementor-section elementor-inner-section elementor-element elementor-element-132e1ca3 elementor-section-content-top elementor-section-boxed elementor-section-height-default elementor-section-height-default\" data-id=\"132e1ca3\" data-element_type=\"section\" data-e-type=\"section\" data-settings=\"{&quot;background_background&quot;:&quot;classic&quot;}\">\n\t\t\t\t\t\t<div class=\"elementor-container elementor-column-gap-default\">\n\t\t\t\t\t<div class=\"elementor-column elementor-col-33 elementor-inner-column elementor-element elementor-element-4429c9e\" data-id=\"4429c9e\" data-element_type=\"column\" data-e-type=\"column\" data-settings=\"{&quot;background_background&quot;:&quot;classic&quot;}\">\n\t\t\t<div class=\"elementor-widget-wrap elementor-element-populated\">\n\t\t\t\t\t\t<div class=\"elementor-element elementor-element-23ab9996 elementor-widget elementor-widget-spacer\" data-id=\"23ab9996\" data-element_type=\"widget\" data-e-type=\"widget\" data-widget_type=\"spacer.default\">\n\t\t\t\t<div class=\"elementor-widget-container\">\n\t\t\t\t\t\t\t<div class=\"elementor-spacer\">\n\t\t\t<div class=\"elementor-spacer-inner\"><\/div>\n\t\t<\/div>\n\t\t\t\t\t\t<\/div>\n\t\t\t\t<\/div>\n\t\t\t\t<div class=\"elementor-element elementor-element-3b5de77 elementor-widget elementor-widget-image\" data-id=\"3b5de77\" data-element_type=\"widget\" data-e-type=\"widget\" data-widget_type=\"image.default\">\n\t\t\t\t<div class=\"elementor-widget-container\">\n\t\t\t\t\t\t\t\t\t\t\t\t\t\t\t<img fetchpriority=\"high\" decoding=\"async\" width=\"1200\" height=\"512\" src=\"https:\/\/cultura.aupex.org\/operarural\/wp-content\/uploads\/2023\/03\/img-ecaba-02.jpg\" class=\"attachment-full size-full wp-image-1597\" alt=\"\" srcset=\"https:\/\/cultura.aupex.org\/operarural\/wp-content\/uploads\/2023\/03\/img-ecaba-02.jpg 1200w, https:\/\/cultura.aupex.org\/operarural\/wp-content\/uploads\/2023\/03\/img-ecaba-02-600x256.jpg 600w, https:\/\/cultura.aupex.org\/operarural\/wp-content\/uploads\/2023\/03\/img-ecaba-02-300x128.jpg 300w, https:\/\/cultura.aupex.org\/operarural\/wp-content\/uploads\/2023\/03\/img-ecaba-02-1024x437.jpg 1024w, https:\/\/cultura.aupex.org\/operarural\/wp-content\/uploads\/2023\/03\/img-ecaba-02-768x328.jpg 768w\" sizes=\"(max-width: 1200px) 100vw, 1200px\" \/>\t\t\t\t\t\t\t\t\t\t\t\t\t\t\t<\/div>\n\t\t\t\t<\/div>\n\t\t\t\t\t<\/div>\n\t\t<\/div>\n\t\t\t\t<div class=\"elementor-column elementor-col-33 elementor-inner-column elementor-element elementor-element-471ddef4\" data-id=\"471ddef4\" data-element_type=\"column\" data-e-type=\"column\">\n\t\t\t<div class=\"elementor-widget-wrap\">\n\t\t\t\t\t\t\t<\/div>\n\t\t<\/div>\n\t\t\t\t<div class=\"elementor-column elementor-col-33 elementor-inner-column elementor-element elementor-element-387305c1\" data-id=\"387305c1\" data-element_type=\"column\" data-e-type=\"column\">\n\t\t\t<div class=\"elementor-widget-wrap elementor-element-populated\">\n\t\t\t\t\t\t<div class=\"elementor-element elementor-element-27da784c elementor-widget elementor-widget-heading\" data-id=\"27da784c\" data-element_type=\"widget\" data-e-type=\"widget\" data-widget_type=\"heading.default\">\n\t\t\t\t<div class=\"elementor-widget-container\">\n\t\t\t\t\t<h1 class=\"elementor-heading-title elementor-size-default\">Compa\u00f1\u00eda L\u00edrica ECABA<\/h1>\t\t\t\t<\/div>\n\t\t\t\t<\/div>\n\t\t\t\t<div class=\"elementor-element elementor-element-d06f7d0 elementor-widget elementor-widget-text-editor\" data-id=\"d06f7d0\" data-element_type=\"widget\" data-e-type=\"widget\" data-widget_type=\"text-editor.default\">\n\t\t\t\t<div class=\"elementor-widget-container\">\n\t\t\t\t\t\t\t\t\tLa Compa\u00f1\u00eda L\u00edrica Ecaba nace en el seno del Coro de la Escuela de Canto de Badajoz (ECABA) en 2019 como canal de difusi\u00f3n, divulgaci\u00f3n y promoci\u00f3n del arte canoro en general y del repertorio de Canto L\u00edrico a partir del siglo XIX en particular.\n\t\t\t\t\t\t\t\t<\/div>\n\t\t\t\t<\/div>\n\t\t\t\t<div class=\"elementor-element elementor-element-05bed8d elementor-widget elementor-widget-text-editor\" data-id=\"05bed8d\" data-element_type=\"widget\" data-e-type=\"widget\" data-widget_type=\"text-editor.default\">\n\t\t\t\t<div class=\"elementor-widget-container\">\n\t\t\t\t\t\t\t\t\tEn un contexto de multiplicidad de lenguajes sonoros y est\u00e9ticos, en di\u00e1logo con los desaf\u00edos y las necesidades culturales de la sociedad en la que se insiere, esta Compa\u00f1\u00eda ha desarrollado montajes esc\u00e9nicos propios, entre los que se destacan las producciones Una noche en la \u00d3pera y la Antolog\u00eda de la zarzuela que lleva por t\u00edtulo El sue\u00f1o de Marina, ambas con texto y direcci\u00f3n de su fundador, \u00c1ngel Jim\u00e9nez Iglesias.\n\t\t\t\t\t\t\t\t<\/div>\n\t\t\t\t<\/div>\n\t\t\t\t<div class=\"elementor-element elementor-element-58fef1c elementor-widget elementor-widget-text-editor\" data-id=\"58fef1c\" data-element_type=\"widget\" data-e-type=\"widget\" data-widget_type=\"text-editor.default\">\n\t\t\t\t<div class=\"elementor-widget-container\">\n\t\t\t\t\t\t\t\t\tEn la misma secuencia de l\u00edneas maestras de trabajo, la Compa\u00f1\u00eda L\u00edrica Ecaba ha interpretado a lo largo de su andadura un amplio repertorio sinf\u00f3nico coral en el que se incluyen obras como el Requiem, op.48, de Gabriel Faur\u00e9, la Misa de la Coronaci\u00f3n (KV 317), de W.A. Mozart, Stabat Mater (P.77), de G.B. Pergolesi, Gloria (RV 589), de Antonio Vivaldi, el Mes\u00edas (HWV 56),  de G.F. H\u00e4ndel y la Fantas\u00eda Coral en Do Menor (op. 80), de L.v. Beethoven.\n\t\t\t\t\t\t\t\t<\/div>\n\t\t\t\t<\/div>\n\t\t\t\t<div class=\"elementor-element elementor-element-0d7527e elementor-widget elementor-widget-text-editor\" data-id=\"0d7527e\" data-element_type=\"widget\" data-e-type=\"widget\" data-widget_type=\"text-editor.default\">\n\t\t\t\t<div class=\"elementor-widget-container\">\n\t\t\t\t\t\t\t\t\tEn el momento actual, la Compa\u00f1\u00eda se encuentra inmersa en diversos proyectos musicales. Adquieren relevancia entre ellos, por ejemplo, el montaje completo de La Traviata, de G. Verdi, en el proyecto \u00d3pera Rural, desarrollado por AUPEX, el montaje del proyecto Operatrix y la representaci\u00f3n de la zarzuela Luisa Fernanda, de Federico Moreno Torroba.\t\t\t\t\t\t\t\t<\/div>\n\t\t\t\t<\/div>\n\t\t\t\t\t<\/div>\n\t\t<\/div>\n\t\t\t\t\t<\/div>\n\t\t<\/section>\n\t\t\t\t\t<\/div>\n\t\t<\/div>\n\t\t\t\t\t<\/div>\n\t\t<\/section>\n\t\t\t\t<section class=\"elementor-section elementor-top-section elementor-element elementor-element-4d7da389 elementor-section-boxed elementor-section-height-default elementor-section-height-default\" data-id=\"4d7da389\" data-element_type=\"section\" data-e-type=\"section\">\n\t\t\t\t\t\t<div class=\"elementor-container elementor-column-gap-default\">\n\t\t\t\t\t<div class=\"elementor-column elementor-col-100 elementor-top-column elementor-element elementor-element-39d6a0da\" data-id=\"39d6a0da\" data-element_type=\"column\" data-e-type=\"column\">\n\t\t\t<div class=\"elementor-widget-wrap\">\n\t\t\t\t\t\t\t<\/div>\n\t\t<\/div>\n\t\t\t\t\t<\/div>\n\t\t<\/section>\n\t\t\t\t<\/div>\n\t\t","protected":false},"excerpt":{"rendered":"<p>Compa\u00f1\u00eda L\u00edrica ECABA La Compa\u00f1\u00eda L\u00edrica Ecaba nace en el seno del Coro de la Escuela de Canto de Badajoz (ECABA) en 2019 como canal de difusi\u00f3n, divulgaci\u00f3n y promoci\u00f3n del arte canoro en general y del repertorio de Canto L\u00edrico a partir del siglo XIX en particular. En un contexto de multiplicidad de lenguajes [&hellip;]<\/p>\n","protected":false},"author":1,"featured_media":0,"parent":652,"menu_order":0,"comment_status":"closed","ping_status":"closed","template":"","meta":{"footnotes":""},"class_list":["post-2166","page","type-page","status-publish","hentry"],"_links":{"self":[{"href":"https:\/\/cultura.aupex.org\/operarural\/wp-json\/wp\/v2\/pages\/2166","targetHints":{"allow":["GET"]}}],"collection":[{"href":"https:\/\/cultura.aupex.org\/operarural\/wp-json\/wp\/v2\/pages"}],"about":[{"href":"https:\/\/cultura.aupex.org\/operarural\/wp-json\/wp\/v2\/types\/page"}],"author":[{"embeddable":true,"href":"https:\/\/cultura.aupex.org\/operarural\/wp-json\/wp\/v2\/users\/1"}],"replies":[{"embeddable":true,"href":"https:\/\/cultura.aupex.org\/operarural\/wp-json\/wp\/v2\/comments?post=2166"}],"version-history":[{"count":4,"href":"https:\/\/cultura.aupex.org\/operarural\/wp-json\/wp\/v2\/pages\/2166\/revisions"}],"predecessor-version":[{"id":2171,"href":"https:\/\/cultura.aupex.org\/operarural\/wp-json\/wp\/v2\/pages\/2166\/revisions\/2171"}],"up":[{"embeddable":true,"href":"https:\/\/cultura.aupex.org\/operarural\/wp-json\/wp\/v2\/pages\/652"}],"wp:attachment":[{"href":"https:\/\/cultura.aupex.org\/operarural\/wp-json\/wp\/v2\/media?parent=2166"}],"curies":[{"name":"wp","href":"https:\/\/api.w.org\/{rel}","templated":true}]}}

Compañía Lírica ECABA

<div data-elementor-type="wp-page" data-elementor-id="2166" class="elementor elementor-2166">
						<section class="elementor-section elementor-top-section elementor-element elementor-element-731475b2 elementor-section-boxed elementor-section-height-default elementor-section-height-default" data-id="731475b2" data-element_type="section" data-e-type="section" data-settings="{&quot;background_background&quot;:&quot;classic&quot;}">
							<div class="elementor-background-overlay"></div>
							<div class="elementor-container elementor-column-gap-no">
					<div class="elementor-column elementor-col-100 elementor-top-column elementor-element elementor-element-59a91f66" data-id="59a91f66" data-element_type="column" data-e-type="column">
			<div class="elementor-widget-wrap elementor-element-populated">
						<div class="elementor-element elementor-element-6a2a0b97 elementor-widget elementor-widget-spacer" data-id="6a2a0b97" data-element_type="widget" data-e-type="widget" data-widget_type="spacer.default">
				<div class="elementor-widget-container">
							<div class="elementor-spacer">
			<div class="elementor-spacer-inner"></div>
		</div>
						</div>
				</div>
					</div>
		</div>
					</div>
		</section>
				<section class="elementor-section elementor-top-section elementor-element elementor-element-23ee911e elementor-section-boxed elementor-section-height-default elementor-section-height-default" data-id="23ee911e" data-element_type="section" data-e-type="section" data-settings="{&quot;background_background&quot;:&quot;gradient&quot;}">
						<div class="elementor-container elementor-column-gap-no">
					<div class="elementor-column elementor-col-100 elementor-top-column elementor-element elementor-element-37f178bc" data-id="37f178bc" data-element_type="column" data-e-type="column">
			<div class="elementor-widget-wrap elementor-element-populated">
						<section class="elementor-section elementor-inner-section elementor-element elementor-element-52d10903 elementor-section-boxed elementor-section-height-default elementor-section-height-default" data-id="52d10903" data-element_type="section" data-e-type="section" data-settings="{&quot;background_background&quot;:&quot;classic&quot;}">
						<div class="elementor-container elementor-column-gap-no">
					<div class="elementor-column elementor-col-100 elementor-inner-column elementor-element elementor-element-61d1536c" data-id="61d1536c" data-element_type="column" data-e-type="column">
			<div class="elementor-widget-wrap">
							</div>
		</div>
					</div>
		</section>
				<section class="elementor-section elementor-inner-section elementor-element elementor-element-132e1ca3 elementor-section-content-top elementor-section-boxed elementor-section-height-default elementor-section-height-default" data-id="132e1ca3" data-element_type="section" data-e-type="section" data-settings="{&quot;background_background&quot;:&quot;classic&quot;}">
						<div class="elementor-container elementor-column-gap-default">
					<div class="elementor-column elementor-col-33 elementor-inner-column elementor-element elementor-element-4429c9e" data-id="4429c9e" data-element_type="column" data-e-type="column" data-settings="{&quot;background_background&quot;:&quot;classic&quot;}">
			<div class="elementor-widget-wrap elementor-element-populated">
						<div class="elementor-element elementor-element-23ab9996 elementor-widget elementor-widget-spacer" data-id="23ab9996" data-element_type="widget" data-e-type="widget" data-widget_type="spacer.default">
				<div class="elementor-widget-container">
							<div class="elementor-spacer">
			<div class="elementor-spacer-inner"></div>
		</div>
						</div>
				</div>
				<div class="elementor-element elementor-element-3b5de77 elementor-widget elementor-widget-image" data-id="3b5de77" data-element_type="widget" data-e-type="widget" data-widget_type="image.default">
				<div class="elementor-widget-container">
															<img fetchpriority="high" decoding="async" width="1200" height="512" src="https://cultura.aupex.org/operarural/wp-content/uploads/2023/03/img-ecaba-02.jpg" class="attachment-full size-full wp-image-1597" alt="" srcset="https://cultura.aupex.org/operarural/wp-content/uploads/2023/03/img-ecaba-02.jpg 1200w, https://cultura.aupex.org/operarural/wp-content/uploads/2023/03/img-ecaba-02-600x256.jpg 600w, https://cultura.aupex.org/operarural/wp-content/uploads/2023/03/img-ecaba-02-300x128.jpg 300w, https://cultura.aupex.org/operarural/wp-content/uploads/2023/03/img-ecaba-02-1024x437.jpg 1024w, https://cultura.aupex.org/operarural/wp-content/uploads/2023/03/img-ecaba-02-768x328.jpg 768w" sizes="(max-width: 1200px) 100vw, 1200px" />															</div>
				</div>
					</div>
		</div>
				<div class="elementor-column elementor-col-33 elementor-inner-column elementor-element elementor-element-471ddef4" data-id="471ddef4" data-element_type="column" data-e-type="column">
			<div class="elementor-widget-wrap">
							</div>
		</div>
				<div class="elementor-column elementor-col-33 elementor-inner-column elementor-element elementor-element-387305c1" data-id="387305c1" data-element_type="column" data-e-type="column">
			<div class="elementor-widget-wrap elementor-element-populated">
						<div class="elementor-element elementor-element-27da784c elementor-widget elementor-widget-heading" data-id="27da784c" data-element_type="widget" data-e-type="widget" data-widget_type="heading.default">
				<div class="elementor-widget-container">
					<h1 class="elementor-heading-title elementor-size-default">Compañía Lírica ECABA</h1>				</div>
				</div>
				<div class="elementor-element elementor-element-d06f7d0 elementor-widget elementor-widget-text-editor" data-id="d06f7d0" data-element_type="widget" data-e-type="widget" data-widget_type="text-editor.default">
				<div class="elementor-widget-container">
									La Compañía Lírica Ecaba nace en el seno del Coro de la Escuela de Canto de Badajoz (ECABA) en 2019 como canal de difusión, divulgación y promoción del arte canoro en general y del repertorio de Canto Lírico a partir del siglo XIX en particular.
								</div>
				</div>
				<div class="elementor-element elementor-element-05bed8d elementor-widget elementor-widget-text-editor" data-id="05bed8d" data-element_type="widget" data-e-type="widget" data-widget_type="text-editor.default">
				<div class="elementor-widget-container">
									En un contexto de multiplicidad de lenguajes sonoros y estéticos, en diálogo con los desafíos y las necesidades culturales de la sociedad en la que se insiere, esta Compañía ha desarrollado montajes escénicos propios, entre los que se destacan las producciones Una noche en la Ópera y la Antología de la zarzuela que lleva por título El sueño de Marina, ambas con texto y dirección de su fundador, Ángel Jiménez Iglesias.
								</div>
				</div>
				<div class="elementor-element elementor-element-58fef1c elementor-widget elementor-widget-text-editor" data-id="58fef1c" data-element_type="widget" data-e-type="widget" data-widget_type="text-editor.default">
				<div class="elementor-widget-container">
									En la misma secuencia de líneas maestras de trabajo, la Compañía Lírica Ecaba ha interpretado a lo largo de su andadura un amplio repertorio sinfónico coral en el que se incluyen obras como el Requiem, op.48, de Gabriel Fauré, la Misa de la Coronación (KV 317), de W.A. Mozart, Stabat Mater (P.77), de G.B. Pergolesi, Gloria (RV 589), de Antonio Vivaldi, el Mesías (HWV 56),  de G.F. Händel y la Fantasía Coral en Do Menor (op. 80), de L.v. Beethoven.
								</div>
				</div>
				<div class="elementor-element elementor-element-0d7527e elementor-widget elementor-widget-text-editor" data-id="0d7527e" data-element_type="widget" data-e-type="widget" data-widget_type="text-editor.default">
				<div class="elementor-widget-container">
									En el momento actual, la Compañía se encuentra inmersa en diversos proyectos musicales. Adquieren relevancia entre ellos, por ejemplo, el montaje completo de La Traviata, de G. Verdi, en el proyecto Ópera Rural, desarrollado por AUPEX, el montaje del proyecto Operatrix y la representación de la zarzuela Luisa Fernanda, de Federico Moreno Torroba.								</div>
				</div>
					</div>
		</div>
					</div>
		</section>
					</div>
		</div>
					</div>
		</section>
				<section class="elementor-section elementor-top-section elementor-element elementor-element-4d7da389 elementor-section-boxed elementor-section-height-default elementor-section-height-default" data-id="4d7da389" data-element_type="section" data-e-type="section">
						<div class="elementor-container elementor-column-gap-default">
					<div class="elementor-column elementor-col-100 elementor-top-column elementor-element elementor-element-39d6a0da" data-id="39d6a0da" data-element_type="column" data-e-type="column">
			<div class="elementor-widget-wrap">
							</div>
		</div>
					</div>
		</section>
				</div>

<p>Compañía Lírica ECABA La Compañía Lírica Ecaba nace en el seno del Coro de la Escuela de Canto de Badajoz (ECABA) en 2019 como canal de difusión, divulgación y promoción del arte canoro en general y del repertorio de Canto Lírico a partir del siglo XIX en particular. En un contexto de multiplicidad de lenguajes [&hellip;]</p>
