{"id":1817,"date":"2023-04-03T07:25:43","date_gmt":"2023-04-03T07:25:43","guid":{"rendered":"https:\/\/cultura.aupex.org\/operarural\/?page_id=1817"},"modified":"2023-04-03T07:33:20","modified_gmt":"2023-04-03T07:33:20","slug":"politica-de-privacidad","status":"publish","type":"page","link":"https:\/\/cultura.aupex.org\/operarural\/politica-de-privacidad\/","title":{"rendered":"Pol\u00edtica de Privacidad"},"content":{"rendered":"<style>.elementor-1817 .elementor-element.elementor-element-1d6b608b{padding:0% 0% 0% 0%;}.elementor-1817 .elementor-element.elementor-element-1f5b55d{--spacer-size:115px;}.elementor-widget-heading .elementor-heading-title{font-family:var( --e-global-typography-primary-font-family ), Sans-serif;font-weight:var( --e-global-typography-primary-font-weight );color:var( --e-global-color-primary );}.elementor-1817 .elementor-element.elementor-element-52498175{text-align:center;}.elementor-1817 .elementor-element.elementor-element-3399773{--spacer-size:20px;}.elementor-widget-text-editor{font-family:var( --e-global-typography-text-font-family ), Sans-serif;font-weight:var( --e-global-typography-text-font-weight );color:var( --e-global-color-text );}.elementor-widget-text-editor.elementor-drop-cap-view-stacked .elementor-drop-cap{background-color:var( --e-global-color-primary );}.elementor-widget-text-editor.elementor-drop-cap-view-framed .elementor-drop-cap, .elementor-widget-text-editor.elementor-drop-cap-view-default .elementor-drop-cap{color:var( --e-global-color-primary );border-color:var( --e-global-color-primary );}.elementor-1817 .elementor-element.elementor-element-169620e{--spacer-size:50px;}:root{--page-title-display:none;}<\/style>\t\t<div data-elementor-type=\"wp-page\" data-elementor-id=\"1817\" class=\"elementor elementor-1817\">\n\t\t\t\t\t\t<section class=\"elementor-section elementor-top-section elementor-element elementor-element-1d6b608b elementor-section-boxed elementor-section-height-default elementor-section-height-default\" data-id=\"1d6b608b\" data-element_type=\"section\" data-e-type=\"section\">\n\t\t\t\t\t\t<div class=\"elementor-container elementor-column-gap-default\">\n\t\t\t\t\t<div class=\"elementor-column elementor-col-100 elementor-top-column elementor-element elementor-element-412dba19\" data-id=\"412dba19\" data-element_type=\"column\" data-e-type=\"column\">\n\t\t\t<div class=\"elementor-widget-wrap elementor-element-populated\">\n\t\t\t\t\t\t<div class=\"elementor-element elementor-element-1f5b55d elementor-widget elementor-widget-spacer\" data-id=\"1f5b55d\" data-element_type=\"widget\" data-e-type=\"widget\" data-widget_type=\"spacer.default\">\n\t\t\t\t<div class=\"elementor-widget-container\">\n\t\t\t\t\t\t\t<div class=\"elementor-spacer\">\n\t\t\t<div class=\"elementor-spacer-inner\"><\/div>\n\t\t<\/div>\n\t\t\t\t\t\t<\/div>\n\t\t\t\t<\/div>\n\t\t\t\t<div class=\"elementor-element elementor-element-52498175 elementor-widget elementor-widget-heading\" data-id=\"52498175\" data-element_type=\"widget\" data-e-type=\"widget\" data-widget_type=\"heading.default\">\n\t\t\t\t<div class=\"elementor-widget-container\">\n\t\t\t\t\t<h2 class=\"elementor-heading-title elementor-size-default\">POL\u00cdTICA DE PRIVACIDAD<\/h2>\t\t\t\t<\/div>\n\t\t\t\t<\/div>\n\t\t\t\t<div class=\"elementor-element elementor-element-3399773 elementor-widget elementor-widget-spacer\" data-id=\"3399773\" data-element_type=\"widget\" data-e-type=\"widget\" data-widget_type=\"spacer.default\">\n\t\t\t\t<div class=\"elementor-widget-container\">\n\t\t\t\t\t\t\t<div class=\"elementor-spacer\">\n\t\t\t<div class=\"elementor-spacer-inner\"><\/div>\n\t\t<\/div>\n\t\t\t\t\t\t<\/div>\n\t\t\t\t<\/div>\n\t\t\t\t<div class=\"elementor-element elementor-element-9fea3c7 elementor-widget elementor-widget-text-editor\" data-id=\"9fea3c7\" data-element_type=\"widget\" data-e-type=\"widget\" data-widget_type=\"text-editor.default\">\n\t\t\t\t<div class=\"elementor-widget-container\">\n\t\t\t\t\t\t\t\t\tEn ASOCIACI\u00d3N REGIONAL DE UNIVERSIDADES POPULARES DE EXTREMADURA (AUPEX) nos comprometemos a asegurar que su informaci\u00f3n personal se encuentre protegida y no se utilice de forma indebida. Al facilitarnos su informaci\u00f3n personal y utilizar nuestro sitio web, entendemos que ha le\u00eddo y comprendido los t\u00e9rminos relacionados con la informaci\u00f3n de protecci\u00f3n de datos de car\u00e1cter personal que se expone a continuaci\u00f3n. \t\t\t\t\t\t\t\t<\/div>\n\t\t\t\t<\/div>\n\t\t\t\t<div class=\"elementor-element elementor-element-1a4f300a elementor-widget elementor-widget-heading\" data-id=\"1a4f300a\" data-element_type=\"widget\" data-e-type=\"widget\" data-widget_type=\"heading.default\">\n\t\t\t\t<div class=\"elementor-widget-container\">\n\t\t\t\t\t<h5 class=\"elementor-heading-title elementor-size-default\">\u00bfQui\u00e9n es el responsable del tratamiento de sus datos?<\/h5>\t\t\t\t<\/div>\n\t\t\t\t<\/div>\n\t\t\t\t<div class=\"elementor-element elementor-element-3f96518 elementor-widget elementor-widget-html\" data-id=\"3f96518\" data-element_type=\"widget\" data-e-type=\"widget\" data-widget_type=\"html.default\">\n\t\t\t\t<div class=\"elementor-widget-container\">\n\t\t\t\t\t<p>ASOCIACI\u00d3N REGIONAL DE UNIVERSIDADES POPULARES DE EXTREMADURA (AUPEX)  CIF: G06192868<br>\r\nDomicilio: C\/ Vasco N\u00fa\u00f1ez, 31 Bajo.. 06001 - Badajoz.<br>\r\nTel\u00e9fono: 924207109 <br>\r\nCorreo electr\u00f3nico Delegado de Protecci\u00f3n de Datos: dpdlegisdata@prodat.es<br>\r\nPuede dirigirse de cualquier forma para comunicarse con nosotros.\r\n<\/p>\t\t\t\t<\/div>\n\t\t\t\t<\/div>\n\t\t\t\t<div class=\"elementor-element elementor-element-4fe8e776 elementor-widget elementor-widget-text-editor\" data-id=\"4fe8e776\" data-element_type=\"widget\" data-e-type=\"widget\" data-widget_type=\"text-editor.default\">\n\t\t\t\t<div class=\"elementor-widget-container\">\n\t\t\t\t\t\t\t\t\tEl presente documento tiene como finalidad el establecer y regular las normas de uso del Sitio www.aupex.org (en adelante el \u00abSitio\u00bb), entendiendo por Sitio todas las p\u00e1ginas y sus contenidos propiedad de ASOCIACI\u00d3N REGIONAL DE UNIVERSIDADES POPULARES DE EXTREMADURA (AUPEX) a las cuales se accede a trav\u00e9s del dominio www.aupex.org y sus subdominios.\t\t\t\t\t\t\t\t<\/div>\n\t\t\t\t<\/div>\n\t\t\t\t<div class=\"elementor-element elementor-element-2ac37d9c elementor-widget elementor-widget-heading\" data-id=\"2ac37d9c\" data-element_type=\"widget\" data-e-type=\"widget\" data-widget_type=\"heading.default\">\n\t\t\t\t<div class=\"elementor-widget-container\">\n\t\t\t\t\t<h5 class=\"elementor-heading-title elementor-size-default\">\u00bfQu\u00e9 informaci\u00f3n tratamos?<\/h5>\t\t\t\t<\/div>\n\t\t\t\t<\/div>\n\t\t\t\t<div class=\"elementor-element elementor-element-148df3b elementor-widget elementor-widget-text-editor\" data-id=\"148df3b\" data-element_type=\"widget\" data-e-type=\"widget\" data-widget_type=\"text-editor.default\">\n\t\t\t\t<div class=\"elementor-widget-container\">\n\t\t\t\t\t\t\t\t\tEl tipo de informaci\u00f3n que recopilemos depender\u00e1 de las circunstancias y de los servicios que utilice. En t\u00e9rminos generales, obtendremos informaci\u00f3n sobre usted de la siguiente manera:\t\t\t\t\t\t\t\t<\/div>\n\t\t\t\t<\/div>\n\t\t\t\t<div class=\"elementor-element elementor-element-4bb53349 elementor-widget elementor-widget-text-editor\" data-id=\"4bb53349\" data-element_type=\"widget\" data-e-type=\"widget\" data-widget_type=\"text-editor.default\">\n\t\t\t\t<div class=\"elementor-widget-container\">\n\t\t\t\t\t\t\t\t\t\u2022 Datos identificativos y de contacto: Obtenemos sus datos identificativos y de contacto cuando se registra en nuestra web, cuando contrata nuestros servicios o productos, cuando nos solicita informaci\u00f3n a trav\u00e9s de su correo electr\u00f3nico, cuando se suscribe a nuestros boletines informativos, cuando nos env\u00eda una consulta o cuando solicite colaborar con nosotros. Los datos personales incluidos en este apartado ser\u00e1n:\n\n\t\t\t\t\t\t\t\t<\/div>\n\t\t\t\t<\/div>\n\t\t\t\t<div class=\"elementor-element elementor-element-5c0041f9 elementor-widget elementor-widget-html\" data-id=\"5c0041f9\" data-element_type=\"widget\" data-e-type=\"widget\" data-widget_type=\"html.default\">\n\t\t\t\t<div class=\"elementor-widget-container\">\n\t\t\t\t\t<p>- Datos de car\u00e1cter identificativo.<br>\r\n- Caracter\u00edsticas personales y\/o circunstancias sociales.<br>\r\n- Datos acad\u00e9micos y profesionales.<br>\r\n- Datos de empleo.<br>\r\n- Datos relativos a transacciones de bienes y servicios.<\/p>\t\t\t\t<\/div>\n\t\t\t\t<\/div>\n\t\t\t\t<div class=\"elementor-element elementor-element-46c27ce9 elementor-widget elementor-widget-heading\" data-id=\"46c27ce9\" data-element_type=\"widget\" data-e-type=\"widget\" data-widget_type=\"heading.default\">\n\t\t\t\t<div class=\"elementor-widget-container\">\n\t\t\t\t\t<h5 class=\"elementor-heading-title elementor-size-default\">\u00bfCon qu\u00e9 finalidad recabamos su informaci\u00f3n personal?<\/h5>\t\t\t\t<\/div>\n\t\t\t\t<\/div>\n\t\t\t\t<div class=\"elementor-element elementor-element-56c3b4d3 elementor-widget elementor-widget-text-editor\" data-id=\"56c3b4d3\" data-element_type=\"widget\" data-e-type=\"widget\" data-widget_type=\"text-editor.default\">\n\t\t\t\t<div class=\"elementor-widget-container\">\n\t\t\t\t\t\t\t\t\tUsuarios y alumnos: En AUPEX vamos a tratar tus datos personales con las siguientes finalidades: gesti\u00f3n de su inscripci\u00f3n en el curso\/actividad organizada por AUPEX. Env\u00edo de comunicaciones sobre nuestras actividades.\t\t\t\t\t\t\t\t<\/div>\n\t\t\t\t<\/div>\n\t\t\t\t<div class=\"elementor-element elementor-element-57d02431 elementor-widget elementor-widget-text-editor\" data-id=\"57d02431\" data-element_type=\"widget\" data-e-type=\"widget\" data-widget_type=\"text-editor.default\">\n\t\t\t\t<div class=\"elementor-widget-container\">\n\t\t\t\t\t\t\t\t\tContactos de la web o del correo electr\u00f3nico: En AUPEX vamos a tratar tus datos personales con las siguientes finalidades: Contestar a tus consultas, solicitudes o peticiones. Gestionar el servicio solicitado, contestar tu solicitud, o tramitar tu petici\u00f3n. Informaci\u00f3n por medios electr\u00f3nicos, que versen sobre tu solicitud. Informaci\u00f3n comercial o de eventos por medios electr\u00f3nicos, siempre que exista autorizaci\u00f3n expresa. Realizar an\u00e1lisis y mejoras en la Web, sobre nuestros productos y servicios. Mejorar nuestra estrategia comercial.\t\t\t\t\t\t\t\t<\/div>\n\t\t\t\t<\/div>\n\t\t\t\t<div class=\"elementor-element elementor-element-78380bff elementor-widget elementor-widget-text-editor\" data-id=\"78380bff\" data-element_type=\"widget\" data-e-type=\"widget\" data-widget_type=\"text-editor.default\">\n\t\t\t\t<div class=\"elementor-widget-container\">\n\t\t\t\t\t\t\t\t\tDemandantes de empleo: En AUPEX vamos a tratar tus datos personales con las siguientes finalidades: Organizaci\u00f3n de procesos de selecci\u00f3n para la contrataci\u00f3n de empleados. Citarle para entrevistas de trabajo y evaluar su candidatura. Si nos ha dado su consentimiento, podremos mantener su CV para hacerle part\u00edcipe en nuevos procesos de selecci\u00f3n. Si nos ha dado su consentimiento, podremos comunicar su CV a empresas del grupo, colaboradoras o afines, con el \u00fanico objetivo de hacerle part\u00edcipe en tus procesos de selecci\u00f3n.\t\t\t\t\t\t\t\t<\/div>\n\t\t\t\t<\/div>\n\t\t\t\t<div class=\"elementor-element elementor-element-815676 elementor-widget elementor-widget-heading\" data-id=\"815676\" data-element_type=\"widget\" data-e-type=\"widget\" data-widget_type=\"heading.default\">\n\t\t\t\t<div class=\"elementor-widget-container\">\n\t\t\t\t\t<h5 class=\"elementor-heading-title elementor-size-default\">\u00bfCu\u00e1l es la legitimaci\u00f3n para el tratamiento de sus datos?<\/h5>\t\t\t\t<\/div>\n\t\t\t\t<\/div>\n\t\t\t\t<div class=\"elementor-element elementor-element-4739cdd0 elementor-widget elementor-widget-text-editor\" data-id=\"4739cdd0\" data-element_type=\"widget\" data-e-type=\"widget\" data-widget_type=\"text-editor.default\">\n\t\t\t\t<div class=\"elementor-widget-container\">\n\t\t\t\t\t\t\t\t\tPara el tratamiento de sus datos personales nos basamos en la legitimaci\u00f3n por varios motivos:\t\t\t\t\t\t\t\t<\/div>\n\t\t\t\t<\/div>\n\t\t\t\t<div class=\"elementor-element elementor-element-60acd5a9 elementor-widget elementor-widget-html\" data-id=\"60acd5a9\" data-element_type=\"widget\" data-e-type=\"widget\" data-widget_type=\"html.default\">\n\t\t\t\t<div class=\"elementor-widget-container\">\n\t\t\t\t\t<p>\r\n - Para el cumplimiento de un contrato y\/o relaci\u00f3n comercial.<br>\r\n- Para el cumplimiento de distintas obligaciones legales.<br>\r\n- En inter\u00e9s leg\u00edtimo del responsable del tratamiento.\r\n<\/p>\t\t\t\t<\/div>\n\t\t\t\t<\/div>\n\t\t\t\t<div class=\"elementor-element elementor-element-3c4af1f9 elementor-widget elementor-widget-heading\" data-id=\"3c4af1f9\" data-element_type=\"widget\" data-e-type=\"widget\" data-widget_type=\"heading.default\">\n\t\t\t\t<div class=\"elementor-widget-container\">\n\t\t\t\t\t<h5 class=\"elementor-heading-title elementor-size-default\">\u00bfA qu\u00e9 destinatarios se comunicar\u00e1n sus datos? <\/h5>\t\t\t\t<\/div>\n\t\t\t\t<\/div>\n\t\t\t\t<div class=\"elementor-element elementor-element-7126ae98 elementor-widget elementor-widget-text-editor\" data-id=\"7126ae98\" data-element_type=\"widget\" data-e-type=\"widget\" data-widget_type=\"text-editor.default\">\n\t\t\t\t<div class=\"elementor-widget-container\">\n\t\t\t\t\t\t\t\t\tSus datos no se ceder\u00e1n a terceros, salvo obligaci\u00f3n legal. \nEn concreto se comunicar\u00e1n a la Agencia Estatal de la Administraci\u00f3n Tributaria y a bancos y entidades financieras para el cobro del servicio prestado o producto adquirido, as\u00ed como a los encargados del tratamiento necesarios para la ejecuci\u00f3n del acuerdo.\n\t\t\t\t\t\t\t\t<\/div>\n\t\t\t\t<\/div>\n\t\t\t\t<div class=\"elementor-element elementor-element-222f0187 elementor-widget elementor-widget-text-editor\" data-id=\"222f0187\" data-element_type=\"widget\" data-e-type=\"widget\" data-widget_type=\"text-editor.default\">\n\t\t\t\t<div class=\"elementor-widget-container\">\n\t\t\t\t\t\t\t\t\tEn caso de compra o pago, si elige alguna aplicaci\u00f3n web, plataforma, tarjeta bancaria, o alg\u00fan otro servicio online, sus datos se ceder\u00e1n a esa plataforma o se tratar\u00e1n en su entorno, siempre con la m\u00e1xima seguridad.\t\t\t\t\t\t\t\t<\/div>\n\t\t\t\t<\/div>\n\t\t\t\t<div class=\"elementor-element elementor-element-3db0be3d elementor-widget elementor-widget-text-editor\" data-id=\"3db0be3d\" data-element_type=\"widget\" data-e-type=\"widget\" data-widget_type=\"text-editor.default\">\n\t\t\t\t<div class=\"elementor-widget-container\">\n\t\t\t\t\t\t\t\t\tUtilizamos determinadas aplicaciones que implican una transferencia internacional a Estados Unidos. \u00c9sta \u00fanicamente se realizar\u00e1 a entidades que hayan demostrado y que se hayan comprometido a trav\u00e9s de cl\u00e1usulas contractuales tipo (en ingl\u00e9s SCCs) a cumplir con el nivel de protecci\u00f3n y garant\u00edas de acuerdo con los par\u00e1metros y exigencias previstas en la normativa europea vigente en materia de protecci\u00f3n de datos, como el Reglamento Europeo, o cuando exista un habilitaci\u00f3n legal para realizar la transferencia internacional.\t\t\t\t\t\t\t\t<\/div>\n\t\t\t\t<\/div>\n\t\t\t\t<div class=\"elementor-element elementor-element-1d01a82a elementor-widget elementor-widget-heading\" data-id=\"1d01a82a\" data-element_type=\"widget\" data-e-type=\"widget\" data-widget_type=\"heading.default\">\n\t\t\t\t<div class=\"elementor-widget-container\">\n\t\t\t\t\t<h5 class=\"elementor-heading-title elementor-size-default\">\u00bfTratamos datos de menores de edad? <\/h5>\t\t\t\t<\/div>\n\t\t\t\t<\/div>\n\t\t\t\t<div class=\"elementor-element elementor-element-27732b77 elementor-widget elementor-widget-text-editor\" data-id=\"27732b77\" data-element_type=\"widget\" data-e-type=\"widget\" data-widget_type=\"text-editor.default\">\n\t\t\t\t<div class=\"elementor-widget-container\">\n\t\t\t\t\t\t\t\t\tNo tratamos datos de menores de 14 a\u00f1os, por tanto, abst\u00e9ngase de facilitarlos si no tiene esa edad.\t\t\t\t\t\t\t\t<\/div>\n\t\t\t\t<\/div>\n\t\t\t\t<div class=\"elementor-element elementor-element-e380eb7 elementor-widget elementor-widget-heading\" data-id=\"e380eb7\" data-element_type=\"widget\" data-e-type=\"widget\" data-widget_type=\"heading.default\">\n\t\t\t\t<div class=\"elementor-widget-container\">\n\t\t\t\t\t<h5 class=\"elementor-heading-title elementor-size-default\">\u00bfQu\u00e9 medidas de seguridad aplicamos? <\/h5>\t\t\t\t<\/div>\n\t\t\t\t<\/div>\n\t\t\t\t<div class=\"elementor-element elementor-element-372b1b93 elementor-widget elementor-widget-text-editor\" data-id=\"372b1b93\" data-element_type=\"widget\" data-e-type=\"widget\" data-widget_type=\"text-editor.default\">\n\t\t\t\t<div class=\"elementor-widget-container\">\n\t\t\t\t\t\t\t\t\tPuedes estar tranquilo, hemos adoptado un nivel \u00f3ptimo de protecci\u00f3n de los Datos Personales que manejamos, y hemos instalado todos los medios y medidas t\u00e9cnicas a nuestra disposici\u00f3n seg\u00fan el estado de la tecnolog\u00eda para evitar la p\u00e9rdida, mal uso, alteraci\u00f3n, acceso no autorizado y robo de los Datos Personales.  \t\t\t\t\t\t\t\t<\/div>\n\t\t\t\t<\/div>\n\t\t\t\t<div class=\"elementor-element elementor-element-26f56006 elementor-widget elementor-widget-heading\" data-id=\"26f56006\" data-element_type=\"widget\" data-e-type=\"widget\" data-widget_type=\"heading.default\">\n\t\t\t\t<div class=\"elementor-widget-container\">\n\t\t\t\t\t<h5 class=\"elementor-heading-title elementor-size-default\">\u00bfCu\u00e1les son sus derechos en relaci\u00f3n con el tratamiento de datos?<\/h5>\t\t\t\t<\/div>\n\t\t\t\t<\/div>\n\t\t\t\t<div class=\"elementor-element elementor-element-14894817 elementor-widget elementor-widget-text-editor\" data-id=\"14894817\" data-element_type=\"widget\" data-e-type=\"widget\" data-widget_type=\"text-editor.default\">\n\t\t\t\t<div class=\"elementor-widget-container\">\n\t\t\t\t\t\t\t\t\tASOCIACI\u00d3N REGIONAL DE UNIVERSIDADES POPULARES DE EXTREMADURA (AUPEX) dispone de formularios para el ejercicio de derechos que pueden ser solicitados al email aupex@aupex.org o utilizar los elaborados por la Agencia Espa\u00f1ola de Protecci\u00f3n de Datos o terceros. Estos formularios deber\u00e1n ir firmados electr\u00f3nicamente o ser acompa\u00f1ados de fotocopia del DNI. Si se act\u00faa por medio de representante de la misma manera deber\u00e1 ir acompa\u00f1ado de copia de su DNI o con firma electr\u00f3nica. \t\t\t\t\t\t\t\t<\/div>\n\t\t\t\t<\/div>\n\t\t\t\t<div class=\"elementor-element elementor-element-64abc4ab elementor-widget elementor-widget-text-editor\" data-id=\"64abc4ab\" data-element_type=\"widget\" data-e-type=\"widget\" data-widget_type=\"text-editor.default\">\n\t\t\t\t<div class=\"elementor-widget-container\">\n\t\t\t\t\t\t\t\t\tLos formularios deber\u00e1n ser presentados presencialmente a ASOCIACI\u00d3N REGIONAL DE UNIVERSIDADES POPULARES DE EXTREMADURA (AUPEX) o remitidos por correo postal o electr\u00f3nico en las direcciones que aparecen en el apartado \u201cResponsable\u201d.\t\t\t\t\t\t\t\t<\/div>\n\t\t\t\t<\/div>\n\t\t\t\t<div class=\"elementor-element elementor-element-397d796e elementor-widget elementor-widget-text-editor\" data-id=\"397d796e\" data-element_type=\"widget\" data-e-type=\"widget\" data-widget_type=\"text-editor.default\">\n\t\t\t\t<div class=\"elementor-widget-container\">\n\t\t\t\t\t\t\t\t\tTiene derecho a presentar una reclamaci\u00f3n ante la Agencia Espa\u00f1ola de Protecci\u00f3n de Datos en el supuesto que considere que no se ha atendido convenientemente el ejercicio de sus derechos. El plazo m\u00e1ximo para resolver es el de un mes a contar desde la recepci\u00f3n de su solicitud.\t\t\t\t\t\t\t\t<\/div>\n\t\t\t\t<\/div>\n\t\t\t\t<div class=\"elementor-element elementor-element-3ea021a0 elementor-widget elementor-widget-text-editor\" data-id=\"3ea021a0\" data-element_type=\"widget\" data-e-type=\"widget\" data-widget_type=\"text-editor.default\">\n\t\t\t\t<div class=\"elementor-widget-container\">\n\t\t\t\t\t\t\t\t\tEn el caso de producirse alguna modificaci\u00f3n de sus datos, le agradecemos nos lo comunique debidamente por escrito con la finalidad de mantener sus datos actualizados.\t\t\t\t\t\t\t\t<\/div>\n\t\t\t\t<\/div>\n\t\t\t\t<div class=\"elementor-element elementor-element-5d305efb elementor-widget elementor-widget-heading\" data-id=\"5d305efb\" data-element_type=\"widget\" data-e-type=\"widget\" data-widget_type=\"heading.default\">\n\t\t\t\t<div class=\"elementor-widget-container\">\n\t\t\t\t\t<h5 class=\"elementor-heading-title elementor-size-default\">\u00bfDurante cu\u00e1nto tiempo vamos a mantener sus datos personales?<\/h5>\t\t\t\t<\/div>\n\t\t\t\t<\/div>\n\t\t\t\t<div class=\"elementor-element elementor-element-3312b469 elementor-widget elementor-widget-text-editor\" data-id=\"3312b469\" data-element_type=\"widget\" data-e-type=\"widget\" data-widget_type=\"text-editor.default\">\n\t\t\t\t<div class=\"elementor-widget-container\">\n\t\t\t\t\t\t\t\t\tLos datos personales ser\u00e1n mantenidos mientras siga vinculado con nosotros.\nUna vez se desvincule, los datos personales tratados en cada finalidad se mantendr\u00e1n durante los plazos legalmente previstos, incluido el plazo en el que un juez o tribunal los pueda requerir atendiendo al plazo de prescripci\u00f3n de acciones judiciales. \n\t\t\t\t\t\t\t\t<\/div>\n\t\t\t\t<\/div>\n\t\t\t\t<div class=\"elementor-element elementor-element-169620e elementor-widget elementor-widget-spacer\" data-id=\"169620e\" data-element_type=\"widget\" data-e-type=\"widget\" data-widget_type=\"spacer.default\">\n\t\t\t\t<div class=\"elementor-widget-container\">\n\t\t\t\t\t\t\t<div class=\"elementor-spacer\">\n\t\t\t<div class=\"elementor-spacer-inner\"><\/div>\n\t\t<\/div>\n\t\t\t\t\t\t<\/div>\n\t\t\t\t<\/div>\n\t\t\t\t\t<\/div>\n\t\t<\/div>\n\t\t\t\t\t<\/div>\n\t\t<\/section>\n\t\t\t\t<\/div>\n\t\t","protected":false},"excerpt":{"rendered":"<p>POL\u00cdTICA DE PRIVACIDAD En ASOCIACI\u00d3N REGIONAL DE UNIVERSIDADES POPULARES DE EXTREMADURA (AUPEX) nos comprometemos a asegurar que su informaci\u00f3n personal se encuentre protegida y no se utilice de forma indebida. Al facilitarnos su informaci\u00f3n personal y utilizar nuestro sitio web, entendemos que ha le\u00eddo y comprendido los t\u00e9rminos relacionados con la informaci\u00f3n de protecci\u00f3n de [&hellip;]<\/p>\n","protected":false},"author":1,"featured_media":0,"parent":0,"menu_order":100,"comment_status":"closed","ping_status":"closed","template":"","meta":{"footnotes":""},"class_list":["post-1817","page","type-page","status-publish","hentry"],"_links":{"self":[{"href":"https:\/\/cultura.aupex.org\/operarural\/wp-json\/wp\/v2\/pages\/1817","targetHints":{"allow":["GET"]}}],"collection":[{"href":"https:\/\/cultura.aupex.org\/operarural\/wp-json\/wp\/v2\/pages"}],"about":[{"href":"https:\/\/cultura.aupex.org\/operarural\/wp-json\/wp\/v2\/types\/page"}],"author":[{"embeddable":true,"href":"https:\/\/cultura.aupex.org\/operarural\/wp-json\/wp\/v2\/users\/1"}],"replies":[{"embeddable":true,"href":"https:\/\/cultura.aupex.org\/operarural\/wp-json\/wp\/v2\/comments?post=1817"}],"version-history":[{"count":16,"href":"https:\/\/cultura.aupex.org\/operarural\/wp-json\/wp\/v2\/pages\/1817\/revisions"}],"predecessor-version":[{"id":1837,"href":"https:\/\/cultura.aupex.org\/operarural\/wp-json\/wp\/v2\/pages\/1817\/revisions\/1837"}],"wp:attachment":[{"href":"https:\/\/cultura.aupex.org\/operarural\/wp-json\/wp\/v2\/media?parent=1817"}],"curies":[{"name":"wp","href":"https:\/\/api.w.org\/{rel}","templated":true}]}}