{"id":1644,"date":"2023-03-29T15:56:33","date_gmt":"2023-03-29T15:56:33","guid":{"rendered":"https:\/\/cultura.aupex.org\/operarural\/?page_id=1644"},"modified":"2023-04-03T07:23:44","modified_gmt":"2023-04-03T07:23:44","slug":"benji_estevez","status":"publish","type":"page","link":"https:\/\/cultura.aupex.org\/operarural\/la-traviata-de-giuseppe-verdi\/benji_estevez\/","title":{"rendered":"Benji Est\u00e9vez"},"content":{"rendered":"\t\t<div data-elementor-type=\"wp-page\" data-elementor-id=\"1644\" class=\"elementor elementor-1644\">\n\t\t\t\t\t\t<section class=\"elementor-section elementor-top-section elementor-element elementor-element-33752811 elementor-section-boxed elementor-section-height-default elementor-section-height-default\" data-id=\"33752811\" data-element_type=\"section\" data-e-type=\"section\" data-settings=\"{&quot;background_background&quot;:&quot;classic&quot;}\">\n\t\t\t\t\t\t\t<div class=\"elementor-background-overlay\"><\/div>\n\t\t\t\t\t\t\t<div class=\"elementor-container elementor-column-gap-no\">\n\t\t\t\t\t<div class=\"elementor-column elementor-col-100 elementor-top-column elementor-element elementor-element-e877a19\" data-id=\"e877a19\" data-element_type=\"column\" data-e-type=\"column\">\n\t\t\t<div class=\"elementor-widget-wrap elementor-element-populated\">\n\t\t\t\t\t\t<div class=\"elementor-element elementor-element-40f9befe elementor-widget elementor-widget-spacer\" data-id=\"40f9befe\" data-element_type=\"widget\" data-e-type=\"widget\" data-widget_type=\"spacer.default\">\n\t\t\t\t<div class=\"elementor-widget-container\">\n\t\t\t\t\t\t\t<div class=\"elementor-spacer\">\n\t\t\t<div class=\"elementor-spacer-inner\"><\/div>\n\t\t<\/div>\n\t\t\t\t\t\t<\/div>\n\t\t\t\t<\/div>\n\t\t\t\t\t<\/div>\n\t\t<\/div>\n\t\t\t\t\t<\/div>\n\t\t<\/section>\n\t\t\t\t<section class=\"elementor-section elementor-top-section elementor-element elementor-element-37e10214 elementor-section-boxed elementor-section-height-default elementor-section-height-default\" data-id=\"37e10214\" data-element_type=\"section\" data-e-type=\"section\" data-settings=\"{&quot;background_background&quot;:&quot;gradient&quot;}\">\n\t\t\t\t\t\t<div class=\"elementor-container elementor-column-gap-no\">\n\t\t\t\t\t<div class=\"elementor-column elementor-col-100 elementor-top-column elementor-element elementor-element-13d210c6\" data-id=\"13d210c6\" data-element_type=\"column\" data-e-type=\"column\">\n\t\t\t<div class=\"elementor-widget-wrap elementor-element-populated\">\n\t\t\t\t\t\t<section class=\"elementor-section elementor-inner-section elementor-element elementor-element-707c529b elementor-section-boxed elementor-section-height-default elementor-section-height-default\" data-id=\"707c529b\" data-element_type=\"section\" data-e-type=\"section\" data-settings=\"{&quot;background_background&quot;:&quot;classic&quot;}\">\n\t\t\t\t\t\t<div class=\"elementor-container elementor-column-gap-no\">\n\t\t\t\t\t<div class=\"elementor-column elementor-col-100 elementor-inner-column elementor-element elementor-element-708e2660\" data-id=\"708e2660\" data-element_type=\"column\" data-e-type=\"column\">\n\t\t\t<div class=\"elementor-widget-wrap\">\n\t\t\t\t\t\t\t<\/div>\n\t\t<\/div>\n\t\t\t\t\t<\/div>\n\t\t<\/section>\n\t\t\t\t<section class=\"elementor-section elementor-inner-section elementor-element elementor-element-62ca9fbe elementor-section-content-top elementor-section-boxed elementor-section-height-default elementor-section-height-default\" data-id=\"62ca9fbe\" data-element_type=\"section\" data-e-type=\"section\" data-settings=\"{&quot;background_background&quot;:&quot;classic&quot;}\">\n\t\t\t\t\t\t<div class=\"elementor-container elementor-column-gap-default\">\n\t\t\t\t\t<div class=\"elementor-column elementor-col-33 elementor-inner-column elementor-element elementor-element-194e28c6\" data-id=\"194e28c6\" data-element_type=\"column\" data-e-type=\"column\" data-settings=\"{&quot;background_background&quot;:&quot;classic&quot;}\">\n\t\t\t<div class=\"elementor-widget-wrap elementor-element-populated\">\n\t\t\t\t\t\t<div class=\"elementor-element elementor-element-d90f15d elementor-widget elementor-widget-spacer\" data-id=\"d90f15d\" data-element_type=\"widget\" data-e-type=\"widget\" data-widget_type=\"spacer.default\">\n\t\t\t\t<div class=\"elementor-widget-container\">\n\t\t\t\t\t\t\t<div class=\"elementor-spacer\">\n\t\t\t<div class=\"elementor-spacer-inner\"><\/div>\n\t\t<\/div>\n\t\t\t\t\t\t<\/div>\n\t\t\t\t<\/div>\n\t\t\t\t<div class=\"elementor-element elementor-element-4c7f5cbe elementor-widget elementor-widget-image\" data-id=\"4c7f5cbe\" data-element_type=\"widget\" data-e-type=\"widget\" data-widget_type=\"image.default\">\n\t\t\t\t<div class=\"elementor-widget-container\">\n\t\t\t\t\t\t\t\t\t\t\t\t\t\t\t<img fetchpriority=\"high\" decoding=\"async\" width=\"600\" height=\"650\" src=\"https:\/\/cultura.aupex.org\/operarural\/wp-content\/uploads\/2023\/03\/benji-estevez.jpg\" class=\"attachment-full size-full wp-image-1629\" alt=\"\" srcset=\"https:\/\/cultura.aupex.org\/operarural\/wp-content\/uploads\/2023\/03\/benji-estevez.jpg 600w, https:\/\/cultura.aupex.org\/operarural\/wp-content\/uploads\/2023\/03\/benji-estevez-277x300.jpg 277w\" sizes=\"(max-width: 600px) 100vw, 600px\" \/>\t\t\t\t\t\t\t\t\t\t\t\t\t\t\t<\/div>\n\t\t\t\t<\/div>\n\t\t\t\t\t<\/div>\n\t\t<\/div>\n\t\t\t\t<div class=\"elementor-column elementor-col-33 elementor-inner-column elementor-element elementor-element-25fea9d9\" data-id=\"25fea9d9\" data-element_type=\"column\" data-e-type=\"column\">\n\t\t\t<div class=\"elementor-widget-wrap\">\n\t\t\t\t\t\t\t<\/div>\n\t\t<\/div>\n\t\t\t\t<div class=\"elementor-column elementor-col-33 elementor-inner-column elementor-element elementor-element-522a4db6\" data-id=\"522a4db6\" data-element_type=\"column\" data-e-type=\"column\">\n\t\t\t<div class=\"elementor-widget-wrap elementor-element-populated\">\n\t\t\t\t\t\t<div class=\"elementor-element elementor-element-5f7d19f8 elementor-widget elementor-widget-heading\" data-id=\"5f7d19f8\" data-element_type=\"widget\" data-e-type=\"widget\" data-widget_type=\"heading.default\">\n\t\t\t\t<div class=\"elementor-widget-container\">\n\t\t\t\t\t<h1 class=\"elementor-heading-title elementor-size-default\">Benji Est\u00e9vez<\/h1>\t\t\t\t<\/div>\n\t\t\t\t<\/div>\n\t\t\t\t<div class=\"elementor-element elementor-element-5d99daa0 elementor-widget elementor-widget-button\" data-id=\"5d99daa0\" data-element_type=\"widget\" data-e-type=\"widget\" data-widget_type=\"button.default\">\n\t\t\t\t<div class=\"elementor-widget-container\">\n\t\t\t\t\t\t\t\t\t<div class=\"elementor-button-wrapper\">\n\t\t\t\t\t<a class=\"elementor-button elementor-size-md\" role=\"button\">\n\t\t\t\t\t\t<span class=\"elementor-button-content-wrapper\">\n\t\t\t\t\t\t\t\t\t<span class=\"elementor-button-text\">Giuseppe<\/span>\n\t\t\t\t\t<\/span>\n\t\t\t\t\t<\/a>\n\t\t\t\t<\/div>\n\t\t\t\t\t\t\t\t<\/div>\n\t\t\t\t<\/div>\n\t\t\t\t<div class=\"elementor-element elementor-element-bca8502 elementor-widget elementor-widget-text-editor\" data-id=\"bca8502\" data-element_type=\"widget\" data-e-type=\"widget\" data-widget_type=\"text-editor.default\">\n\t\t\t\t<div class=\"elementor-widget-container\">\n\t\t\t\t\t\t\t\t\tNacido en Coria, lleva subido a los escenarios desde 1993 como parte de la Asociaci\u00f3n Folcl\u00f3rica de Coros y Danzas \u201cSavia Viva\u201d, con la que ha recorrido toda la geograf\u00eda nacional y pa\u00edses como Portugal, Francia, Grecia, B\u00e9lgica, Alemania y Polonia.  \n\t\t\t\t\t\t\t\t<\/div>\n\t\t\t\t<\/div>\n\t\t\t\t<div class=\"elementor-element elementor-element-48dab177 elementor-widget elementor-widget-text-editor\" data-id=\"48dab177\" data-element_type=\"widget\" data-e-type=\"widget\" data-widget_type=\"text-editor.default\">\n\t\t\t\t<div class=\"elementor-widget-container\">\n\t\t\t\t\t\t\t\t\tEn 2010 se une al Coro de la Universidad de Extremadura bajo la batuta del profesor y director Francisco Rodilla, compaginando sus estudios de Licenciatura en Filolog\u00eda Inglesa. Adem\u00e1s del amplio repertorio coral desarrollado, desde Tom\u00e1s Luis de Victoria hasta Silvio Rodr\u00edguez, destaca la interpretaci\u00f3n de la 9\u00aa Sinfon\u00eda de Beethoven en diciembre de 2010, el Auditorio Nacional de Madrid, en colaboraci\u00f3n con el Coro de la Universidad Aut\u00f3noma de Madrid.\n\t\t\t\t\t\t\t\t<\/div>\n\t\t\t\t<\/div>\n\t\t\t\t<div class=\"elementor-element elementor-element-527e9c3b elementor-widget elementor-widget-text-editor\" data-id=\"527e9c3b\" data-element_type=\"widget\" data-e-type=\"widget\" data-widget_type=\"text-editor.default\">\n\t\t\t\t<div class=\"elementor-widget-container\">\n\t\t\t\t\t\t\t\t\tEn 2012 inicia su labor profesional como docente de lenguas extranjeras y comienza sus estudios musicales en el Conservatorio Oficial de M\u00fasica \u201cHermanos Berzosa\u201d, de C\u00e1ceres. Como alumno del Aula de Canto de Celia S\u00e1nchez del R\u00edo realiza audiciones y recitales, destacando el papel protagonista de Jonas en los \u201cOratorios de Carissimi\u201d representados en 2014 en el Gran Teatro de C\u00e1ceres, bajo la direcci\u00f3n art\u00edstica de la actriz y directora Maruchi Le\u00f3n.\n\t\t\t\t\t\t\t\t<\/div>\n\t\t\t\t<\/div>\n\t\t\t\t<div class=\"elementor-element elementor-element-dadbcef elementor-widget elementor-widget-text-editor\" data-id=\"dadbcef\" data-element_type=\"widget\" data-e-type=\"widget\" data-widget_type=\"text-editor.default\">\n\t\t\t\t<div class=\"elementor-widget-container\">\n\t\t\t\t\t\t\t\t\tEs alumno del maestro \u00c1ngel Jim\u00e9nez Iglesias, con quien trabaja asiduamente enfatizando en la producci\u00f3n t\u00e9cnica y expresiva un variado repertorio de tenor. Ha realizado proyectos tales como \u201cAntolog\u00eda de la Zarzuela\u201d, \u201cEl Sue\u00f1o de Marina\u201d, \u201cR\u00e9quiem\u201d de Faur\u00e9, \u201cMisa de la Coronaci\u00f3n\u201d de Mozart, \u201cFantas\u00eda Coral\u201d de Beethoven, \u201cR\u00e9quiem\u201d de Mozart, \u201cGloria\u201d de Vivaldi, \u201cMisa Nelson\u201d de Haydn, \u201cLuisa Fernanda\u201d de Torroba, y m\u00e1s recientemente varias galas l\u00edricas adem\u00e1s del pastiche \u00abUna Noche en la \u00d3pera\u00bb, junto a pianistas como Beatriz Gonz\u00e1lez o Silvia Mkrtchian, y cantantes de la talla de Domingo Ramos, Concepci\u00f3n Martos o Elena Rey. \t\t\t\t\t\t\t\t<\/div>\n\t\t\t\t<\/div>\n\t\t\t\t\t<\/div>\n\t\t<\/div>\n\t\t\t\t\t<\/div>\n\t\t<\/section>\n\t\t\t\t\t<\/div>\n\t\t<\/div>\n\t\t\t\t\t<\/div>\n\t\t<\/section>\n\t\t\t\t<section class=\"elementor-section elementor-top-section elementor-element elementor-element-7966c565 elementor-section-boxed elementor-section-height-default elementor-section-height-default\" data-id=\"7966c565\" data-element_type=\"section\" data-e-type=\"section\">\n\t\t\t\t\t\t<div class=\"elementor-container elementor-column-gap-default\">\n\t\t\t\t\t<div class=\"elementor-column elementor-col-100 elementor-top-column elementor-element elementor-element-33810a00\" data-id=\"33810a00\" data-element_type=\"column\" data-e-type=\"column\">\n\t\t\t<div class=\"elementor-widget-wrap\">\n\t\t\t\t\t\t\t<\/div>\n\t\t<\/div>\n\t\t\t\t\t<\/div>\n\t\t<\/section>\n\t\t\t\t<\/div>\n\t\t","protected":false},"excerpt":{"rendered":"<p>Benji Est\u00e9vez Giuseppe Nacido en Coria, lleva subido a los escenarios desde 1993 como parte de la Asociaci\u00f3n Folcl\u00f3rica de Coros y Danzas \u201cSavia Viva\u201d, con la que ha recorrido toda la geograf\u00eda nacional y pa\u00edses como Portugal, Francia, Grecia, B\u00e9lgica, Alemania y Polonia. En 2010 se une al Coro de la Universidad de Extremadura [&hellip;]<\/p>\n","protected":false},"author":1,"featured_media":0,"parent":652,"menu_order":55,"comment_status":"closed","ping_status":"closed","template":"","meta":{"footnotes":""},"class_list":["post-1644","page","type-page","status-publish","hentry"],"_links":{"self":[{"href":"https:\/\/cultura.aupex.org\/operarural\/wp-json\/wp\/v2\/pages\/1644","targetHints":{"allow":["GET"]}}],"collection":[{"href":"https:\/\/cultura.aupex.org\/operarural\/wp-json\/wp\/v2\/pages"}],"about":[{"href":"https:\/\/cultura.aupex.org\/operarural\/wp-json\/wp\/v2\/types\/page"}],"author":[{"embeddable":true,"href":"https:\/\/cultura.aupex.org\/operarural\/wp-json\/wp\/v2\/users\/1"}],"replies":[{"embeddable":true,"href":"https:\/\/cultura.aupex.org\/operarural\/wp-json\/wp\/v2\/comments?post=1644"}],"version-history":[{"count":7,"href":"https:\/\/cultura.aupex.org\/operarural\/wp-json\/wp\/v2\/pages\/1644\/revisions"}],"predecessor-version":[{"id":1816,"href":"https:\/\/cultura.aupex.org\/operarural\/wp-json\/wp\/v2\/pages\/1644\/revisions\/1816"}],"up":[{"embeddable":true,"href":"https:\/\/cultura.aupex.org\/operarural\/wp-json\/wp\/v2\/pages\/652"}],"wp:attachment":[{"href":"https:\/\/cultura.aupex.org\/operarural\/wp-json\/wp\/v2\/media?parent=1644"}],"curies":[{"name":"wp","href":"https:\/\/api.w.org\/{rel}","templated":true}]}}

Benji Estévez

<div data-elementor-type="wp-page" data-elementor-id="1644" class="elementor elementor-1644">
						<section class="elementor-section elementor-top-section elementor-element elementor-element-33752811 elementor-section-boxed elementor-section-height-default elementor-section-height-default" data-id="33752811" data-element_type="section" data-e-type="section" data-settings="{&quot;background_background&quot;:&quot;classic&quot;}">
							<div class="elementor-background-overlay"></div>
							<div class="elementor-container elementor-column-gap-no">
					<div class="elementor-column elementor-col-100 elementor-top-column elementor-element elementor-element-e877a19" data-id="e877a19" data-element_type="column" data-e-type="column">
			<div class="elementor-widget-wrap elementor-element-populated">
						<div class="elementor-element elementor-element-40f9befe elementor-widget elementor-widget-spacer" data-id="40f9befe" data-element_type="widget" data-e-type="widget" data-widget_type="spacer.default">
				<div class="elementor-widget-container">
							<div class="elementor-spacer">
			<div class="elementor-spacer-inner"></div>
		</div>
						</div>
				</div>
					</div>
		</div>
					</div>
		</section>
				<section class="elementor-section elementor-top-section elementor-element elementor-element-37e10214 elementor-section-boxed elementor-section-height-default elementor-section-height-default" data-id="37e10214" data-element_type="section" data-e-type="section" data-settings="{&quot;background_background&quot;:&quot;gradient&quot;}">
						<div class="elementor-container elementor-column-gap-no">
					<div class="elementor-column elementor-col-100 elementor-top-column elementor-element elementor-element-13d210c6" data-id="13d210c6" data-element_type="column" data-e-type="column">
			<div class="elementor-widget-wrap elementor-element-populated">
						<section class="elementor-section elementor-inner-section elementor-element elementor-element-707c529b elementor-section-boxed elementor-section-height-default elementor-section-height-default" data-id="707c529b" data-element_type="section" data-e-type="section" data-settings="{&quot;background_background&quot;:&quot;classic&quot;}">
						<div class="elementor-container elementor-column-gap-no">
					<div class="elementor-column elementor-col-100 elementor-inner-column elementor-element elementor-element-708e2660" data-id="708e2660" data-element_type="column" data-e-type="column">
			<div class="elementor-widget-wrap">
							</div>
		</div>
					</div>
		</section>
				<section class="elementor-section elementor-inner-section elementor-element elementor-element-62ca9fbe elementor-section-content-top elementor-section-boxed elementor-section-height-default elementor-section-height-default" data-id="62ca9fbe" data-element_type="section" data-e-type="section" data-settings="{&quot;background_background&quot;:&quot;classic&quot;}">
						<div class="elementor-container elementor-column-gap-default">
					<div class="elementor-column elementor-col-33 elementor-inner-column elementor-element elementor-element-194e28c6" data-id="194e28c6" data-element_type="column" data-e-type="column" data-settings="{&quot;background_background&quot;:&quot;classic&quot;}">
			<div class="elementor-widget-wrap elementor-element-populated">
						<div class="elementor-element elementor-element-d90f15d elementor-widget elementor-widget-spacer" data-id="d90f15d" data-element_type="widget" data-e-type="widget" data-widget_type="spacer.default">
				<div class="elementor-widget-container">
							<div class="elementor-spacer">
			<div class="elementor-spacer-inner"></div>
		</div>
						</div>
				</div>
				<div class="elementor-element elementor-element-4c7f5cbe elementor-widget elementor-widget-image" data-id="4c7f5cbe" data-element_type="widget" data-e-type="widget" data-widget_type="image.default">
				<div class="elementor-widget-container">
															<img fetchpriority="high" decoding="async" width="600" height="650" src="https://cultura.aupex.org/operarural/wp-content/uploads/2023/03/benji-estevez.jpg" class="attachment-full size-full wp-image-1629" alt="" srcset="https://cultura.aupex.org/operarural/wp-content/uploads/2023/03/benji-estevez.jpg 600w, https://cultura.aupex.org/operarural/wp-content/uploads/2023/03/benji-estevez-277x300.jpg 277w" sizes="(max-width: 600px) 100vw, 600px" />															</div>
				</div>
					</div>
		</div>
				<div class="elementor-column elementor-col-33 elementor-inner-column elementor-element elementor-element-25fea9d9" data-id="25fea9d9" data-element_type="column" data-e-type="column">
			<div class="elementor-widget-wrap">
							</div>
		</div>
				<div class="elementor-column elementor-col-33 elementor-inner-column elementor-element elementor-element-522a4db6" data-id="522a4db6" data-element_type="column" data-e-type="column">
			<div class="elementor-widget-wrap elementor-element-populated">
						<div class="elementor-element elementor-element-5f7d19f8 elementor-widget elementor-widget-heading" data-id="5f7d19f8" data-element_type="widget" data-e-type="widget" data-widget_type="heading.default">
				<div class="elementor-widget-container">
					<h1 class="elementor-heading-title elementor-size-default">Benji Estévez</h1>				</div>
				</div>
				<div class="elementor-element elementor-element-5d99daa0 elementor-widget elementor-widget-button" data-id="5d99daa0" data-element_type="widget" data-e-type="widget" data-widget_type="button.default">
				<div class="elementor-widget-container">
									<div class="elementor-button-wrapper">
					<a class="elementor-button elementor-size-md" role="button">
						<span class="elementor-button-content-wrapper">
									<span class="elementor-button-text">Giuseppe</span>
					</span>
					</a>
				</div>
								</div>
				</div>
				<div class="elementor-element elementor-element-bca8502 elementor-widget elementor-widget-text-editor" data-id="bca8502" data-element_type="widget" data-e-type="widget" data-widget_type="text-editor.default">
				<div class="elementor-widget-container">
									Nacido en Coria, lleva subido a los escenarios desde 1993 como parte de la Asociación Folclórica de Coros y Danzas “Savia Viva”, con la que ha recorrido toda la geografía nacional y países como Portugal, Francia, Grecia, Bélgica, Alemania y Polonia.  
								</div>
				</div>
				<div class="elementor-element elementor-element-48dab177 elementor-widget elementor-widget-text-editor" data-id="48dab177" data-element_type="widget" data-e-type="widget" data-widget_type="text-editor.default">
				<div class="elementor-widget-container">
									En 2010 se une al Coro de la Universidad de Extremadura bajo la batuta del profesor y director Francisco Rodilla, compaginando sus estudios de Licenciatura en Filología Inglesa. Además del amplio repertorio coral desarrollado, desde Tomás Luis de Victoria hasta Silvio Rodríguez, destaca la interpretación de la 9ª Sinfonía de Beethoven en diciembre de 2010, el Auditorio Nacional de Madrid, en colaboración con el Coro de la Universidad Autónoma de Madrid.
								</div>
				</div>
				<div class="elementor-element elementor-element-527e9c3b elementor-widget elementor-widget-text-editor" data-id="527e9c3b" data-element_type="widget" data-e-type="widget" data-widget_type="text-editor.default">
				<div class="elementor-widget-container">
									En 2012 inicia su labor profesional como docente de lenguas extranjeras y comienza sus estudios musicales en el Conservatorio Oficial de Música “Hermanos Berzosa”, de Cáceres. Como alumno del Aula de Canto de Celia Sánchez del Río realiza audiciones y recitales, destacando el papel protagonista de Jonas en los “Oratorios de Carissimi” representados en 2014 en el Gran Teatro de Cáceres, bajo la dirección artística de la actriz y directora Maruchi León.
								</div>
				</div>
				<div class="elementor-element elementor-element-dadbcef elementor-widget elementor-widget-text-editor" data-id="dadbcef" data-element_type="widget" data-e-type="widget" data-widget_type="text-editor.default">
				<div class="elementor-widget-container">
									Es alumno del maestro Ángel Jiménez Iglesias, con quien trabaja asiduamente enfatizando en la producción técnica y expresiva un variado repertorio de tenor. Ha realizado proyectos tales como “Antología de la Zarzuela”, “El Sueño de Marina”, “Réquiem” de Fauré, “Misa de la Coronación” de Mozart, “Fantasía Coral” de Beethoven, “Réquiem” de Mozart, “Gloria” de Vivaldi, “Misa Nelson” de Haydn, “Luisa Fernanda” de Torroba, y más recientemente varias galas líricas además del pastiche «Una Noche en la Ópera», junto a pianistas como Beatriz González o Silvia Mkrtchian, y cantantes de la talla de Domingo Ramos, Concepción Martos o Elena Rey. 								</div>
				</div>
					</div>
		</div>
					</div>
		</section>
					</div>
		</div>
					</div>
		</section>
				<section class="elementor-section elementor-top-section elementor-element elementor-element-7966c565 elementor-section-boxed elementor-section-height-default elementor-section-height-default" data-id="7966c565" data-element_type="section" data-e-type="section">
						<div class="elementor-container elementor-column-gap-default">
					<div class="elementor-column elementor-col-100 elementor-top-column elementor-element elementor-element-33810a00" data-id="33810a00" data-element_type="column" data-e-type="column">
			<div class="elementor-widget-wrap">
							</div>
		</div>
					</div>
		</section>
				</div>

<p>Benji Estévez Giuseppe Nacido en Coria, lleva subido a los escenarios desde 1993 como parte de la Asociación Folclórica de Coros y Danzas “Savia Viva”, con la que ha recorrido toda la geografía nacional y países como Portugal, Francia, Grecia, Bélgica, Alemania y Polonia. En 2010 se une al Coro de la Universidad de Extremadura [&hellip;]</p>
