{"id":1642,"date":"2023-03-29T15:56:03","date_gmt":"2023-03-29T15:56:03","guid":{"rendered":"https:\/\/cultura.aupex.org\/operarural\/?page_id=1642"},"modified":"2023-03-29T17:00:59","modified_gmt":"2023-03-29T17:00:59","slug":"gonzalo_ruiz","status":"publish","type":"page","link":"https:\/\/cultura.aupex.org\/operarural\/la-traviata-de-giuseppe-verdi\/gonzalo_ruiz\/","title":{"rendered":"Gonzalo Ruiz"},"content":{"rendered":"\t\t<div data-elementor-type=\"wp-page\" data-elementor-id=\"1642\" class=\"elementor elementor-1642\">\n\t\t\t\t\t\t<section class=\"elementor-section elementor-top-section elementor-element elementor-element-626bef4b elementor-section-boxed elementor-section-height-default elementor-section-height-default\" data-id=\"626bef4b\" data-element_type=\"section\" data-e-type=\"section\" data-settings=\"{&quot;background_background&quot;:&quot;classic&quot;}\">\n\t\t\t\t\t\t\t<div class=\"elementor-background-overlay\"><\/div>\n\t\t\t\t\t\t\t<div class=\"elementor-container elementor-column-gap-no\">\n\t\t\t\t\t<div class=\"elementor-column elementor-col-100 elementor-top-column elementor-element elementor-element-65fe0fb1\" data-id=\"65fe0fb1\" data-element_type=\"column\" data-e-type=\"column\">\n\t\t\t<div class=\"elementor-widget-wrap elementor-element-populated\">\n\t\t\t\t\t\t<div class=\"elementor-element elementor-element-724bc251 elementor-widget elementor-widget-spacer\" data-id=\"724bc251\" data-element_type=\"widget\" data-e-type=\"widget\" data-widget_type=\"spacer.default\">\n\t\t\t\t<div class=\"elementor-widget-container\">\n\t\t\t\t\t\t\t<div class=\"elementor-spacer\">\n\t\t\t<div class=\"elementor-spacer-inner\"><\/div>\n\t\t<\/div>\n\t\t\t\t\t\t<\/div>\n\t\t\t\t<\/div>\n\t\t\t\t\t<\/div>\n\t\t<\/div>\n\t\t\t\t\t<\/div>\n\t\t<\/section>\n\t\t\t\t<section class=\"elementor-section elementor-top-section elementor-element elementor-element-27e09ec9 elementor-section-boxed elementor-section-height-default elementor-section-height-default\" data-id=\"27e09ec9\" data-element_type=\"section\" data-e-type=\"section\" data-settings=\"{&quot;background_background&quot;:&quot;gradient&quot;}\">\n\t\t\t\t\t\t<div class=\"elementor-container elementor-column-gap-no\">\n\t\t\t\t\t<div class=\"elementor-column elementor-col-100 elementor-top-column elementor-element elementor-element-30ca5661\" data-id=\"30ca5661\" data-element_type=\"column\" data-e-type=\"column\">\n\t\t\t<div class=\"elementor-widget-wrap elementor-element-populated\">\n\t\t\t\t\t\t<section class=\"elementor-section elementor-inner-section elementor-element elementor-element-2f21153b elementor-section-boxed elementor-section-height-default elementor-section-height-default\" data-id=\"2f21153b\" data-element_type=\"section\" data-e-type=\"section\" data-settings=\"{&quot;background_background&quot;:&quot;classic&quot;}\">\n\t\t\t\t\t\t<div class=\"elementor-container elementor-column-gap-no\">\n\t\t\t\t\t<div class=\"elementor-column elementor-col-100 elementor-inner-column elementor-element elementor-element-8992721\" data-id=\"8992721\" data-element_type=\"column\" data-e-type=\"column\">\n\t\t\t<div class=\"elementor-widget-wrap\">\n\t\t\t\t\t\t\t<\/div>\n\t\t<\/div>\n\t\t\t\t\t<\/div>\n\t\t<\/section>\n\t\t\t\t<section class=\"elementor-section elementor-inner-section elementor-element elementor-element-693ed002 elementor-section-content-top elementor-section-boxed elementor-section-height-default elementor-section-height-default\" data-id=\"693ed002\" data-element_type=\"section\" data-e-type=\"section\" data-settings=\"{&quot;background_background&quot;:&quot;classic&quot;}\">\n\t\t\t\t\t\t<div class=\"elementor-container elementor-column-gap-default\">\n\t\t\t\t\t<div class=\"elementor-column elementor-col-33 elementor-inner-column elementor-element elementor-element-3cd78668\" data-id=\"3cd78668\" data-element_type=\"column\" data-e-type=\"column\" data-settings=\"{&quot;background_background&quot;:&quot;classic&quot;}\">\n\t\t\t<div class=\"elementor-widget-wrap elementor-element-populated\">\n\t\t\t\t\t\t<div class=\"elementor-element elementor-element-562d4f22 elementor-widget elementor-widget-spacer\" data-id=\"562d4f22\" data-element_type=\"widget\" data-e-type=\"widget\" data-widget_type=\"spacer.default\">\n\t\t\t\t<div class=\"elementor-widget-container\">\n\t\t\t\t\t\t\t<div class=\"elementor-spacer\">\n\t\t\t<div class=\"elementor-spacer-inner\"><\/div>\n\t\t<\/div>\n\t\t\t\t\t\t<\/div>\n\t\t\t\t<\/div>\n\t\t\t\t<div class=\"elementor-element elementor-element-576aa52 elementor-widget elementor-widget-image\" data-id=\"576aa52\" data-element_type=\"widget\" data-e-type=\"widget\" data-widget_type=\"image.default\">\n\t\t\t\t<div class=\"elementor-widget-container\">\n\t\t\t\t\t\t\t\t\t\t\t\t\t\t\t<img decoding=\"async\" src=\"https:\/\/cultura.aupex.org\/operarural\/wp-content\/uploads\/2023\/03\/gonzalo-ruiz.jpg\" title=\"\" alt=\"\" loading=\"lazy\" \/>\t\t\t\t\t\t\t\t\t\t\t\t\t\t\t<\/div>\n\t\t\t\t<\/div>\n\t\t\t\t\t<\/div>\n\t\t<\/div>\n\t\t\t\t<div class=\"elementor-column elementor-col-33 elementor-inner-column elementor-element elementor-element-48270501\" data-id=\"48270501\" data-element_type=\"column\" data-e-type=\"column\">\n\t\t\t<div class=\"elementor-widget-wrap\">\n\t\t\t\t\t\t\t<\/div>\n\t\t<\/div>\n\t\t\t\t<div class=\"elementor-column elementor-col-33 elementor-inner-column elementor-element elementor-element-6034923a\" data-id=\"6034923a\" data-element_type=\"column\" data-e-type=\"column\">\n\t\t\t<div class=\"elementor-widget-wrap elementor-element-populated\">\n\t\t\t\t\t\t<div class=\"elementor-element elementor-element-5283be60 elementor-widget elementor-widget-heading\" data-id=\"5283be60\" data-element_type=\"widget\" data-e-type=\"widget\" data-widget_type=\"heading.default\">\n\t\t\t\t<div class=\"elementor-widget-container\">\n\t\t\t\t\t<h1 class=\"elementor-heading-title elementor-size-default\">Gonzalo Ruiz<\/h1>\t\t\t\t<\/div>\n\t\t\t\t<\/div>\n\t\t\t\t<div class=\"elementor-element elementor-element-afc30cb elementor-widget elementor-widget-button\" data-id=\"afc30cb\" data-element_type=\"widget\" data-e-type=\"widget\" data-widget_type=\"button.default\">\n\t\t\t\t<div class=\"elementor-widget-container\">\n\t\t\t\t\t\t\t\t\t<div class=\"elementor-button-wrapper\">\n\t\t\t\t\t<a class=\"elementor-button elementor-size-md\" role=\"button\">\n\t\t\t\t\t\t<span class=\"elementor-button-content-wrapper\">\n\t\t\t\t\t\t\t\t\t<span class=\"elementor-button-text\">Marchese D\u2019Obigny<\/span>\n\t\t\t\t\t<\/span>\n\t\t\t\t\t<\/a>\n\t\t\t\t<\/div>\n\t\t\t\t\t\t\t\t<\/div>\n\t\t\t\t<\/div>\n\t\t\t\t<div class=\"elementor-element elementor-element-351712c5 elementor-widget elementor-widget-text-editor\" data-id=\"351712c5\" data-element_type=\"widget\" data-e-type=\"widget\" data-widget_type=\"text-editor.default\">\n\t\t\t\t<div class=\"elementor-widget-container\">\n\t\t\t\t\t\t\t\t\tNatural de Sanl\u00facar de Barrameda, C\u00e1diz (1996). Comienza sus estudios musicales a los ocho a\u00f1os y a los veintiuno comienza los de canto. Estudia con el bajo granadino Francisco Crespo y complementa su formaci\u00f3n con Masterclass y cursos con el bar\u00edtono Vladimir Chernov, la soprano Viktoria Loukianetz y el bajo No\u00e9 Col\u00edn; as\u00ed como con el pianista Giulio Zappa. Desde el 2023 contin\u00faa sus estudios con el bajo italiano Ildebrando D\u2019Arcangelo y la soprano Carmen Bustamante. \n\t\t\t\t\t\t\t\t<\/div>\n\t\t\t\t<\/div>\n\t\t\t\t<div class=\"elementor-element elementor-element-fcf362e elementor-widget elementor-widget-text-editor\" data-id=\"fcf362e\" data-element_type=\"widget\" data-e-type=\"widget\" data-widget_type=\"text-editor.default\">\n\t\t\t\t<div class=\"elementor-widget-container\">\n\t\t\t\t\t\t\t\t\tHa participado en numerosas producciones como coralista del Teatro de la Maestranza de Sevilla y el Gran Teatre del Liceu de Barcelona. Debuta su primer papel, Guglielmo, de la \u00f3pera Cos\u00ec fan tutte, en el a\u00f1o 2021 en el Musikverain de Viena. Al a\u00f1o siguiente participa en la Escuela de \u00d3pera de Sabadell interpretando al Commendatore en el Don Giovanni. En la pr\u00f3xima temporada har\u00e1 su debut como Fr\u00e8re Laurent de la \u00f3pera Rom\u00e9o et Juliette de C. Gounod en la temporada l\u00edrica de \u00d3pera Catalunya. \t\t\t\t\t\t\t\t<\/div>\n\t\t\t\t<\/div>\n\t\t\t\t<div class=\"elementor-element elementor-element-254f950 elementor-widget elementor-widget-text-editor\" data-id=\"254f950\" data-element_type=\"widget\" data-e-type=\"widget\" data-widget_type=\"text-editor.default\">\n\t\t\t\t<div class=\"elementor-widget-container\">\n\t\t\t\t\t\t\t\t\tHa participado en el XVIII Certamen Nuevas Voces de Sevilla, donde qued\u00f3 finalista, as\u00ed como el Concurso de Canto Josep Palet, organizado por Juventudes Musicales de Catalunya, donde obtuvo los premios \u201cSet Portes\u201d y \u201cAcademia Concertante \u2013 Tenor Ra\u00fal Gim\u00e9nez\u201d\n\t\t\t\t\t\t\t\t<\/div>\n\t\t\t\t<\/div>\n\t\t\t\t\t<\/div>\n\t\t<\/div>\n\t\t\t\t\t<\/div>\n\t\t<\/section>\n\t\t\t\t\t<\/div>\n\t\t<\/div>\n\t\t\t\t\t<\/div>\n\t\t<\/section>\n\t\t\t\t<section class=\"elementor-section elementor-top-section elementor-element elementor-element-52afe83d elementor-section-boxed elementor-section-height-default elementor-section-height-default\" data-id=\"52afe83d\" data-element_type=\"section\" data-e-type=\"section\">\n\t\t\t\t\t\t<div class=\"elementor-container elementor-column-gap-default\">\n\t\t\t\t\t<div class=\"elementor-column elementor-col-100 elementor-top-column elementor-element elementor-element-581990b5\" data-id=\"581990b5\" data-element_type=\"column\" data-e-type=\"column\">\n\t\t\t<div class=\"elementor-widget-wrap\">\n\t\t\t\t\t\t\t<\/div>\n\t\t<\/div>\n\t\t\t\t\t<\/div>\n\t\t<\/section>\n\t\t\t\t<\/div>\n\t\t","protected":false},"excerpt":{"rendered":"<p>Gonzalo Ruiz Marchese D\u2019Obigny Natural de Sanl\u00facar de Barrameda, C\u00e1diz (1996). Comienza sus estudios musicales a los ocho a\u00f1os y a los veintiuno comienza los de canto. Estudia con el bajo granadino Francisco Crespo y complementa su formaci\u00f3n con Masterclass y cursos con el bar\u00edtono Vladimir Chernov, la soprano Viktoria Loukianetz y el bajo No\u00e9 [&hellip;]<\/p>\n","protected":false},"author":1,"featured_media":0,"parent":652,"menu_order":50,"comment_status":"closed","ping_status":"closed","template":"","meta":{"footnotes":""},"class_list":["post-1642","page","type-page","status-publish","hentry"],"_links":{"self":[{"href":"https:\/\/cultura.aupex.org\/operarural\/wp-json\/wp\/v2\/pages\/1642","targetHints":{"allow":["GET"]}}],"collection":[{"href":"https:\/\/cultura.aupex.org\/operarural\/wp-json\/wp\/v2\/pages"}],"about":[{"href":"https:\/\/cultura.aupex.org\/operarural\/wp-json\/wp\/v2\/types\/page"}],"author":[{"embeddable":true,"href":"https:\/\/cultura.aupex.org\/operarural\/wp-json\/wp\/v2\/users\/1"}],"replies":[{"embeddable":true,"href":"https:\/\/cultura.aupex.org\/operarural\/wp-json\/wp\/v2\/comments?post=1642"}],"version-history":[{"count":4,"href":"https:\/\/cultura.aupex.org\/operarural\/wp-json\/wp\/v2\/pages\/1642\/revisions"}],"predecessor-version":[{"id":1721,"href":"https:\/\/cultura.aupex.org\/operarural\/wp-json\/wp\/v2\/pages\/1642\/revisions\/1721"}],"up":[{"embeddable":true,"href":"https:\/\/cultura.aupex.org\/operarural\/wp-json\/wp\/v2\/pages\/652"}],"wp:attachment":[{"href":"https:\/\/cultura.aupex.org\/operarural\/wp-json\/wp\/v2\/media?parent=1642"}],"curies":[{"name":"wp","href":"https:\/\/api.w.org\/{rel}","templated":true}]}}

<div data-elementor-type="wp-page" data-elementor-id="1642" class="elementor elementor-1642">
						<section class="elementor-section elementor-top-section elementor-element elementor-element-626bef4b elementor-section-boxed elementor-section-height-default elementor-section-height-default" data-id="626bef4b" data-element_type="section" data-e-type="section" data-settings="{&quot;background_background&quot;:&quot;classic&quot;}">
							<div class="elementor-background-overlay"></div>
							<div class="elementor-container elementor-column-gap-no">
					<div class="elementor-column elementor-col-100 elementor-top-column elementor-element elementor-element-65fe0fb1" data-id="65fe0fb1" data-element_type="column" data-e-type="column">
			<div class="elementor-widget-wrap elementor-element-populated">
						<div class="elementor-element elementor-element-724bc251 elementor-widget elementor-widget-spacer" data-id="724bc251" data-element_type="widget" data-e-type="widget" data-widget_type="spacer.default">
				<div class="elementor-widget-container">
							<div class="elementor-spacer">
			<div class="elementor-spacer-inner"></div>
		</div>
						</div>
				</div>
					</div>
		</div>
					</div>
		</section>
				<section class="elementor-section elementor-top-section elementor-element elementor-element-27e09ec9 elementor-section-boxed elementor-section-height-default elementor-section-height-default" data-id="27e09ec9" data-element_type="section" data-e-type="section" data-settings="{&quot;background_background&quot;:&quot;gradient&quot;}">
						<div class="elementor-container elementor-column-gap-no">
					<div class="elementor-column elementor-col-100 elementor-top-column elementor-element elementor-element-30ca5661" data-id="30ca5661" data-element_type="column" data-e-type="column">
			<div class="elementor-widget-wrap elementor-element-populated">
						<section class="elementor-section elementor-inner-section elementor-element elementor-element-2f21153b elementor-section-boxed elementor-section-height-default elementor-section-height-default" data-id="2f21153b" data-element_type="section" data-e-type="section" data-settings="{&quot;background_background&quot;:&quot;classic&quot;}">
						<div class="elementor-container elementor-column-gap-no">
					<div class="elementor-column elementor-col-100 elementor-inner-column elementor-element elementor-element-8992721" data-id="8992721" data-element_type="column" data-e-type="column">
			<div class="elementor-widget-wrap">
							</div>
		</div>
					</div>
		</section>
				<section class="elementor-section elementor-inner-section elementor-element elementor-element-693ed002 elementor-section-content-top elementor-section-boxed elementor-section-height-default elementor-section-height-default" data-id="693ed002" data-element_type="section" data-e-type="section" data-settings="{&quot;background_background&quot;:&quot;classic&quot;}">
						<div class="elementor-container elementor-column-gap-default">
					<div class="elementor-column elementor-col-33 elementor-inner-column elementor-element elementor-element-3cd78668" data-id="3cd78668" data-element_type="column" data-e-type="column" data-settings="{&quot;background_background&quot;:&quot;classic&quot;}">
			<div class="elementor-widget-wrap elementor-element-populated">
						<div class="elementor-element elementor-element-562d4f22 elementor-widget elementor-widget-spacer" data-id="562d4f22" data-element_type="widget" data-e-type="widget" data-widget_type="spacer.default">
				<div class="elementor-widget-container">
							<div class="elementor-spacer">
			<div class="elementor-spacer-inner"></div>
		</div>
						</div>
				</div>
				<div class="elementor-element elementor-element-576aa52 elementor-widget elementor-widget-image" data-id="576aa52" data-element_type="widget" data-e-type="widget" data-widget_type="image.default">
				<div class="elementor-widget-container">
															<img decoding="async" src="https://cultura.aupex.org/operarural/wp-content/uploads/2023/03/gonzalo-ruiz.jpg" title="" alt="" loading="lazy" />															</div>
				</div>
					</div>
		</div>
				<div class="elementor-column elementor-col-33 elementor-inner-column elementor-element elementor-element-48270501" data-id="48270501" data-element_type="column" data-e-type="column">
			<div class="elementor-widget-wrap">
							</div>
		</div>
				<div class="elementor-column elementor-col-33 elementor-inner-column elementor-element elementor-element-6034923a" data-id="6034923a" data-element_type="column" data-e-type="column">
			<div class="elementor-widget-wrap elementor-element-populated">
						<div class="elementor-element elementor-element-5283be60 elementor-widget elementor-widget-heading" data-id="5283be60" data-element_type="widget" data-e-type="widget" data-widget_type="heading.default">
				<div class="elementor-widget-container">
					<h1 class="elementor-heading-title elementor-size-default">Gonzalo Ruiz</h1>				</div>
				</div>
				<div class="elementor-element elementor-element-afc30cb elementor-widget elementor-widget-button" data-id="afc30cb" data-element_type="widget" data-e-type="widget" data-widget_type="button.default">
				<div class="elementor-widget-container">
									<div class="elementor-button-wrapper">
					<a class="elementor-button elementor-size-md" role="button">
						<span class="elementor-button-content-wrapper">
									<span class="elementor-button-text">Marchese D’Obigny</span>
					</span>
					</a>
				</div>
								</div>
				</div>
				<div class="elementor-element elementor-element-351712c5 elementor-widget elementor-widget-text-editor" data-id="351712c5" data-element_type="widget" data-e-type="widget" data-widget_type="text-editor.default">
				<div class="elementor-widget-container">
									Natural de Sanlúcar de Barrameda, Cádiz (1996). Comienza sus estudios musicales a los ocho años y a los veintiuno comienza los de canto. Estudia con el bajo granadino Francisco Crespo y complementa su formación con Masterclass y cursos con el barítono Vladimir Chernov, la soprano Viktoria Loukianetz y el bajo Noé Colín; así como con el pianista Giulio Zappa. Desde el 2023 continúa sus estudios con el bajo italiano Ildebrando D’Arcangelo y la soprano Carmen Bustamante. 
								</div>
				</div>
				<div class="elementor-element elementor-element-fcf362e elementor-widget elementor-widget-text-editor" data-id="fcf362e" data-element_type="widget" data-e-type="widget" data-widget_type="text-editor.default">
				<div class="elementor-widget-container">
									Ha participado en numerosas producciones como coralista del Teatro de la Maestranza de Sevilla y el Gran Teatre del Liceu de Barcelona. Debuta su primer papel, Guglielmo, de la ópera Così fan tutte, en el año 2021 en el Musikverain de Viena. Al año siguiente participa en la Escuela de Ópera de Sabadell interpretando al Commendatore en el Don Giovanni. En la próxima temporada hará su debut como Frère Laurent de la ópera Roméo et Juliette de C. Gounod en la temporada lírica de Ópera Catalunya. 								</div>
				</div>
				<div class="elementor-element elementor-element-254f950 elementor-widget elementor-widget-text-editor" data-id="254f950" data-element_type="widget" data-e-type="widget" data-widget_type="text-editor.default">
				<div class="elementor-widget-container">
									Ha participado en el XVIII Certamen Nuevas Voces de Sevilla, donde quedó finalista, así como el Concurso de Canto Josep Palet, organizado por Juventudes Musicales de Catalunya, donde obtuvo los premios “Set Portes” y “Academia Concertante – Tenor Raúl Giménez”
								</div>
				</div>
					</div>
		</div>
					</div>
		</section>
					</div>
		</div>
					</div>
		</section>
				<section class="elementor-section elementor-top-section elementor-element elementor-element-52afe83d elementor-section-boxed elementor-section-height-default elementor-section-height-default" data-id="52afe83d" data-element_type="section" data-e-type="section">
						<div class="elementor-container elementor-column-gap-default">
					<div class="elementor-column elementor-col-100 elementor-top-column elementor-element elementor-element-581990b5" data-id="581990b5" data-element_type="column" data-e-type="column">
			<div class="elementor-widget-wrap">
							</div>
		</div>
					</div>
		</section>
				</div>

<p>Gonzalo Ruiz Marchese D’Obigny Natural de Sanlúcar de Barrameda, Cádiz (1996). Comienza sus estudios musicales a los ocho años y a los veintiuno comienza los de canto. Estudia con el bajo granadino Francisco Crespo y complementa su formación con Masterclass y cursos con el barítono Vladimir Chernov, la soprano Viktoria Loukianetz y el bajo Noé [&hellip;]</p>
