{"id":668,"date":"2020-10-21T17:44:25","date_gmt":"2020-10-21T17:44:25","guid":{"rendered":"https:\/\/cultura.aupex.org\/escueladeletras\/?page_id=668"},"modified":"2020-10-21T17:44:34","modified_gmt":"2020-10-21T17:44:34","slug":"irene-sanchez-carron","status":"publish","type":"page","link":"https:\/\/cultura.aupex.org\/escueladeletras\/irene-sanchez-carron\/","title":{"rendered":""},"content":{"rendered":"<div id=\"pl-668\"  class=\"panel-layout\" ><div id=\"pg-668-0\"  class=\"panel-grid panel-no-style\" ><div id=\"pgc-668-0-0\"  class=\"panel-grid-cell\" ><div id=\"panel-668-0-0-0\" class=\"so-panel widget widget_sow-image panel-first-child panel-last-child\" data-index=\"0\" ><div\n\t\t\t\n\t\t\tclass=\"so-widget-sow-image so-widget-sow-image-default-8b5b6f678277-668\"\n\t\t\t\n\t\t>\n<div class=\"sow-image-container\">\n\t\t<img fetchpriority=\"high\" \n\tsrc=\"https:\/\/cultura.aupex.org\/escueladeletras\/wp-content\/uploads\/2020\/10\/Irene-Sanchez-Carron.jpg\" width=\"800\" height=\"800\" srcset=\"https:\/\/cultura.aupex.org\/escueladeletras\/wp-content\/uploads\/2020\/10\/Irene-Sanchez-Carron.jpg 800w, https:\/\/cultura.aupex.org\/escueladeletras\/wp-content\/uploads\/2020\/10\/Irene-Sanchez-Carron-300x300.jpg 300w, https:\/\/cultura.aupex.org\/escueladeletras\/wp-content\/uploads\/2020\/10\/Irene-Sanchez-Carron-150x150.jpg 150w, https:\/\/cultura.aupex.org\/escueladeletras\/wp-content\/uploads\/2020\/10\/Irene-Sanchez-Carron-768x768.jpg 768w, https:\/\/cultura.aupex.org\/escueladeletras\/wp-content\/uploads\/2020\/10\/Irene-Sanchez-Carron-370x370.jpg 370w, https:\/\/cultura.aupex.org\/escueladeletras\/wp-content\/uploads\/2020\/10\/Irene-Sanchez-Carron-120x120.jpg 120w\" title=\"Irene S\u00e1nchez Carr\u00f3n\" alt=\"Irene S\u00e1nchez Carr\u00f3n\" \t\tclass=\"so-widget-image\"\/>\n\t<\/div>\n\n<\/div><\/div><\/div><div id=\"pgc-668-0-1\"  class=\"panel-grid-cell\" ><div id=\"panel-668-0-1-0\" class=\"so-panel widget widget_sow-editor panel-first-child panel-last-child\" data-index=\"1\" ><div\n\t\t\t\n\t\t\tclass=\"so-widget-sow-editor so-widget-sow-editor-base\"\n\t\t\t\n\t\t>\n<div class=\"siteorigin-widget-tinymce textwidget\">\n\t<h2>Irene S\u00e1nchez Carr\u00f3n (Navaconcejo, C\u00e1ceres, 1967)<\/h2>\n<p>Es Doctora en Filolog\u00eda Hisp\u00e1nica por la UNED y Licenciada en Filolog\u00eda Inglesa por la Universidad de Extremadura. Es M\u00e1ster de Espa\u00f1ol para Extranjeros por la Universidad Antonio de Nebrija. Sus investigaciones giran en torno a la adquisici\u00f3n de lenguas.<\/p>\n<p>Ha obtenido diferentes galardones literarios gracias a los que ha publicado los poemarios Porque no somos dioses (Premio Hermanos Argensola 1997. Ayuntamiento de Barbastro, 1998), Escenas principales de un actor secundario (Premio Adonais 1999. Rialp, 2000), Ning\u00fan mensaje nuevo (Premio Antonio Machado. Hiperi\u00f3n, 2008) y Micrograf\u00edas (Premio Emilio Alarcos, 2017. Visor, 2018). Adem\u00e1s ha publicado un peque\u00f1o libro de canciones titulado Sevillanas (De la luna libros, 2002) y Atracciones de feria (Diputaci\u00f3n de C\u00e1ceres, 2002). La Editora Regional de Extremadura reedit\u00f3 sus dos primeros libros con el t\u00edtulo El escondite (2010).<\/p>\n<p>Irene S\u00e1nchez Carr\u00f3n es colaboradora habitual del diario Hoy en Extremadura.<\/p>\n<\/div>\n<\/div><\/div><\/div><\/div><\/div>","protected":false},"excerpt":{"rendered":"<p>Irene S\u00e1nchez Carr\u00f3n (Navaconcejo, C\u00e1ceres, 1967) Es Doctora en Filolog\u00eda Hisp\u00e1nica por la UNED y Licenciada en Filolog\u00eda Inglesa por la Universidad de Extremadura. Es M\u00e1ster de Espa\u00f1ol para Extranjeros por la Universidad Antonio de Nebrija. Sus investigaciones giran en torno a la adquisici\u00f3n de lenguas. Ha obtenido diferentes galardones literarios gracias a los que [&hellip;]<\/p>\n","protected":false},"author":4,"featured_media":0,"parent":0,"menu_order":0,"comment_status":"closed","ping_status":"closed","template":"","meta":{"footnotes":""},"class_list":["post-668","page","type-page","status-publish","hentry"],"_links":{"self":[{"href":"https:\/\/cultura.aupex.org\/escueladeletras\/wp-json\/wp\/v2\/pages\/668","targetHints":{"allow":["GET"]}}],"collection":[{"href":"https:\/\/cultura.aupex.org\/escueladeletras\/wp-json\/wp\/v2\/pages"}],"about":[{"href":"https:\/\/cultura.aupex.org\/escueladeletras\/wp-json\/wp\/v2\/types\/page"}],"author":[{"embeddable":true,"href":"https:\/\/cultura.aupex.org\/escueladeletras\/wp-json\/wp\/v2\/users\/4"}],"replies":[{"embeddable":true,"href":"https:\/\/cultura.aupex.org\/escueladeletras\/wp-json\/wp\/v2\/comments?post=668"}],"version-history":[{"count":6,"href":"https:\/\/cultura.aupex.org\/escueladeletras\/wp-json\/wp\/v2\/pages\/668\/revisions"}],"predecessor-version":[{"id":674,"href":"https:\/\/cultura.aupex.org\/escueladeletras\/wp-json\/wp\/v2\/pages\/668\/revisions\/674"}],"wp:attachment":[{"href":"https:\/\/cultura.aupex.org\/escueladeletras\/wp-json\/wp\/v2\/media?parent=668"}],"curies":[{"name":"wp","href":"https:\/\/api.w.org\/{rel}","templated":true}]}}

<div id="pl-668"  class="panel-layout" ><div id="pg-668-0"  class="panel-grid panel-no-style" ><div id="pgc-668-0-0"  class="panel-grid-cell" ><div id="panel-668-0-0-0" class="so-panel widget widget_sow-image panel-first-child panel-last-child" data-index="0" ><div
			
			class="so-widget-sow-image so-widget-sow-image-default-8b5b6f678277-668"
			
		>
<div class="sow-image-container">
		<img fetchpriority="high" 
	src="https://cultura.aupex.org/escueladeletras/wp-content/uploads/2020/10/Irene-Sanchez-Carron.jpg" width="800" height="800" srcset="https://cultura.aupex.org/escueladeletras/wp-content/uploads/2020/10/Irene-Sanchez-Carron.jpg 800w, https://cultura.aupex.org/escueladeletras/wp-content/uploads/2020/10/Irene-Sanchez-Carron-300x300.jpg 300w, https://cultura.aupex.org/escueladeletras/wp-content/uploads/2020/10/Irene-Sanchez-Carron-150x150.jpg 150w, https://cultura.aupex.org/escueladeletras/wp-content/uploads/2020/10/Irene-Sanchez-Carron-768x768.jpg 768w, https://cultura.aupex.org/escueladeletras/wp-content/uploads/2020/10/Irene-Sanchez-Carron-370x370.jpg 370w, https://cultura.aupex.org/escueladeletras/wp-content/uploads/2020/10/Irene-Sanchez-Carron-120x120.jpg 120w" title="Irene Sánchez Carrón" alt="Irene Sánchez Carrón" 		class="so-widget-image"/>
	</div>

</div></div></div><div id="pgc-668-0-1"  class="panel-grid-cell" ><div id="panel-668-0-1-0" class="so-panel widget widget_sow-editor panel-first-child panel-last-child" data-index="1" ><div
			
			class="so-widget-sow-editor so-widget-sow-editor-base"
			
		>
<div class="siteorigin-widget-tinymce textwidget">
	<h2>Irene Sánchez Carrón (Navaconcejo, Cáceres, 1967)</h2>
<p>Es Doctora en Filología Hispánica por la UNED y Licenciada en Filología Inglesa por la Universidad de Extremadura. Es Máster de Español para Extranjeros por la Universidad Antonio de Nebrija. Sus investigaciones giran en torno a la adquisición de lenguas.</p>
<p>Ha obtenido diferentes galardones literarios gracias a los que ha publicado los poemarios Porque no somos dioses (Premio Hermanos Argensola 1997. Ayuntamiento de Barbastro, 1998), Escenas principales de un actor secundario (Premio Adonais 1999. Rialp, 2000), Ningún mensaje nuevo (Premio Antonio Machado. Hiperión, 2008) y Micrografías (Premio Emilio Alarcos, 2017. Visor, 2018). Además ha publicado un pequeño libro de canciones titulado Sevillanas (De la luna libros, 2002) y Atracciones de feria (Diputación de Cáceres, 2002). La Editora Regional de Extremadura reeditó sus dos primeros libros con el título El escondite (2010).</p>
<p>Irene Sánchez Carrón es colaboradora habitual del diario Hoy en Extremadura.</p>
</div>
</div></div></div></div></div>

<p>Irene Sánchez Carrón (Navaconcejo, Cáceres, 1967) Es Doctora en Filología Hispánica por la UNED y Licenciada en Filología Inglesa por la Universidad de Extremadura. Es Máster de Español para Extranjeros por la Universidad Antonio de Nebrija. Sus investigaciones giran en torno a la adquisición de lenguas. Ha obtenido diferentes galardones literarios gracias a los que [&hellip;]</p>
