{"id":2100,"date":"2024-09-23T11:43:37","date_gmt":"2024-09-23T11:43:37","guid":{"rendered":"https:\/\/cultura.aupex.org\/escueladeletras\/?page_id=2100"},"modified":"2024-09-23T11:43:56","modified_gmt":"2024-09-23T11:43:56","slug":"virginia-campon-perez","status":"publish","type":"page","link":"https:\/\/cultura.aupex.org\/escueladeletras\/virginia-campon-perez\/","title":{"rendered":""},"content":{"rendered":"<div id=\"pl-2100\"  class=\"panel-layout\" ><div id=\"pg-2100-0\"  class=\"panel-grid panel-no-style\" ><div id=\"pgc-2100-0-0\"  class=\"panel-grid-cell\" ><div id=\"panel-2100-0-0-0\" class=\"so-panel widget widget_sow-image panel-first-child panel-last-child\" data-index=\"0\" ><div\n\t\t\t\n\t\t\tclass=\"so-widget-sow-image so-widget-sow-image-default-8b5b6f678277-2100\"\n\t\t\t\n\t\t>\n<div class=\"sow-image-container\">\n\t\t<img fetchpriority=\"high\" \n\tsrc=\"https:\/\/cultura.aupex.org\/escueladeletras\/wp-content\/uploads\/2024\/09\/virginia_campon_v2.jpg\" width=\"800\" height=\"800\" srcset=\"https:\/\/cultura.aupex.org\/escueladeletras\/wp-content\/uploads\/2024\/09\/virginia_campon_v2.jpg 800w, https:\/\/cultura.aupex.org\/escueladeletras\/wp-content\/uploads\/2024\/09\/virginia_campon_v2-300x300.jpg 300w, https:\/\/cultura.aupex.org\/escueladeletras\/wp-content\/uploads\/2024\/09\/virginia_campon_v2-150x150.jpg 150w, https:\/\/cultura.aupex.org\/escueladeletras\/wp-content\/uploads\/2024\/09\/virginia_campon_v2-768x768.jpg 768w, https:\/\/cultura.aupex.org\/escueladeletras\/wp-content\/uploads\/2024\/09\/virginia_campon_v2-370x370.jpg 370w, https:\/\/cultura.aupex.org\/escueladeletras\/wp-content\/uploads\/2024\/09\/virginia_campon_v2-120x120.jpg 120w\" alt=\"\" \t\tclass=\"so-widget-image\"\/>\n\t<\/div>\n\n<\/div><\/div><\/div><div id=\"pgc-2100-0-1\"  class=\"panel-grid-cell\" ><div id=\"panel-2100-0-1-0\" class=\"so-panel widget widget_sow-editor panel-first-child panel-last-child\" data-index=\"1\" ><div\n\t\t\t\n\t\t\tclass=\"so-widget-sow-editor so-widget-sow-editor-base\"\n\t\t\t\n\t\t>\n<div class=\"siteorigin-widget-tinymce textwidget\">\n\t<h2>Virginia Camp\u00f3n P\u00e9rez<\/h2>\n<p>Virginia Camp\u00f3n es actriz, dramaturga y directora de teatro. M\u00e1ster en Direcci\u00f3n y Gesti\u00f3n de Museos. M\u00e1ster de Estudios Avanzados de Teatro (UNIR), Licenciada en Humanidades (UNEX), Diplomada en Locuci\u00f3n y Doblaje (Instituto del Cine de Madrid). Estudios reglados de Interpretaci\u00f3n (ETYDEX).<\/p>\n<p>Como actriz ha trabajado en compa\u00f1\u00edas nacionales e internacionales. Obras dram\u00e1ticas: La inocencia robada (Premio Mejor autora teatro Express. Jornadas de creadoras. Festival de Teatro Cl\u00e1sico de M\u00e9rida, 2024), La sombra del monstruo (Acc\u00e9sit del XX Premio de Textos Teatrales Ra\u00fal Moreno FATEX 2023), En la red (Premio Parabasis - Plaza del Arte. ESAD de Extremadura y Fundaciones Tatiana Guzm\u00e1n y Mercedes Caro, 2024), Fantasmas de Agua<br \/>\n(Publicaci\u00f3n en el Premio Juan Mayorga 2020), El anillo de Rav\u00ebnsbruck (Publicaci\u00f3n en el Premio Reinventando Europa 2020), Fantasmas ( Un minuto de Justicia. Ediciones Invasoras. 2019), Madre (Pendiente de publicaci\u00f3n en La Editora Regional, 2020. Premio Mejor autor extreme\u00f1o, Fatex. 2018), Recuerda (Editorial Iaspis, 2018. Atenas), Sue\u00f1os (Revista Estreno 2017), Gris (Revista Estreno 2017. Finalista en el Concurso Caja Espa\u00f1a de Teatro breve 2009), Ed\u00e9n (Sentido figurado, 2016), La Muerte de los peces (Premio Calamonte joven 2015), La Habitaci\u00f3n (Premio Mejor autor extreme\u00f1o, Fatex. 2014. Estrenada en el Teatro Museo Torre Garc\u00eda de Montevideo en septiembre del 2019. Stellar Producciones), La Noche de las Mariposas (Premio Ra\u00fal Moreno Fatex 2010), Sue\u00f1os de Luna (Acc\u00e9sit en el V Premio Jos\u00e9 Moreno Arenas de Teatro M\u00ednimo), Cuando la Vida Empieza (Compa\u00f1\u00eda Teatral Balumba. 2009), La Tumba de Ant\u00edgona (Beca de Creaci\u00f3n Literaria 2007).<\/p>\n<p>Ha sido subvencionada en dos ocasiones por la fundaci\u00f3n SGAE y fue Beca de Creaci\u00f3n Literaria en el 2007 de la Junta de Extremadura por La Tumba de Ant\u00edgona.<\/p>\n<p>Miembro del Laboratorio Rivas Cherif (CDN. 2019)<\/p>\n<\/div>\n<\/div><\/div><\/div><\/div><\/div>","protected":false},"excerpt":{"rendered":"<p>Virginia Camp\u00f3n P\u00e9rez Virginia Camp\u00f3n es actriz, dramaturga y directora de teatro. M\u00e1ster en Direcci\u00f3n y Gesti\u00f3n de Museos. M\u00e1ster de Estudios Avanzados de Teatro (UNIR), Licenciada en Humanidades (UNEX), Diplomada en Locuci\u00f3n y Doblaje (Instituto del Cine de Madrid). Estudios reglados de Interpretaci\u00f3n (ETYDEX). Como actriz ha trabajado en compa\u00f1\u00edas nacionales e internacionales. Obras [&hellip;]<\/p>\n","protected":false},"author":6,"featured_media":0,"parent":0,"menu_order":0,"comment_status":"closed","ping_status":"closed","template":"","meta":{"footnotes":""},"class_list":["post-2100","page","type-page","status-publish","hentry"],"_links":{"self":[{"href":"https:\/\/cultura.aupex.org\/escueladeletras\/wp-json\/wp\/v2\/pages\/2100","targetHints":{"allow":["GET"]}}],"collection":[{"href":"https:\/\/cultura.aupex.org\/escueladeletras\/wp-json\/wp\/v2\/pages"}],"about":[{"href":"https:\/\/cultura.aupex.org\/escueladeletras\/wp-json\/wp\/v2\/types\/page"}],"author":[{"embeddable":true,"href":"https:\/\/cultura.aupex.org\/escueladeletras\/wp-json\/wp\/v2\/users\/6"}],"replies":[{"embeddable":true,"href":"https:\/\/cultura.aupex.org\/escueladeletras\/wp-json\/wp\/v2\/comments?post=2100"}],"version-history":[{"count":2,"href":"https:\/\/cultura.aupex.org\/escueladeletras\/wp-json\/wp\/v2\/pages\/2100\/revisions"}],"predecessor-version":[{"id":2105,"href":"https:\/\/cultura.aupex.org\/escueladeletras\/wp-json\/wp\/v2\/pages\/2100\/revisions\/2105"}],"wp:attachment":[{"href":"https:\/\/cultura.aupex.org\/escueladeletras\/wp-json\/wp\/v2\/media?parent=2100"}],"curies":[{"name":"wp","href":"https:\/\/api.w.org\/{rel}","templated":true}]}}