{"id":1183,"date":"2022-09-21T07:19:13","date_gmt":"2022-09-21T07:19:13","guid":{"rendered":"https:\/\/cultura.aupex.org\/escueladeletras\/?page_id=1183"},"modified":"2023-10-10T09:43:26","modified_gmt":"2023-10-10T09:43:26","slug":"jaime-morales-ortiz","status":"publish","type":"page","link":"https:\/\/cultura.aupex.org\/escueladeletras\/jaime-morales-ortiz\/","title":{"rendered":""},"content":{"rendered":"<div id=\"pl-1183\"  class=\"panel-layout\" ><div id=\"pg-1183-0\"  class=\"panel-grid panel-no-style\" ><div id=\"pgc-1183-0-0\"  class=\"panel-grid-cell\" ><div id=\"panel-1183-0-0-0\" class=\"so-panel widget widget_sow-image panel-first-child panel-last-child\" data-index=\"0\" ><div\n\t\t\t\n\t\t\tclass=\"so-widget-sow-image so-widget-sow-image-default-8b5b6f678277-1183\"\n\t\t\t\n\t\t>\n<div class=\"sow-image-container\">\n\t\t<img fetchpriority=\"high\" \n\tsrc=\"https:\/\/cultura.aupex.org\/escueladeletras\/wp-content\/uploads\/2022\/09\/javier_morales.jpg\" width=\"800\" height=\"800\" srcset=\"https:\/\/cultura.aupex.org\/escueladeletras\/wp-content\/uploads\/2022\/09\/javier_morales.jpg 800w, https:\/\/cultura.aupex.org\/escueladeletras\/wp-content\/uploads\/2022\/09\/javier_morales-300x300.jpg 300w, https:\/\/cultura.aupex.org\/escueladeletras\/wp-content\/uploads\/2022\/09\/javier_morales-150x150.jpg 150w, https:\/\/cultura.aupex.org\/escueladeletras\/wp-content\/uploads\/2022\/09\/javier_morales-768x768.jpg 768w, https:\/\/cultura.aupex.org\/escueladeletras\/wp-content\/uploads\/2022\/09\/javier_morales-370x370.jpg 370w, https:\/\/cultura.aupex.org\/escueladeletras\/wp-content\/uploads\/2022\/09\/javier_morales-120x120.jpg 120w\" alt=\"\" \t\tclass=\"so-widget-image\"\/>\n\t<\/div>\n\n<\/div><\/div><\/div><div id=\"pgc-1183-0-1\"  class=\"panel-grid-cell\" ><div id=\"panel-1183-0-1-0\" class=\"so-panel widget widget_sow-editor panel-first-child panel-last-child\" data-index=\"1\" ><div\n\t\t\t\n\t\t\tclass=\"so-widget-sow-editor so-widget-sow-editor-base\"\n\t\t\t\n\t\t>\n<div class=\"siteorigin-widget-tinymce textwidget\">\n\t<h2>JAVIER MORALES ORTIZ<\/h2>\n<h4>Nota biogr\u00e1fica<\/h4>\n<p>Javier Morales naci\u00f3 en Plasencia en 1968 y estudi\u00f3 Periodismo, Derecho y Literatura en Madrid, ciudad en la que vive. Tiene una amplia experiencia como profesor de escritura. Imparte clases en varios centros, como la Escuela de Escritores, el Taller de Clara Obligado o la Universidad de Extremadura, entre otros.<\/p>\n<h4>Obra publicada<\/h4>\n<p>Como autor, ha publicado numerosos libros de relatos, novelas y ensayos. Los m\u00e1s recientes son Monfrag\u00fce, Las letras del bosque, La moneda de Carver y El d\u00eda que dej\u00e9 de comer animales, entre otros.<\/p>\n<p>Como periodista colabora con los principales medios de comunicaci\u00f3n del pa\u00eds y mantiene una columna semanal sobre libros en El Asombrario\/P\u00fablico.<\/p>\n<\/div>\n<\/div><\/div><\/div><\/div><\/div>","protected":false},"excerpt":{"rendered":"<p>JAVIER MORALES ORTIZ Nota biogr\u00e1fica Javier Morales naci\u00f3 en Plasencia en 1968 y estudi\u00f3 Periodismo, Derecho y Literatura en Madrid, ciudad en la que vive. Tiene una amplia experiencia como profesor de escritura. Imparte clases en varios centros, como la Escuela de Escritores, el Taller de Clara Obligado o la Universidad de Extremadura, entre otros. [&hellip;]<\/p>\n","protected":false},"author":4,"featured_media":0,"parent":0,"menu_order":0,"comment_status":"closed","ping_status":"closed","template":"","meta":{"footnotes":""},"class_list":["post-1183","page","type-page","status-publish","hentry"],"_links":{"self":[{"href":"https:\/\/cultura.aupex.org\/escueladeletras\/wp-json\/wp\/v2\/pages\/1183","targetHints":{"allow":["GET"]}}],"collection":[{"href":"https:\/\/cultura.aupex.org\/escueladeletras\/wp-json\/wp\/v2\/pages"}],"about":[{"href":"https:\/\/cultura.aupex.org\/escueladeletras\/wp-json\/wp\/v2\/types\/page"}],"author":[{"embeddable":true,"href":"https:\/\/cultura.aupex.org\/escueladeletras\/wp-json\/wp\/v2\/users\/4"}],"replies":[{"embeddable":true,"href":"https:\/\/cultura.aupex.org\/escueladeletras\/wp-json\/wp\/v2\/comments?post=1183"}],"version-history":[{"count":9,"href":"https:\/\/cultura.aupex.org\/escueladeletras\/wp-json\/wp\/v2\/pages\/1183\/revisions"}],"predecessor-version":[{"id":1888,"href":"https:\/\/cultura.aupex.org\/escueladeletras\/wp-json\/wp\/v2\/pages\/1183\/revisions\/1888"}],"wp:attachment":[{"href":"https:\/\/cultura.aupex.org\/escueladeletras\/wp-json\/wp\/v2\/media?parent=1183"}],"curies":[{"name":"wp","href":"https:\/\/api.w.org\/{rel}","templated":true}]}}

<div id="pl-1183"  class="panel-layout" ><div id="pg-1183-0"  class="panel-grid panel-no-style" ><div id="pgc-1183-0-0"  class="panel-grid-cell" ><div id="panel-1183-0-0-0" class="so-panel widget widget_sow-image panel-first-child panel-last-child" data-index="0" ><div
			
			class="so-widget-sow-image so-widget-sow-image-default-8b5b6f678277-1183"
			
		>
<div class="sow-image-container">
		<img fetchpriority="high" 
	src="https://cultura.aupex.org/escueladeletras/wp-content/uploads/2022/09/javier_morales.jpg" width="800" height="800" srcset="https://cultura.aupex.org/escueladeletras/wp-content/uploads/2022/09/javier_morales.jpg 800w, https://cultura.aupex.org/escueladeletras/wp-content/uploads/2022/09/javier_morales-300x300.jpg 300w, https://cultura.aupex.org/escueladeletras/wp-content/uploads/2022/09/javier_morales-150x150.jpg 150w, https://cultura.aupex.org/escueladeletras/wp-content/uploads/2022/09/javier_morales-768x768.jpg 768w, https://cultura.aupex.org/escueladeletras/wp-content/uploads/2022/09/javier_morales-370x370.jpg 370w, https://cultura.aupex.org/escueladeletras/wp-content/uploads/2022/09/javier_morales-120x120.jpg 120w" alt="" 		class="so-widget-image"/>
	</div>

</div></div></div><div id="pgc-1183-0-1"  class="panel-grid-cell" ><div id="panel-1183-0-1-0" class="so-panel widget widget_sow-editor panel-first-child panel-last-child" data-index="1" ><div
			
			class="so-widget-sow-editor so-widget-sow-editor-base"
			
		>
<div class="siteorigin-widget-tinymce textwidget">
	<h2>JAVIER MORALES ORTIZ</h2>
<h4>Nota biográfica</h4>
<p>Javier Morales nació en Plasencia en 1968 y estudió Periodismo, Derecho y Literatura en Madrid, ciudad en la que vive. Tiene una amplia experiencia como profesor de escritura. Imparte clases en varios centros, como la Escuela de Escritores, el Taller de Clara Obligado o la Universidad de Extremadura, entre otros.</p>
<h4>Obra publicada</h4>
<p>Como autor, ha publicado numerosos libros de relatos, novelas y ensayos. Los más recientes son Monfragüe, Las letras del bosque, La moneda de Carver y El día que dejé de comer animales, entre otros.</p>
<p>Como periodista colabora con los principales medios de comunicación del país y mantiene una columna semanal sobre libros en El Asombrario/Público.</p>
</div>
</div></div></div></div></div>

<p>JAVIER MORALES ORTIZ Nota biográfica Javier Morales nació en Plasencia en 1968 y estudió Periodismo, Derecho y Literatura en Madrid, ciudad en la que vive. Tiene una amplia experiencia como profesor de escritura. Imparte clases en varios centros, como la Escuela de Escritores, el Taller de Clara Obligado o la Universidad de Extremadura, entre otros. [&hellip;]</p>
