{"id":1170,"date":"2022-09-19T09:44:08","date_gmt":"2022-09-19T09:44:08","guid":{"rendered":"https:\/\/cultura.aupex.org\/escueladeletras\/?page_id=1170"},"modified":"2022-09-19T09:45:05","modified_gmt":"2022-09-19T09:45:05","slug":"ada-salas","status":"publish","type":"page","link":"https:\/\/cultura.aupex.org\/escueladeletras\/ada-salas\/","title":{"rendered":""},"content":{"rendered":"<div id=\"pl-1170\"  class=\"panel-layout\" ><div id=\"pg-1170-0\"  class=\"panel-grid panel-no-style\" ><div id=\"pgc-1170-0-0\"  class=\"panel-grid-cell\" ><div id=\"panel-1170-0-0-0\" class=\"so-panel widget widget_sow-image panel-first-child panel-last-child\" data-index=\"0\" ><div\n\t\t\t\n\t\t\tclass=\"so-widget-sow-image so-widget-sow-image-default-8b5b6f678277-1170\"\n\t\t\t\n\t\t><\/div><\/div><\/div><div id=\"pgc-1170-0-1\"  class=\"panel-grid-cell\" ><div id=\"panel-1170-0-1-0\" class=\"so-panel widget widget_sow-editor panel-first-child panel-last-child\" data-index=\"1\" ><div\n\t\t\t\n\t\t\tclass=\"so-widget-sow-editor so-widget-sow-editor-base\"\n\t\t\t\n\t\t>\n<div class=\"siteorigin-widget-tinymce textwidget\">\n\t<h2>ADA SALAS<\/h2>\n<h4>Nota biogr\u00e1fica<\/h4>\n<p>Ada Salas naci\u00f3 en C\u00e1ceres en 1965. Estudi\u00f3 Filolog\u00eda Hisp\u00e1nica en La Universidad de Extremadura, donde tuvo una beca de investigaci\u00f3n. Adem\u00e1s de a la escritura de poes\u00eda y ensayo, se ha dedicado a la docencia en Institutos de Ense\u00f1anza Secundaria. A lo largo de los a\u00f1os ha impartido numerosos cursos, talleres, seminarios y conferencias en centros como Institutos Cervantes, Fundaci\u00f3n Juan March, La casa encendida, Fundaci\u00f3n Centro de Poes\u00eda Jos\u00e9 Hierro, diversas universidades y Ferias del libro como las de Guadalajara y Frankfurt. Ha participado en festivales y encuentros de poes\u00eda nacionales e internacionales.<\/p>\n<h4>Premios<\/h4>\n<p>En 1994 recibi\u00f3 el Premio de Poes\u00eda Hiperi\u00f3n, en 2008 el Premio de Poes\u00eda Ciudad de C\u00f3rdoba-Ricardo Molina, y en 2011 el Premio de Ensayo \u201cFernando P\u00e9rez\u201d.<\/p>\n<p>En 2019 recibi\u00f3 la \u201cMedalla de Extremadura\u201d por su trayectoria.<\/p>\n<p>Junto con Juan Abeleira ha traducido A la Misteriosa y Las tinieblas de Robert Desnos (Hiperi\u00f3n).<\/p>\n<p>Tres de sus libros (La sed, Lugar de la derrota y Esto no es el silencio) han sido traducidos al sueco; una antolog\u00eda de su obra, al italiano, y acaba de aparecer la traducci\u00f3n de Descendimiento al alem\u00e1n.<\/p>\n<h4>Obra publicada<\/h4>\n<p>Ha publicado los siguientes libros de poes\u00eda:<\/p>\n<p>Arte y memoria del inocente (1988, Universidad de Extremadura, Premio \u201cJuan Manuel Rozas\u201d).<\/p>\n<p>Variaciones en blanco (1994, Hiperi\u00f3n, Premio \u201cHiperi\u00f3n\u201d).<\/p>\n<p>La sed (1997, Hiperi\u00f3n).<\/p>\n<p>Noticia de la luz (2003, Escuela de arte de M\u00e9rida).<\/p>\n<p>Lugar de la derrota (2003, Hiperi\u00f3n).<\/p>\n<p>Esto no es el silencio (2008, Hiperi\u00f3n, Premio \u201cCiudad de C\u00f3rdoba\u201d).<\/p>\n<p>No duerme el animal (2009, Hiperi\u00f3n), que recoge la casi totalidad de su obra hasta ese momento.<\/p>\n<p>Limbo y otros poemas (Pre-Textos, 2013).<\/p>\n<p>Descendimiento (Pre-Textos, 2018).<\/p>\n<p>Acaba de aparecer Arqueolog\u00edas, (Pre-Textos, 2022).<\/p>\n<p>En colaboraci\u00f3n con el fot\u00f3grafo Tete Alejandre ha publicado Reflejos (2006).<\/p>\n<p>Fruto de su trabajo en com\u00fan con el pintor pintor Jes\u00fas Placencia los t\u00edtulos Ashes to Ashes (Editora Regional de Extremadura, 2011) y Diez Mandamientos (La Oficina ediciones, 2016).<\/p>\n<p>En 2021 apareci\u00f3 Criba, que re\u00fane poemas de la autora con obra gr\u00e1fica de Laura Lio (Pezplata ediciones, 2021).<\/p>\n<p>En 2016 la editorial Fondo de Cultura Econ\u00f3mica sac\u00f3 a la luz la antolog\u00eda Escribir y borrar, que incluye tambi\u00e9n una selecci\u00f3n de su obra ensay\u00edstica, entre la que cabe destacar: el libro de prosas acerca de la escritura po\u00e9tica Alguien aqu\u00ed (Hiperi\u00f3n, 2005, El margen, el error, la tachadura (de la met\u00e1fora y otros asuntos m\u00e1s o menos po\u00e9ticos) (Diputaci\u00f3n de Badajoz, Premio de ensayo \u201cFernando P\u00e9rez\u201d, 2011), y Lengua del alma (\u201cPo\u00e9tica y Poes\u00eda\u201d, Fundaci\u00f3n Juan March, 1919).<\/p>\n<p>En 2018 se expuso en las naves de Tabacalera, en Madrid, \u201cLo que muda no muere\u201d, un trabajo en colaboraci\u00f3n con la core\u00f3grafa y bailarina Elena C\u00f3rdoba y el artista visual David Benito.<\/p>\n<p>En 2021 se estren\u00f3 en el Teatro de la Abad\u00eda de Madrid la obra Descendimiento, basada en su libro del mismo t\u00edtulo, con la direcci\u00f3n de Carlos Marquerie y m\u00fasica de Ni\u00f1o de Elche. Ha sido nominada a los premios Max de 2022, en la categor\u00eda de mejor espect\u00e1culo teatral.<\/p>\n<\/div>\n<\/div><\/div><\/div><\/div><\/div>","protected":false},"excerpt":{"rendered":"<p>ADA SALAS Nota biogr\u00e1fica Ada Salas naci\u00f3 en C\u00e1ceres en 1965. Estudi\u00f3 Filolog\u00eda Hisp\u00e1nica en La Universidad de Extremadura, donde tuvo una beca de investigaci\u00f3n. Adem\u00e1s de a la escritura de poes\u00eda y ensayo, se ha dedicado a la docencia en Institutos de Ense\u00f1anza Secundaria. A lo largo de los a\u00f1os ha impartido numerosos cursos, [&hellip;]<\/p>\n","protected":false},"author":4,"featured_media":0,"parent":0,"menu_order":0,"comment_status":"closed","ping_status":"closed","template":"","meta":{"footnotes":""},"class_list":["post-1170","page","type-page","status-publish","hentry"],"_links":{"self":[{"href":"https:\/\/cultura.aupex.org\/escueladeletras\/wp-json\/wp\/v2\/pages\/1170","targetHints":{"allow":["GET"]}}],"collection":[{"href":"https:\/\/cultura.aupex.org\/escueladeletras\/wp-json\/wp\/v2\/pages"}],"about":[{"href":"https:\/\/cultura.aupex.org\/escueladeletras\/wp-json\/wp\/v2\/types\/page"}],"author":[{"embeddable":true,"href":"https:\/\/cultura.aupex.org\/escueladeletras\/wp-json\/wp\/v2\/users\/4"}],"replies":[{"embeddable":true,"href":"https:\/\/cultura.aupex.org\/escueladeletras\/wp-json\/wp\/v2\/comments?post=1170"}],"version-history":[{"count":8,"href":"https:\/\/cultura.aupex.org\/escueladeletras\/wp-json\/wp\/v2\/pages\/1170\/revisions"}],"predecessor-version":[{"id":1178,"href":"https:\/\/cultura.aupex.org\/escueladeletras\/wp-json\/wp\/v2\/pages\/1170\/revisions\/1178"}],"wp:attachment":[{"href":"https:\/\/cultura.aupex.org\/escueladeletras\/wp-json\/wp\/v2\/media?parent=1170"}],"curies":[{"name":"wp","href":"https:\/\/api.w.org\/{rel}","templated":true}]}}

<div id="pl-1170"  class="panel-layout" ><div id="pg-1170-0"  class="panel-grid panel-no-style" ><div id="pgc-1170-0-0"  class="panel-grid-cell" ><div id="panel-1170-0-0-0" class="so-panel widget widget_sow-image panel-first-child panel-last-child" data-index="0" ><div
			
			class="so-widget-sow-image so-widget-sow-image-default-8b5b6f678277-1170"
			
		></div></div></div><div id="pgc-1170-0-1"  class="panel-grid-cell" ><div id="panel-1170-0-1-0" class="so-panel widget widget_sow-editor panel-first-child panel-last-child" data-index="1" ><div
			
			class="so-widget-sow-editor so-widget-sow-editor-base"
			
		>
<div class="siteorigin-widget-tinymce textwidget">
	<h2>ADA SALAS</h2>
<h4>Nota biográfica</h4>
<p>Ada Salas nació en Cáceres en 1965. Estudió Filología Hispánica en La Universidad de Extremadura, donde tuvo una beca de investigación. Además de a la escritura de poesía y ensayo, se ha dedicado a la docencia en Institutos de Enseñanza Secundaria. A lo largo de los años ha impartido numerosos cursos, talleres, seminarios y conferencias en centros como Institutos Cervantes, Fundación Juan March, La casa encendida, Fundación Centro de Poesía José Hierro, diversas universidades y Ferias del libro como las de Guadalajara y Frankfurt. Ha participado en festivales y encuentros de poesía nacionales e internacionales.</p>
<h4>Premios</h4>
<p>En 1994 recibió el Premio de Poesía Hiperión, en 2008 el Premio de Poesía Ciudad de Córdoba-Ricardo Molina, y en 2011 el Premio de Ensayo “Fernando Pérez”.</p>
<p>En 2019 recibió la “Medalla de Extremadura” por su trayectoria.</p>
<p>Junto con Juan Abeleira ha traducido A la Misteriosa y Las tinieblas de Robert Desnos (Hiperión).</p>
<p>Tres de sus libros (La sed, Lugar de la derrota y Esto no es el silencio) han sido traducidos al sueco; una antología de su obra, al italiano, y acaba de aparecer la traducción de Descendimiento al alemán.</p>
<h4>Obra publicada</h4>
<p>Ha publicado los siguientes libros de poesía:</p>
<p>Arte y memoria del inocente (1988, Universidad de Extremadura, Premio “Juan Manuel Rozas”).</p>
<p>Variaciones en blanco (1994, Hiperión, Premio “Hiperión”).</p>
<p>La sed (1997, Hiperión).</p>
<p>Noticia de la luz (2003, Escuela de arte de Mérida).</p>
<p>Lugar de la derrota (2003, Hiperión).</p>
<p>Esto no es el silencio (2008, Hiperión, Premio “Ciudad de Córdoba”).</p>
<p>No duerme el animal (2009, Hiperión), que recoge la casi totalidad de su obra hasta ese momento.</p>
<p>Limbo y otros poemas (Pre-Textos, 2013).</p>
<p>Descendimiento (Pre-Textos, 2018).</p>
<p>Acaba de aparecer Arqueologías, (Pre-Textos, 2022).</p>
<p>En colaboración con el fotógrafo Tete Alejandre ha publicado Reflejos (2006).</p>
<p>Fruto de su trabajo en común con el pintor pintor Jesús Placencia los títulos Ashes to Ashes (Editora Regional de Extremadura, 2011) y Diez Mandamientos (La Oficina ediciones, 2016).</p>
<p>En 2021 apareció Criba, que reúne poemas de la autora con obra gráfica de Laura Lio (Pezplata ediciones, 2021).</p>
<p>En 2016 la editorial Fondo de Cultura Económica sacó a la luz la antología Escribir y borrar, que incluye también una selección de su obra ensayística, entre la que cabe destacar: el libro de prosas acerca de la escritura poética Alguien aquí (Hiperión, 2005, El margen, el error, la tachadura (de la metáfora y otros asuntos más o menos poéticos) (Diputación de Badajoz, Premio de ensayo “Fernando Pérez”, 2011), y Lengua del alma (“Poética y Poesía”, Fundación Juan March, 1919).</p>
<p>En 2018 se expuso en las naves de Tabacalera, en Madrid, “Lo que muda no muere”, un trabajo en colaboración con la coreógrafa y bailarina Elena Córdoba y el artista visual David Benito.</p>
<p>En 2021 se estrenó en el Teatro de la Abadía de Madrid la obra Descendimiento, basada en su libro del mismo título, con la dirección de Carlos Marquerie y música de Niño de Elche. Ha sido nominada a los premios Max de 2022, en la categoría de mejor espectáculo teatral.</p>
</div>
</div></div></div></div></div>

<p>ADA SALAS Nota biográfica Ada Salas nació en Cáceres en 1965. Estudió Filología Hispánica en La Universidad de Extremadura, donde tuvo una beca de investigación. Además de a la escritura de poesía y ensayo, se ha dedicado a la docencia en Institutos de Enseñanza Secundaria. A lo largo de los años ha impartido numerosos cursos, [&hellip;]</p>
